{"id":5392,"date":"2025-12-22T21:46:33","date_gmt":"2025-12-22T21:46:33","guid":{"rendered":"https:\/\/www.mascoteriagonzalito.cl\/?post_type=product&#038;p=5392"},"modified":"2026-02-25T19:53:34","modified_gmt":"2026-02-25T19:53:34","slug":"lata-tiki-cat-mackerel-sardines-80-gr","status":"publish","type":"product","link":"https:\/\/www.mascoteriagonzalito.cl\/index.php\/producto\/lata-tiki-cat-mackerel-sardines-80-gr\/","title":{"rendered":"LATA TIKI CAT MACKEREL &amp; SARDINES 80 GR"},"content":{"rendered":"<h4><strong>CARACTERISTICAS:<\/strong><\/h4>\n<ul>\n<li>Ingredientes reales del mar: con pescado de verdad como base, sin subproductos ni rellenos.<\/li>\n<li>Alto contenido de humedad: ideal para mantener a tu gato bien hidratado.<\/li>\n<li>Natural y sin granos: sin carbohidratos innecesarios, ideal para una digesti\u00f3n \u00f3ptima.<\/li>\n<li>Rico en prote\u00ednas y nutrientes: con calabaza, vitaminas y minerales que fortalecen la piel, el pelaje y el sistema digestivo.<\/li>\n<li>Para todas las etapas de vida: una opci\u00f3n equilibrada y deliciosa para gatos de cualquier edad.<\/li>\n<li data-start=\"773\" data-end=\"901\">\n<p data-start=\"776\" data-end=\"901\"><span class=\"relative -mx-px my-[-0.2rem] rounded px-px py-[0.2rem] transition-colors duration-100 ease-in-out\">Cada lata se prepara manualmente, garantizando calidad artesanal, y las sardinas provienen de pesca salvaje, promoviendo pr\u00e1cticas responsables.<\/span><\/p>\n<\/li>\n<\/ul>\n<h4><strong>INGREDIENTES:<\/strong><\/h4>\n<p>Caballa, sardinas, caldo de calamares, calamares, aceite de semilla de girasol, goma de langosta, goma guar, cloruro de colina, goma de xantana, piment\u00f3n, taurina, suplemento de vitamina E, sulfato de zinc, sulfato de hierro, niacina (vitamina B3), mononitrato de tiamina (vitamina B1), yoduro de potasio, suplemento de vitamina A, pantotenato de calcio, riboflavina suplemento (vitamina B2), clorhidrato de piridoxina (vitamina B6), sulfato de cobre, sulfato de manganeso, \u00e1cido f\u00f3lico, suplemento de vitamina D3, suplemento de vitamina B12.<\/p>\n","protected":false},"excerpt":{"rendered":"<div class=\"woocommerce-product-details__short-description\">\n<p>Esta deliciosa f\u00f3rmula h\u00fameda ofrece una nutrici\u00f3n completa para todas las etapas de vida de tu felino, aportando alto contenido de humedad para una hidrataci\u00f3n adecuada y calabaza natural que favorece la digesti\u00f3n.<\/p>\n<\/div>\n","protected":false},"featured_media":6516,"comment_status":"open","ping_status":"closed","template":"","meta":[],"product_brand":[211],"product_cat":[177],"product_tag":[],"class_list":{"0":"post-5392","1":"product","2":"type-product","3":"status-publish","4":"has-post-thumbnail","6":"product_brand-tiki-cat","7":"product_cat-alimentos-humedos-gatos","9":"first","10":"instock","11":"shipping-taxable","12":"purchasable","13":"product-type-simple"},"yoast_head":"<!-- This site is optimized with the Yoast SEO plugin v27.4 - https:\/\/yoast.com\/product\/yoast-seo-wordpress\/ -->\n<title>LATA TIKI CAT MACKEREL &amp; SARDINES 80 GR - Mascoter\u00eda Gonzalito<\/title>\n<meta name=\"robots\" content=\"index, follow, max-snippet:-1, max-image-preview:large, max-video-preview:-1\" \/>\n<link rel=\"canonical\" href=\"https:\/\/www.mascoteriagonzalito.cl\/index.php\/producto\/lata-tiki-cat-mackerel-sardines-80-gr\/\" \/>\n<meta property=\"og:locale\" content=\"es_ES\" \/>\n<meta property=\"og:type\" content=\"article\" \/>\n<meta property=\"og:title\" content=\"LATA TIKI CAT MACKEREL &amp; SARDINES 80 GR - Mascoter\u00eda Gonzalito\" \/>\n<meta property=\"og:description\" content=\"Esta deliciosa f\u00f3rmula h\u00fameda ofrece una nutrici\u00f3n completa para todas las etapas de vida de tu felino, aportando alto contenido de humedad para una hidrataci\u00f3n adecuada y calabaza natural que favorece la digesti\u00f3n.\" \/>\n<meta property=\"og:url\" content=\"https:\/\/www.mascoteriagonzalito.cl\/index.php\/producto\/lata-tiki-cat-mackerel-sardines-80-gr\/\" \/>\n<meta property=\"og:site_name\" content=\"Mascoter\u00eda Gonzalito\" \/>\n<meta property=\"article:publisher\" content=\"https:\/\/www.facebook.com\/mascoteria.gonzalito\/\" \/>\n<meta property=\"article:modified_time\" content=\"2026-02-25T19:53:34+00:00\" \/>\n<meta property=\"og:image\" content=\"https:\/\/www.mascoteriagonzalito.cl\/wp-content\/uploads\/2025\/12\/tiki-cat\u00ae-makaha-grill\u2122-mackerel-sardines.jpg\" \/>\n\t<meta property=\"og:image:width\" content=\"800\" \/>\n\t<meta property=\"og:image:height\" content=\"800\" \/>\n\t<meta property=\"og:image:type\" content=\"image\/jpeg\" \/>\n<meta name=\"twitter:card\" content=\"summary_large_image\" \/>\n<script type=\"application\/ld+json\" class=\"yoast-schema-graph\">{\"@context\":\"https:\\\/\\\/schema.org\",\"@graph\":[{\"@type\":\"WebPage\",\"@id\":\"https:\\\/\\\/www.mascoteriagonzalito.cl\\\/index.php\\\/producto\\\/lata-tiki-cat-mackerel-sardines-80-gr\\\/\",\"url\":\"https:\\\/\\\/www.mascoteriagonzalito.cl\\\/index.php\\\/producto\\\/lata-tiki-cat-mackerel-sardines-80-gr\\\/\",\"name\":\"LATA TIKI CAT MACKEREL &amp; SARDINES 80 GR - Mascoter\u00eda Gonzalito\",\"isPartOf\":{\"@id\":\"https:\\\/\\\/www.mascoteriagonzalito.cl\\\/#website\"},\"primaryImageOfPage\":{\"@id\":\"https:\\\/\\\/www.mascoteriagonzalito.cl\\\/index.php\\\/producto\\\/lata-tiki-cat-mackerel-sardines-80-gr\\\/#primaryimage\"},\"image\":{\"@id\":\"https:\\\/\\\/www.mascoteriagonzalito.cl\\\/index.php\\\/producto\\\/lata-tiki-cat-mackerel-sardines-80-gr\\\/#primaryimage\"},\"thumbnailUrl\":\"https:\\\/\\\/www.mascoteriagonzalito.cl\\\/wp-content\\\/uploads\\\/2025\\\/12\\\/tiki-cat\u00ae-makaha-grill\u2122-mackerel-sardines.jpg\",\"datePublished\":\"2025-12-22T21:46:33+00:00\",\"dateModified\":\"2026-02-25T19:53:34+00:00\",\"breadcrumb\":{\"@id\":\"https:\\\/\\\/www.mascoteriagonzalito.cl\\\/index.php\\\/producto\\\/lata-tiki-cat-mackerel-sardines-80-gr\\\/#breadcrumb\"},\"inLanguage\":\"es\",\"potentialAction\":[{\"@type\":\"ReadAction\",\"target\":[\"https:\\\/\\\/www.mascoteriagonzalito.cl\\\/index.php\\\/producto\\\/lata-tiki-cat-mackerel-sardines-80-gr\\\/\"]}]},{\"@type\":\"ImageObject\",\"inLanguage\":\"es\",\"@id\":\"https:\\\/\\\/www.mascoteriagonzalito.cl\\\/index.php\\\/producto\\\/lata-tiki-cat-mackerel-sardines-80-gr\\\/#primaryimage\",\"url\":\"https:\\\/\\\/www.mascoteriagonzalito.cl\\\/wp-content\\\/uploads\\\/2025\\\/12\\\/tiki-cat\u00ae-makaha-grill\u2122-mackerel-sardines.jpg\",\"contentUrl\":\"https:\\\/\\\/www.mascoteriagonzalito.cl\\\/wp-content\\\/uploads\\\/2025\\\/12\\\/tiki-cat\u00ae-makaha-grill\u2122-mackerel-sardines.jpg\",\"width\":800,\"height\":800},{\"@type\":\"BreadcrumbList\",\"@id\":\"https:\\\/\\\/www.mascoteriagonzalito.cl\\\/index.php\\\/producto\\\/lata-tiki-cat-mackerel-sardines-80-gr\\\/#breadcrumb\",\"itemListElement\":[{\"@type\":\"ListItem\",\"position\":1,\"name\":\"Portada\",\"item\":\"https:\\\/\\\/www.mascoteriagonzalito.cl\\\/\"},{\"@type\":\"ListItem\",\"position\":2,\"name\":\"Tienda\",\"item\":\"https:\\\/\\\/www.mascoteriagonzalito.cl\\\/index.php\\\/tienda\\\/\"},{\"@type\":\"ListItem\",\"position\":3,\"name\":\"LATA TIKI CAT MACKEREL &amp; SARDINES 80 GR\"}]},{\"@type\":\"WebSite\",\"@id\":\"https:\\\/\\\/www.mascoteriagonzalito.cl\\\/#website\",\"url\":\"https:\\\/\\\/www.mascoteriagonzalito.cl\\\/\",\"name\":\"Mascoter\u00eda Gonzalito\",\"description\":\"Alimentos y accesorios para mascotas\",\"publisher\":{\"@id\":\"https:\\\/\\\/www.mascoteriagonzalito.cl\\\/#organization\"},\"potentialAction\":[{\"@type\":\"SearchAction\",\"target\":{\"@type\":\"EntryPoint\",\"urlTemplate\":\"https:\\\/\\\/www.mascoteriagonzalito.cl\\\/?s={search_term_string}\"},\"query-input\":{\"@type\":\"PropertyValueSpecification\",\"valueRequired\":true,\"valueName\":\"search_term_string\"}}],\"inLanguage\":\"es\"},{\"@type\":\"Organization\",\"@id\":\"https:\\\/\\\/www.mascoteriagonzalito.cl\\\/#organization\",\"name\":\"Mascoter\u00eda Gonzalito\",\"url\":\"https:\\\/\\\/www.mascoteriagonzalito.cl\\\/\",\"logo\":{\"@type\":\"ImageObject\",\"inLanguage\":\"es\",\"@id\":\"https:\\\/\\\/www.mascoteriagonzalito.cl\\\/#\\\/schema\\\/logo\\\/image\\\/\",\"url\":\"https:\\\/\\\/www.mascoteriagonzalito.cl\\\/wp-content\\\/uploads\\\/2025\\\/01\\\/IMG-20250113-WA0002-copia.png\",\"contentUrl\":\"https:\\\/\\\/www.mascoteriagonzalito.cl\\\/wp-content\\\/uploads\\\/2025\\\/01\\\/IMG-20250113-WA0002-copia.png\",\"width\":1600,\"height\":1600,\"caption\":\"Mascoter\u00eda Gonzalito\"},\"image\":{\"@id\":\"https:\\\/\\\/www.mascoteriagonzalito.cl\\\/#\\\/schema\\\/logo\\\/image\\\/\"},\"sameAs\":[\"https:\\\/\\\/www.facebook.com\\\/mascoteria.gonzalito\\\/\"]}]}<\/script>\n<!-- \/ Yoast SEO plugin. -->","yoast_head_json":{"title":"LATA TIKI CAT MACKEREL &amp; SARDINES 80 GR - Mascoter\u00eda Gonzalito","robots":{"index":"index","follow":"follow","max-snippet":"max-snippet:-1","max-image-preview":"max-image-preview:large","max-video-preview":"max-video-preview:-1"},"canonical":"https:\/\/www.mascoteriagonzalito.cl\/index.php\/producto\/lata-tiki-cat-mackerel-sardines-80-gr\/","og_locale":"es_ES","og_type":"article","og_title":"LATA TIKI CAT MACKEREL &amp; SARDINES 80 GR - Mascoter\u00eda Gonzalito","og_description":"Esta deliciosa f\u00f3rmula h\u00fameda ofrece una nutrici\u00f3n completa para todas las etapas de vida de tu felino, aportando alto contenido de humedad para una hidrataci\u00f3n adecuada y calabaza natural que favorece la digesti\u00f3n.","og_url":"https:\/\/www.mascoteriagonzalito.cl\/index.php\/producto\/lata-tiki-cat-mackerel-sardines-80-gr\/","og_site_name":"Mascoter\u00eda Gonzalito","article_publisher":"https:\/\/www.facebook.com\/mascoteria.gonzalito\/","article_modified_time":"2026-02-25T19:53:34+00:00","og_image":[{"width":800,"height":800,"url":"https:\/\/www.mascoteriagonzalito.cl\/wp-content\/uploads\/2025\/12\/tiki-cat\u00ae-makaha-grill\u2122-mackerel-sardines.jpg","type":"image\/jpeg"}],"twitter_card":"summary_large_image","schema":{"@context":"https:\/\/schema.org","@graph":[{"@type":"WebPage","@id":"https:\/\/www.mascoteriagonzalito.cl\/index.php\/producto\/lata-tiki-cat-mackerel-sardines-80-gr\/","url":"https:\/\/www.mascoteriagonzalito.cl\/index.php\/producto\/lata-tiki-cat-mackerel-sardines-80-gr\/","name":"LATA TIKI CAT MACKEREL &amp; SARDINES 80 GR - Mascoter\u00eda Gonzalito","isPartOf":{"@id":"https:\/\/www.mascoteriagonzalito.cl\/#website"},"primaryImageOfPage":{"@id":"https:\/\/www.mascoteriagonzalito.cl\/index.php\/producto\/lata-tiki-cat-mackerel-sardines-80-gr\/#primaryimage"},"image":{"@id":"https:\/\/www.mascoteriagonzalito.cl\/index.php\/producto\/lata-tiki-cat-mackerel-sardines-80-gr\/#primaryimage"},"thumbnailUrl":"https:\/\/www.mascoteriagonzalito.cl\/wp-content\/uploads\/2025\/12\/tiki-cat\u00ae-makaha-grill\u2122-mackerel-sardines.jpg","datePublished":"2025-12-22T21:46:33+00:00","dateModified":"2026-02-25T19:53:34+00:00","breadcrumb":{"@id":"https:\/\/www.mascoteriagonzalito.cl\/index.php\/producto\/lata-tiki-cat-mackerel-sardines-80-gr\/#breadcrumb"},"inLanguage":"es","potentialAction":[{"@type":"ReadAction","target":["https:\/\/www.mascoteriagonzalito.cl\/index.php\/producto\/lata-tiki-cat-mackerel-sardines-80-gr\/"]}]},{"@type":"ImageObject","inLanguage":"es","@id":"https:\/\/www.mascoteriagonzalito.cl\/index.php\/producto\/lata-tiki-cat-mackerel-sardines-80-gr\/#primaryimage","url":"https:\/\/www.mascoteriagonzalito.cl\/wp-content\/uploads\/2025\/12\/tiki-cat\u00ae-makaha-grill\u2122-mackerel-sardines.jpg","contentUrl":"https:\/\/www.mascoteriagonzalito.cl\/wp-content\/uploads\/2025\/12\/tiki-cat\u00ae-makaha-grill\u2122-mackerel-sardines.jpg","width":800,"height":800},{"@type":"BreadcrumbList","@id":"https:\/\/www.mascoteriagonzalito.cl\/index.php\/producto\/lata-tiki-cat-mackerel-sardines-80-gr\/#breadcrumb","itemListElement":[{"@type":"ListItem","position":1,"name":"Portada","item":"https:\/\/www.mascoteriagonzalito.cl\/"},{"@type":"ListItem","position":2,"name":"Tienda","item":"https:\/\/www.mascoteriagonzalito.cl\/index.php\/tienda\/"},{"@type":"ListItem","position":3,"name":"LATA TIKI CAT MACKEREL &amp; SARDINES 80 GR"}]},{"@type":"WebSite","@id":"https:\/\/www.mascoteriagonzalito.cl\/#website","url":"https:\/\/www.mascoteriagonzalito.cl\/","name":"Mascoter\u00eda Gonzalito","description":"Alimentos y accesorios para mascotas","publisher":{"@id":"https:\/\/www.mascoteriagonzalito.cl\/#organization"},"potentialAction":[{"@type":"SearchAction","target":{"@type":"EntryPoint","urlTemplate":"https:\/\/www.mascoteriagonzalito.cl\/?s={search_term_string}"},"query-input":{"@type":"PropertyValueSpecification","valueRequired":true,"valueName":"search_term_string"}}],"inLanguage":"es"},{"@type":"Organization","@id":"https:\/\/www.mascoteriagonzalito.cl\/#organization","name":"Mascoter\u00eda Gonzalito","url":"https:\/\/www.mascoteriagonzalito.cl\/","logo":{"@type":"ImageObject","inLanguage":"es","@id":"https:\/\/www.mascoteriagonzalito.cl\/#\/schema\/logo\/image\/","url":"https:\/\/www.mascoteriagonzalito.cl\/wp-content\/uploads\/2025\/01\/IMG-20250113-WA0002-copia.png","contentUrl":"https:\/\/www.mascoteriagonzalito.cl\/wp-content\/uploads\/2025\/01\/IMG-20250113-WA0002-copia.png","width":1600,"height":1600,"caption":"Mascoter\u00eda Gonzalito"},"image":{"@id":"https:\/\/www.mascoteriagonzalito.cl\/#\/schema\/logo\/image\/"},"sameAs":["https:\/\/www.facebook.com\/mascoteria.gonzalito\/"]}]}},"_links":{"self":[{"href":"https:\/\/www.mascoteriagonzalito.cl\/index.php\/wp-json\/wp\/v2\/product\/5392","targetHints":{"allow":["GET"]}}],"collection":[{"href":"https:\/\/www.mascoteriagonzalito.cl\/index.php\/wp-json\/wp\/v2\/product"}],"about":[{"href":"https:\/\/www.mascoteriagonzalito.cl\/index.php\/wp-json\/wp\/v2\/types\/product"}],"replies":[{"embeddable":true,"href":"https:\/\/www.mascoteriagonzalito.cl\/index.php\/wp-json\/wp\/v2\/comments?post=5392"}],"wp:featuredmedia":[{"embeddable":true,"href":"https:\/\/www.mascoteriagonzalito.cl\/index.php\/wp-json\/wp\/v2\/media\/6516"}],"wp:attachment":[{"href":"https:\/\/www.mascoteriagonzalito.cl\/index.php\/wp-json\/wp\/v2\/media?parent=5392"}],"wp:term":[{"taxonomy":"product_brand","embeddable":true,"href":"https:\/\/www.mascoteriagonzalito.cl\/index.php\/wp-json\/wp\/v2\/product_brand?post=5392"},{"taxonomy":"product_cat","embeddable":true,"href":"https:\/\/www.mascoteriagonzalito.cl\/index.php\/wp-json\/wp\/v2\/product_cat?post=5392"},{"taxonomy":"product_tag","embeddable":true,"href":"https:\/\/www.mascoteriagonzalito.cl\/index.php\/wp-json\/wp\/v2\/product_tag?post=5392"}],"curies":[{"name":"wp","href":"https:\/\/api.w.org\/{rel}","templated":true}]}}