{"id":5353,"date":"2025-12-17T17:01:45","date_gmt":"2025-12-17T17:01:45","guid":{"rendered":"https:\/\/www.mascoteriagonzalito.cl\/?post_type=product&#038;p=5353"},"modified":"2026-02-13T19:36:35","modified_gmt":"2026-02-13T19:36:35","slug":"n-d-prime-dog-adult-mini-2-5-kg","status":"publish","type":"product","link":"https:\/\/www.mascoteriagonzalito.cl\/index.php\/producto\/n-d-prime-dog-adult-mini-2-5-kg\/","title":{"rendered":"N&amp;D PRIME DOG ADULT MINI 2,5 KG"},"content":{"rendered":"<p>Prote\u00edna de pollo de alta calidad: La prote\u00edna de pollo de primera calidad es la fuente principal de prote\u00edna en este alimento, lo que contribuye al mantenimiento de la masa muscular magra y la energ\u00eda de tu perro adulto.<\/p>\n<p>&nbsp;<\/p>\n<p>Granada y antioxidantes naturales: La incorporaci\u00f3n de granada en la f\u00f3rmula proporciona antioxidantes naturales que ayudan a fortalecer el sistema inmunol\u00f3gico de tu perro, protegi\u00e9ndolo contra enfermedades y promoviendo una vida m\u00e1s saludable.<\/p>\n<p>&nbsp;<\/p>\n<p>Croquetas adaptadas para razas peque\u00f1as: Las croquetas est\u00e1n dise\u00f1adas especialmente para perros de razas peque\u00f1as, lo que facilita la masticaci\u00f3n y la digesti\u00f3n.<\/p>\n<p>&nbsp;<\/p>\n<p>Ingredientes naturales y sin aditivos artificiales: \u00abN&amp;D Prime Adult Mini Pollo y Granada\u00bb est\u00e1 hecho con ingredientes naturales de alta calidad y no contiene colorantes ni conservantes artificiales, asegurando una alimentaci\u00f3n saludable y libre de aditivos innecesarios.<\/p>\n<p>&nbsp;<\/p>\n<p>Equilibrio nutricional: La f\u00f3rmula est\u00e1 cuidadosamente equilibrada para proporcionar la cantidad adecuada de prote\u00ednas, grasas, vitaminas y minerales esenciales para mantener a tu perro adulto en su mejor estado de salud.<\/p>\n<p>&nbsp;<\/p>\n<p>Digesti\u00f3n saludable: Contiene ingredientes que promueven la salud digestiva, como la fibra y los prebi\u00f3ticos, para una digesti\u00f3n \u00f3ptima y la absorci\u00f3n eficiente de nutrientes.<\/p>\n<p>&nbsp;<\/p>\n<p>Sabor delicioso: El delicioso sabor del pollo y la granada hace que cada comida sea una experiencia sabrosa para tu perro adulto, estimulando su apetito.<\/p>\n","protected":false},"excerpt":{"rendered":"<p><b>N&amp;D Prime Adult Mini Pollo y Granada<\/b>\u00a0es un alimento\u00a0<strong>Grain-Free\u00a0<\/strong>con un<b>\u00a0tama\u00f1o de croqueta adaptado<\/b>\u00a0para\u00a0<strong>perros adultos de razas peque\u00f1as<\/strong>.<\/p>\n<p>Contiene\u00a0<strong>ingredientes naturales<\/strong>\u00a0y\u00a0<strong>sin granos<\/strong>, como\u00a0<strong>prote\u00edna de pollo<\/strong>\u00a0<strong>de primera calidad<\/strong>, que contribuye al\u00a0<strong>mantenimiento muscular<\/strong>, y granada como fuente de\u00a0<strong>antioxidantes naturales<\/strong>\u00a0para fortalecer el\u00a0<strong>sistema inmunol\u00f3gico<\/strong>\u00a0de tu canino.<\/p>\n<p>Formatos: 2,5kg<\/p>\n","protected":false},"featured_media":5727,"comment_status":"open","ping_status":"closed","template":"","meta":[],"product_brand":[150],"product_cat":[34],"product_tag":[],"class_list":{"0":"post-5353","1":"product","2":"type-product","3":"status-publish","4":"has-post-thumbnail","6":"product_brand-nd","7":"product_cat-alimentos-perros","9":"first","10":"instock","11":"shipping-taxable","12":"purchasable","13":"product-type-simple"},"yoast_head":"<!-- This site is optimized with the Yoast SEO plugin v27.4 - https:\/\/yoast.com\/product\/yoast-seo-wordpress\/ -->\n<title>N&amp;D PRIME DOG ADULT MINI 2,5 KG - Mascoter\u00eda Gonzalito<\/title>\n<meta name=\"robots\" content=\"index, follow, max-snippet:-1, max-image-preview:large, max-video-preview:-1\" \/>\n<link rel=\"canonical\" href=\"https:\/\/www.mascoteriagonzalito.cl\/index.php\/producto\/n-d-prime-dog-adult-mini-2-5-kg\/\" \/>\n<meta property=\"og:locale\" content=\"es_ES\" \/>\n<meta property=\"og:type\" content=\"article\" \/>\n<meta property=\"og:title\" content=\"N&amp;D PRIME DOG ADULT MINI 2,5 KG - Mascoter\u00eda Gonzalito\" \/>\n<meta property=\"og:description\" content=\"N&amp;D Prime Adult Mini Pollo y Granada\u00a0es un alimento\u00a0Grain-Free\u00a0con un\u00a0tama\u00f1o de croqueta adaptado\u00a0para\u00a0perros adultos de razas peque\u00f1as.  Contiene\u00a0ingredientes naturales\u00a0y\u00a0sin granos, como\u00a0prote\u00edna de pollo\u00a0de primera calidad, que contribuye al\u00a0mantenimiento muscular, y granada como fuente de\u00a0antioxidantes naturales\u00a0para fortalecer el\u00a0sistema inmunol\u00f3gico\u00a0de tu canino.  Formatos: 2,5kg\" \/>\n<meta property=\"og:url\" content=\"https:\/\/www.mascoteriagonzalito.cl\/index.php\/producto\/n-d-prime-dog-adult-mini-2-5-kg\/\" \/>\n<meta property=\"og:site_name\" content=\"Mascoter\u00eda Gonzalito\" \/>\n<meta property=\"article:publisher\" content=\"https:\/\/www.facebook.com\/mascoteria.gonzalito\/\" \/>\n<meta property=\"article:modified_time\" content=\"2026-02-13T19:36:35+00:00\" \/>\n<meta property=\"og:image\" content=\"https:\/\/www.mascoteriagonzalito.cl\/wp-content\/uploads\/2025\/12\/nd-prime-canine-adulto-mini-frango-25kg.png\" \/>\n\t<meta property=\"og:image:width\" content=\"800\" \/>\n\t<meta property=\"og:image:height\" content=\"800\" \/>\n\t<meta property=\"og:image:type\" content=\"image\/png\" \/>\n<meta name=\"twitter:card\" content=\"summary_large_image\" \/>\n<meta name=\"twitter:label1\" content=\"Tiempo de lectura\" \/>\n\t<meta name=\"twitter:data1\" content=\"1 minuto\" \/>\n<script type=\"application\/ld+json\" class=\"yoast-schema-graph\">{\"@context\":\"https:\\\/\\\/schema.org\",\"@graph\":[{\"@type\":\"WebPage\",\"@id\":\"https:\\\/\\\/www.mascoteriagonzalito.cl\\\/index.php\\\/producto\\\/n-d-prime-dog-adult-mini-2-5-kg\\\/\",\"url\":\"https:\\\/\\\/www.mascoteriagonzalito.cl\\\/index.php\\\/producto\\\/n-d-prime-dog-adult-mini-2-5-kg\\\/\",\"name\":\"N&amp;D PRIME DOG ADULT MINI 2,5 KG - Mascoter\u00eda Gonzalito\",\"isPartOf\":{\"@id\":\"https:\\\/\\\/www.mascoteriagonzalito.cl\\\/#website\"},\"primaryImageOfPage\":{\"@id\":\"https:\\\/\\\/www.mascoteriagonzalito.cl\\\/index.php\\\/producto\\\/n-d-prime-dog-adult-mini-2-5-kg\\\/#primaryimage\"},\"image\":{\"@id\":\"https:\\\/\\\/www.mascoteriagonzalito.cl\\\/index.php\\\/producto\\\/n-d-prime-dog-adult-mini-2-5-kg\\\/#primaryimage\"},\"thumbnailUrl\":\"https:\\\/\\\/www.mascoteriagonzalito.cl\\\/wp-content\\\/uploads\\\/2025\\\/12\\\/nd-prime-canine-adulto-mini-frango-25kg.png\",\"datePublished\":\"2025-12-17T17:01:45+00:00\",\"dateModified\":\"2026-02-13T19:36:35+00:00\",\"breadcrumb\":{\"@id\":\"https:\\\/\\\/www.mascoteriagonzalito.cl\\\/index.php\\\/producto\\\/n-d-prime-dog-adult-mini-2-5-kg\\\/#breadcrumb\"},\"inLanguage\":\"es\",\"potentialAction\":[{\"@type\":\"ReadAction\",\"target\":[\"https:\\\/\\\/www.mascoteriagonzalito.cl\\\/index.php\\\/producto\\\/n-d-prime-dog-adult-mini-2-5-kg\\\/\"]}]},{\"@type\":\"ImageObject\",\"inLanguage\":\"es\",\"@id\":\"https:\\\/\\\/www.mascoteriagonzalito.cl\\\/index.php\\\/producto\\\/n-d-prime-dog-adult-mini-2-5-kg\\\/#primaryimage\",\"url\":\"https:\\\/\\\/www.mascoteriagonzalito.cl\\\/wp-content\\\/uploads\\\/2025\\\/12\\\/nd-prime-canine-adulto-mini-frango-25kg.png\",\"contentUrl\":\"https:\\\/\\\/www.mascoteriagonzalito.cl\\\/wp-content\\\/uploads\\\/2025\\\/12\\\/nd-prime-canine-adulto-mini-frango-25kg.png\",\"width\":800,\"height\":800},{\"@type\":\"BreadcrumbList\",\"@id\":\"https:\\\/\\\/www.mascoteriagonzalito.cl\\\/index.php\\\/producto\\\/n-d-prime-dog-adult-mini-2-5-kg\\\/#breadcrumb\",\"itemListElement\":[{\"@type\":\"ListItem\",\"position\":1,\"name\":\"Portada\",\"item\":\"https:\\\/\\\/www.mascoteriagonzalito.cl\\\/\"},{\"@type\":\"ListItem\",\"position\":2,\"name\":\"Tienda\",\"item\":\"https:\\\/\\\/www.mascoteriagonzalito.cl\\\/index.php\\\/tienda\\\/\"},{\"@type\":\"ListItem\",\"position\":3,\"name\":\"N&amp;D PRIME DOG ADULT MINI 2,5 KG\"}]},{\"@type\":\"WebSite\",\"@id\":\"https:\\\/\\\/www.mascoteriagonzalito.cl\\\/#website\",\"url\":\"https:\\\/\\\/www.mascoteriagonzalito.cl\\\/\",\"name\":\"Mascoter\u00eda Gonzalito\",\"description\":\"Alimentos y accesorios para mascotas\",\"publisher\":{\"@id\":\"https:\\\/\\\/www.mascoteriagonzalito.cl\\\/#organization\"},\"potentialAction\":[{\"@type\":\"SearchAction\",\"target\":{\"@type\":\"EntryPoint\",\"urlTemplate\":\"https:\\\/\\\/www.mascoteriagonzalito.cl\\\/?s={search_term_string}\"},\"query-input\":{\"@type\":\"PropertyValueSpecification\",\"valueRequired\":true,\"valueName\":\"search_term_string\"}}],\"inLanguage\":\"es\"},{\"@type\":\"Organization\",\"@id\":\"https:\\\/\\\/www.mascoteriagonzalito.cl\\\/#organization\",\"name\":\"Mascoter\u00eda Gonzalito\",\"url\":\"https:\\\/\\\/www.mascoteriagonzalito.cl\\\/\",\"logo\":{\"@type\":\"ImageObject\",\"inLanguage\":\"es\",\"@id\":\"https:\\\/\\\/www.mascoteriagonzalito.cl\\\/#\\\/schema\\\/logo\\\/image\\\/\",\"url\":\"https:\\\/\\\/www.mascoteriagonzalito.cl\\\/wp-content\\\/uploads\\\/2025\\\/01\\\/IMG-20250113-WA0002-copia.png\",\"contentUrl\":\"https:\\\/\\\/www.mascoteriagonzalito.cl\\\/wp-content\\\/uploads\\\/2025\\\/01\\\/IMG-20250113-WA0002-copia.png\",\"width\":1600,\"height\":1600,\"caption\":\"Mascoter\u00eda Gonzalito\"},\"image\":{\"@id\":\"https:\\\/\\\/www.mascoteriagonzalito.cl\\\/#\\\/schema\\\/logo\\\/image\\\/\"},\"sameAs\":[\"https:\\\/\\\/www.facebook.com\\\/mascoteria.gonzalito\\\/\"]}]}<\/script>\n<!-- \/ Yoast SEO plugin. -->","yoast_head_json":{"title":"N&amp;D PRIME DOG ADULT MINI 2,5 KG - Mascoter\u00eda Gonzalito","robots":{"index":"index","follow":"follow","max-snippet":"max-snippet:-1","max-image-preview":"max-image-preview:large","max-video-preview":"max-video-preview:-1"},"canonical":"https:\/\/www.mascoteriagonzalito.cl\/index.php\/producto\/n-d-prime-dog-adult-mini-2-5-kg\/","og_locale":"es_ES","og_type":"article","og_title":"N&amp;D PRIME DOG ADULT MINI 2,5 KG - Mascoter\u00eda Gonzalito","og_description":"N&amp;D Prime Adult Mini Pollo y Granada\u00a0es un alimento\u00a0Grain-Free\u00a0con un\u00a0tama\u00f1o de croqueta adaptado\u00a0para\u00a0perros adultos de razas peque\u00f1as.  Contiene\u00a0ingredientes naturales\u00a0y\u00a0sin granos, como\u00a0prote\u00edna de pollo\u00a0de primera calidad, que contribuye al\u00a0mantenimiento muscular, y granada como fuente de\u00a0antioxidantes naturales\u00a0para fortalecer el\u00a0sistema inmunol\u00f3gico\u00a0de tu canino.  Formatos: 2,5kg","og_url":"https:\/\/www.mascoteriagonzalito.cl\/index.php\/producto\/n-d-prime-dog-adult-mini-2-5-kg\/","og_site_name":"Mascoter\u00eda Gonzalito","article_publisher":"https:\/\/www.facebook.com\/mascoteria.gonzalito\/","article_modified_time":"2026-02-13T19:36:35+00:00","og_image":[{"width":800,"height":800,"url":"https:\/\/www.mascoteriagonzalito.cl\/wp-content\/uploads\/2025\/12\/nd-prime-canine-adulto-mini-frango-25kg.png","type":"image\/png"}],"twitter_card":"summary_large_image","twitter_misc":{"Tiempo de lectura":"1 minuto"},"schema":{"@context":"https:\/\/schema.org","@graph":[{"@type":"WebPage","@id":"https:\/\/www.mascoteriagonzalito.cl\/index.php\/producto\/n-d-prime-dog-adult-mini-2-5-kg\/","url":"https:\/\/www.mascoteriagonzalito.cl\/index.php\/producto\/n-d-prime-dog-adult-mini-2-5-kg\/","name":"N&amp;D PRIME DOG ADULT MINI 2,5 KG - Mascoter\u00eda Gonzalito","isPartOf":{"@id":"https:\/\/www.mascoteriagonzalito.cl\/#website"},"primaryImageOfPage":{"@id":"https:\/\/www.mascoteriagonzalito.cl\/index.php\/producto\/n-d-prime-dog-adult-mini-2-5-kg\/#primaryimage"},"image":{"@id":"https:\/\/www.mascoteriagonzalito.cl\/index.php\/producto\/n-d-prime-dog-adult-mini-2-5-kg\/#primaryimage"},"thumbnailUrl":"https:\/\/www.mascoteriagonzalito.cl\/wp-content\/uploads\/2025\/12\/nd-prime-canine-adulto-mini-frango-25kg.png","datePublished":"2025-12-17T17:01:45+00:00","dateModified":"2026-02-13T19:36:35+00:00","breadcrumb":{"@id":"https:\/\/www.mascoteriagonzalito.cl\/index.php\/producto\/n-d-prime-dog-adult-mini-2-5-kg\/#breadcrumb"},"inLanguage":"es","potentialAction":[{"@type":"ReadAction","target":["https:\/\/www.mascoteriagonzalito.cl\/index.php\/producto\/n-d-prime-dog-adult-mini-2-5-kg\/"]}]},{"@type":"ImageObject","inLanguage":"es","@id":"https:\/\/www.mascoteriagonzalito.cl\/index.php\/producto\/n-d-prime-dog-adult-mini-2-5-kg\/#primaryimage","url":"https:\/\/www.mascoteriagonzalito.cl\/wp-content\/uploads\/2025\/12\/nd-prime-canine-adulto-mini-frango-25kg.png","contentUrl":"https:\/\/www.mascoteriagonzalito.cl\/wp-content\/uploads\/2025\/12\/nd-prime-canine-adulto-mini-frango-25kg.png","width":800,"height":800},{"@type":"BreadcrumbList","@id":"https:\/\/www.mascoteriagonzalito.cl\/index.php\/producto\/n-d-prime-dog-adult-mini-2-5-kg\/#breadcrumb","itemListElement":[{"@type":"ListItem","position":1,"name":"Portada","item":"https:\/\/www.mascoteriagonzalito.cl\/"},{"@type":"ListItem","position":2,"name":"Tienda","item":"https:\/\/www.mascoteriagonzalito.cl\/index.php\/tienda\/"},{"@type":"ListItem","position":3,"name":"N&amp;D PRIME DOG ADULT MINI 2,5 KG"}]},{"@type":"WebSite","@id":"https:\/\/www.mascoteriagonzalito.cl\/#website","url":"https:\/\/www.mascoteriagonzalito.cl\/","name":"Mascoter\u00eda Gonzalito","description":"Alimentos y accesorios para mascotas","publisher":{"@id":"https:\/\/www.mascoteriagonzalito.cl\/#organization"},"potentialAction":[{"@type":"SearchAction","target":{"@type":"EntryPoint","urlTemplate":"https:\/\/www.mascoteriagonzalito.cl\/?s={search_term_string}"},"query-input":{"@type":"PropertyValueSpecification","valueRequired":true,"valueName":"search_term_string"}}],"inLanguage":"es"},{"@type":"Organization","@id":"https:\/\/www.mascoteriagonzalito.cl\/#organization","name":"Mascoter\u00eda Gonzalito","url":"https:\/\/www.mascoteriagonzalito.cl\/","logo":{"@type":"ImageObject","inLanguage":"es","@id":"https:\/\/www.mascoteriagonzalito.cl\/#\/schema\/logo\/image\/","url":"https:\/\/www.mascoteriagonzalito.cl\/wp-content\/uploads\/2025\/01\/IMG-20250113-WA0002-copia.png","contentUrl":"https:\/\/www.mascoteriagonzalito.cl\/wp-content\/uploads\/2025\/01\/IMG-20250113-WA0002-copia.png","width":1600,"height":1600,"caption":"Mascoter\u00eda Gonzalito"},"image":{"@id":"https:\/\/www.mascoteriagonzalito.cl\/#\/schema\/logo\/image\/"},"sameAs":["https:\/\/www.facebook.com\/mascoteria.gonzalito\/"]}]}},"_links":{"self":[{"href":"https:\/\/www.mascoteriagonzalito.cl\/index.php\/wp-json\/wp\/v2\/product\/5353","targetHints":{"allow":["GET"]}}],"collection":[{"href":"https:\/\/www.mascoteriagonzalito.cl\/index.php\/wp-json\/wp\/v2\/product"}],"about":[{"href":"https:\/\/www.mascoteriagonzalito.cl\/index.php\/wp-json\/wp\/v2\/types\/product"}],"replies":[{"embeddable":true,"href":"https:\/\/www.mascoteriagonzalito.cl\/index.php\/wp-json\/wp\/v2\/comments?post=5353"}],"wp:featuredmedia":[{"embeddable":true,"href":"https:\/\/www.mascoteriagonzalito.cl\/index.php\/wp-json\/wp\/v2\/media\/5727"}],"wp:attachment":[{"href":"https:\/\/www.mascoteriagonzalito.cl\/index.php\/wp-json\/wp\/v2\/media?parent=5353"}],"wp:term":[{"taxonomy":"product_brand","embeddable":true,"href":"https:\/\/www.mascoteriagonzalito.cl\/index.php\/wp-json\/wp\/v2\/product_brand?post=5353"},{"taxonomy":"product_cat","embeddable":true,"href":"https:\/\/www.mascoteriagonzalito.cl\/index.php\/wp-json\/wp\/v2\/product_cat?post=5353"},{"taxonomy":"product_tag","embeddable":true,"href":"https:\/\/www.mascoteriagonzalito.cl\/index.php\/wp-json\/wp\/v2\/product_tag?post=5353"}],"curies":[{"name":"wp","href":"https:\/\/api.w.org\/{rel}","templated":true}]}}