{"id":5124,"date":"2025-11-13T19:39:46","date_gmt":"2025-11-13T19:39:46","guid":{"rendered":"https:\/\/www.mascoteriagonzalito.cl\/?post_type=product&#038;p=5124"},"modified":"2026-02-13T18:43:25","modified_gmt":"2026-02-13T18:43:25","slug":"royal-canin-yorshire-terrier-adult-2-5-kg","status":"publish","type":"product","link":"https:\/\/www.mascoteriagonzalito.cl\/index.php\/producto\/royal-canin-yorshire-terrier-adult-2-5-kg\/","title":{"rendered":"ROYAL CANIN YORSHIRE TERRIER ADULT 2,5 KG"},"content":{"rendered":"<h3>Belleza del pelo<\/h3>\n<p>Excepcionalmente fino y largo (hasta 37 cm), el manto del Yorkshire crece constantemente, extendi\u00e9ndose a ambos lados de su columna. Su pelaje, suave y brilloso, tiene una textura similar a la del cabello humano, sin subpelo, y adem\u00e1s no realiza muda. Yorkshire Terrier Adulto ayuda a reforzar la suavidad y el brillo del pelo gracias a la acci\u00f3n combinada del aceite de borraja y la biotina. El compuesto patentado \u00abcolor intenso\u00bb contribuye a realzar su color con toda intensidad. Para favorecer la estructura del pelo se incrementa el aporte de amino\u00e1cidos azufrados, esenciales para la s\u00edntesis de queratina.<\/p>\n<h3>Reducci\u00f3n del sarro<\/h3>\n<p>Los Yorkshire tienen predisposici\u00f3n a la formaci\u00f3n de placa dental y sarro, debido a una mala implantaci\u00f3n dentaria, muchas veces con la presencia simult\u00e1nea de dientes de leche y definitivos, y a la particular conformaci\u00f3n de su mand\u00edbula sumado a una larga expectativa de vida. Yorkshire Terrier Adult ayuda a reducir la formaci\u00f3n de sarro por medio de la presencia de compuestos quelantes que \u00abatrapan\u00bb el calcio salival, previniendo su deposito en los dientes, adem\u00e1s del efecto de cepillado dado por el dise\u00f1o de su croqueta especial.<\/p>\n<h3>Satisfacci\u00f3n apetito caprichoso<\/h3>\n<p>El sentido del gusto del Yorkshire es menos sensible que el de otros perros de mayor. Adem\u00e1s, por el estilo de vida tan apegado a su due\u00f1o, suele ser muy caprichoso para comer, haciendo que su reducido apetito sea dif\u00edcil de satisfacer. Yorkshire Terrier Adult satisface su delicado apetito gracias a una combinaci\u00f3n de aromas excepcionales y a la forma, tama\u00f1o y textura de sus croquetas, que favorecen su inter\u00e9s por el alimento.<\/p>\n<h3>Programa de longevidad<\/h3>\n<p>El Yorkshire, con una expectativa de vida de 15 a\u00f1os en promedio, es un perro longevo. Esta caracter\u00edstica hace imprescindible una activa protecci\u00f3n contra los efectos del envejecimiento que inciden sobre la calidad de la piel y el pelo, el tono cardiaco, la funci\u00f3n renal y la flexibilidad de las articulaciones. Yorkshire Terrier Adult ayuda a mantener su vitalidad gracias al aporte de antioxidantes (vitamina E y C, turina y lute\u00edna) de L-carnitina y de protectores articulares (condroitina y glucosamina), que contribuyen a preservar su calidad de vida a largo plazo.<\/p>\n<p><strong>Ingredientes<\/strong><\/p>\n<p>Ma\u00edz, arroz, prote\u00edna vegetal purificada (L.I.P.*), harina de subproductos de pollo, grasas animales (vacuna y pollo), harina de gluten de ma\u00edz, hidrolizado de h\u00edgado de pollo, cerdo y\/o vacuno, pulpa de remolacha, celulosa purificada, sales minerales, aceite de pescado, aceite vegetal (con aceite de borraja), levadura de cerveza, fructooligosac\u00e1ridos (FOS), oligoelementos, oligoelementos quelados, vitaminas, manano-oligosac\u00e1ridos (MOS), taurina, DL-metionina, colina, extracto de t\u00e9 verde y de uvas (rico en polifenoles), L-lisina, huevo en polvo, cloruro de glucosamina, sulfato de condroitina, tirosina, L-carnitina, extracto de rosa de la India (rico en lute\u00edna). *Low Indigestible Protein: Prote\u00edna seleccionada por su alta asimilaci\u00f3n.<\/p>\n<p>Prote\u00edna (min.) 26.0%,Grasa (min.) 16.0%, Fibra cruda (max.) 5.3%, Humedad (max.)<\/p>\n","protected":false},"excerpt":{"rendered":"<p>Royal Canin Yorkshire Terrier es un alimento especialmente dise\u00f1ado para perros de esta raza, conteniendo los componentes nutricionales requeridos para satisfacer sus necesidades, permitiendo satisfacer su exigente apetito, fortalecer el rapido crecimiento, reforzando sus defensas naturales, y seguridad digestiva, ademas de tener una croqueta adaptada que favorecera su correcta alimentacion.<\/p>\n","protected":false},"featured_media":5701,"comment_status":"open","ping_status":"closed","template":"","meta":[],"product_brand":[96],"product_cat":[34],"product_tag":[],"class_list":{"0":"post-5124","1":"product","2":"type-product","3":"status-publish","4":"has-post-thumbnail","6":"product_brand-royal-canin","7":"product_cat-alimentos-perros","9":"first","10":"instock","11":"shipping-taxable","12":"purchasable","13":"product-type-simple"},"yoast_head":"<!-- This site is optimized with the Yoast SEO plugin v27.4 - https:\/\/yoast.com\/product\/yoast-seo-wordpress\/ -->\n<title>ROYAL CANIN YORSHIRE TERRIER ADULT 2,5 KG - Mascoter\u00eda Gonzalito<\/title>\n<meta name=\"robots\" content=\"index, follow, max-snippet:-1, max-image-preview:large, max-video-preview:-1\" \/>\n<link rel=\"canonical\" href=\"https:\/\/www.mascoteriagonzalito.cl\/index.php\/producto\/royal-canin-yorshire-terrier-adult-2-5-kg\/\" \/>\n<meta property=\"og:locale\" content=\"es_ES\" \/>\n<meta property=\"og:type\" content=\"article\" \/>\n<meta property=\"og:title\" content=\"ROYAL CANIN YORSHIRE TERRIER ADULT 2,5 KG - Mascoter\u00eda Gonzalito\" \/>\n<meta property=\"og:description\" content=\"Royal Canin Yorkshire Terrier es un alimento especialmente dise\u00f1ado para perros de esta raza, conteniendo los componentes nutricionales requeridos para satisfacer sus necesidades, permitiendo satisfacer su exigente apetito, fortalecer el rapido crecimiento, reforzando sus defensas naturales, y seguridad digestiva, ademas de tener una croqueta adaptada que favorecera su correcta alimentacion.\" \/>\n<meta property=\"og:url\" content=\"https:\/\/www.mascoteriagonzalito.cl\/index.php\/producto\/royal-canin-yorshire-terrier-adult-2-5-kg\/\" \/>\n<meta property=\"og:site_name\" content=\"Mascoter\u00eda Gonzalito\" \/>\n<meta property=\"article:publisher\" content=\"https:\/\/www.facebook.com\/mascoteria.gonzalito\/\" \/>\n<meta property=\"article:modified_time\" content=\"2026-02-13T18:43:25+00:00\" \/>\n<meta property=\"og:image\" content=\"https:\/\/www.mascoteriagonzalito.cl\/wp-content\/uploads\/2025\/11\/royal-canin-yorkshire-terrier-3kg.jpg\" \/>\n\t<meta property=\"og:image:width\" content=\"455\" \/>\n\t<meta property=\"og:image:height\" content=\"455\" \/>\n\t<meta property=\"og:image:type\" content=\"image\/jpeg\" \/>\n<meta name=\"twitter:card\" content=\"summary_large_image\" \/>\n<meta name=\"twitter:label1\" content=\"Tiempo de lectura\" \/>\n\t<meta name=\"twitter:data1\" content=\"1 minuto\" \/>\n<script type=\"application\/ld+json\" class=\"yoast-schema-graph\">{\"@context\":\"https:\\\/\\\/schema.org\",\"@graph\":[{\"@type\":\"WebPage\",\"@id\":\"https:\\\/\\\/www.mascoteriagonzalito.cl\\\/index.php\\\/producto\\\/royal-canin-yorshire-terrier-adult-2-5-kg\\\/\",\"url\":\"https:\\\/\\\/www.mascoteriagonzalito.cl\\\/index.php\\\/producto\\\/royal-canin-yorshire-terrier-adult-2-5-kg\\\/\",\"name\":\"ROYAL CANIN YORSHIRE TERRIER ADULT 2,5 KG - Mascoter\u00eda Gonzalito\",\"isPartOf\":{\"@id\":\"https:\\\/\\\/www.mascoteriagonzalito.cl\\\/#website\"},\"primaryImageOfPage\":{\"@id\":\"https:\\\/\\\/www.mascoteriagonzalito.cl\\\/index.php\\\/producto\\\/royal-canin-yorshire-terrier-adult-2-5-kg\\\/#primaryimage\"},\"image\":{\"@id\":\"https:\\\/\\\/www.mascoteriagonzalito.cl\\\/index.php\\\/producto\\\/royal-canin-yorshire-terrier-adult-2-5-kg\\\/#primaryimage\"},\"thumbnailUrl\":\"https:\\\/\\\/www.mascoteriagonzalito.cl\\\/wp-content\\\/uploads\\\/2025\\\/11\\\/royal-canin-yorkshire-terrier-3kg.jpg\",\"datePublished\":\"2025-11-13T19:39:46+00:00\",\"dateModified\":\"2026-02-13T18:43:25+00:00\",\"breadcrumb\":{\"@id\":\"https:\\\/\\\/www.mascoteriagonzalito.cl\\\/index.php\\\/producto\\\/royal-canin-yorshire-terrier-adult-2-5-kg\\\/#breadcrumb\"},\"inLanguage\":\"es\",\"potentialAction\":[{\"@type\":\"ReadAction\",\"target\":[\"https:\\\/\\\/www.mascoteriagonzalito.cl\\\/index.php\\\/producto\\\/royal-canin-yorshire-terrier-adult-2-5-kg\\\/\"]}]},{\"@type\":\"ImageObject\",\"inLanguage\":\"es\",\"@id\":\"https:\\\/\\\/www.mascoteriagonzalito.cl\\\/index.php\\\/producto\\\/royal-canin-yorshire-terrier-adult-2-5-kg\\\/#primaryimage\",\"url\":\"https:\\\/\\\/www.mascoteriagonzalito.cl\\\/wp-content\\\/uploads\\\/2025\\\/11\\\/royal-canin-yorkshire-terrier-3kg.jpg\",\"contentUrl\":\"https:\\\/\\\/www.mascoteriagonzalito.cl\\\/wp-content\\\/uploads\\\/2025\\\/11\\\/royal-canin-yorkshire-terrier-3kg.jpg\",\"width\":455,\"height\":455},{\"@type\":\"BreadcrumbList\",\"@id\":\"https:\\\/\\\/www.mascoteriagonzalito.cl\\\/index.php\\\/producto\\\/royal-canin-yorshire-terrier-adult-2-5-kg\\\/#breadcrumb\",\"itemListElement\":[{\"@type\":\"ListItem\",\"position\":1,\"name\":\"Portada\",\"item\":\"https:\\\/\\\/www.mascoteriagonzalito.cl\\\/\"},{\"@type\":\"ListItem\",\"position\":2,\"name\":\"Tienda\",\"item\":\"https:\\\/\\\/www.mascoteriagonzalito.cl\\\/index.php\\\/tienda\\\/\"},{\"@type\":\"ListItem\",\"position\":3,\"name\":\"ROYAL CANIN YORSHIRE TERRIER ADULT 2,5 KG\"}]},{\"@type\":\"WebSite\",\"@id\":\"https:\\\/\\\/www.mascoteriagonzalito.cl\\\/#website\",\"url\":\"https:\\\/\\\/www.mascoteriagonzalito.cl\\\/\",\"name\":\"Mascoter\u00eda Gonzalito\",\"description\":\"Alimentos y accesorios para mascotas\",\"publisher\":{\"@id\":\"https:\\\/\\\/www.mascoteriagonzalito.cl\\\/#organization\"},\"potentialAction\":[{\"@type\":\"SearchAction\",\"target\":{\"@type\":\"EntryPoint\",\"urlTemplate\":\"https:\\\/\\\/www.mascoteriagonzalito.cl\\\/?s={search_term_string}\"},\"query-input\":{\"@type\":\"PropertyValueSpecification\",\"valueRequired\":true,\"valueName\":\"search_term_string\"}}],\"inLanguage\":\"es\"},{\"@type\":\"Organization\",\"@id\":\"https:\\\/\\\/www.mascoteriagonzalito.cl\\\/#organization\",\"name\":\"Mascoter\u00eda Gonzalito\",\"url\":\"https:\\\/\\\/www.mascoteriagonzalito.cl\\\/\",\"logo\":{\"@type\":\"ImageObject\",\"inLanguage\":\"es\",\"@id\":\"https:\\\/\\\/www.mascoteriagonzalito.cl\\\/#\\\/schema\\\/logo\\\/image\\\/\",\"url\":\"https:\\\/\\\/www.mascoteriagonzalito.cl\\\/wp-content\\\/uploads\\\/2025\\\/01\\\/IMG-20250113-WA0002-copia.png\",\"contentUrl\":\"https:\\\/\\\/www.mascoteriagonzalito.cl\\\/wp-content\\\/uploads\\\/2025\\\/01\\\/IMG-20250113-WA0002-copia.png\",\"width\":1600,\"height\":1600,\"caption\":\"Mascoter\u00eda Gonzalito\"},\"image\":{\"@id\":\"https:\\\/\\\/www.mascoteriagonzalito.cl\\\/#\\\/schema\\\/logo\\\/image\\\/\"},\"sameAs\":[\"https:\\\/\\\/www.facebook.com\\\/mascoteria.gonzalito\\\/\"]}]}<\/script>\n<!-- \/ Yoast SEO plugin. -->","yoast_head_json":{"title":"ROYAL CANIN YORSHIRE TERRIER ADULT 2,5 KG - Mascoter\u00eda Gonzalito","robots":{"index":"index","follow":"follow","max-snippet":"max-snippet:-1","max-image-preview":"max-image-preview:large","max-video-preview":"max-video-preview:-1"},"canonical":"https:\/\/www.mascoteriagonzalito.cl\/index.php\/producto\/royal-canin-yorshire-terrier-adult-2-5-kg\/","og_locale":"es_ES","og_type":"article","og_title":"ROYAL CANIN YORSHIRE TERRIER ADULT 2,5 KG - Mascoter\u00eda Gonzalito","og_description":"Royal Canin Yorkshire Terrier es un alimento especialmente dise\u00f1ado para perros de esta raza, conteniendo los componentes nutricionales requeridos para satisfacer sus necesidades, permitiendo satisfacer su exigente apetito, fortalecer el rapido crecimiento, reforzando sus defensas naturales, y seguridad digestiva, ademas de tener una croqueta adaptada que favorecera su correcta alimentacion.","og_url":"https:\/\/www.mascoteriagonzalito.cl\/index.php\/producto\/royal-canin-yorshire-terrier-adult-2-5-kg\/","og_site_name":"Mascoter\u00eda Gonzalito","article_publisher":"https:\/\/www.facebook.com\/mascoteria.gonzalito\/","article_modified_time":"2026-02-13T18:43:25+00:00","og_image":[{"width":455,"height":455,"url":"https:\/\/www.mascoteriagonzalito.cl\/wp-content\/uploads\/2025\/11\/royal-canin-yorkshire-terrier-3kg.jpg","type":"image\/jpeg"}],"twitter_card":"summary_large_image","twitter_misc":{"Tiempo de lectura":"1 minuto"},"schema":{"@context":"https:\/\/schema.org","@graph":[{"@type":"WebPage","@id":"https:\/\/www.mascoteriagonzalito.cl\/index.php\/producto\/royal-canin-yorshire-terrier-adult-2-5-kg\/","url":"https:\/\/www.mascoteriagonzalito.cl\/index.php\/producto\/royal-canin-yorshire-terrier-adult-2-5-kg\/","name":"ROYAL CANIN YORSHIRE TERRIER ADULT 2,5 KG - Mascoter\u00eda Gonzalito","isPartOf":{"@id":"https:\/\/www.mascoteriagonzalito.cl\/#website"},"primaryImageOfPage":{"@id":"https:\/\/www.mascoteriagonzalito.cl\/index.php\/producto\/royal-canin-yorshire-terrier-adult-2-5-kg\/#primaryimage"},"image":{"@id":"https:\/\/www.mascoteriagonzalito.cl\/index.php\/producto\/royal-canin-yorshire-terrier-adult-2-5-kg\/#primaryimage"},"thumbnailUrl":"https:\/\/www.mascoteriagonzalito.cl\/wp-content\/uploads\/2025\/11\/royal-canin-yorkshire-terrier-3kg.jpg","datePublished":"2025-11-13T19:39:46+00:00","dateModified":"2026-02-13T18:43:25+00:00","breadcrumb":{"@id":"https:\/\/www.mascoteriagonzalito.cl\/index.php\/producto\/royal-canin-yorshire-terrier-adult-2-5-kg\/#breadcrumb"},"inLanguage":"es","potentialAction":[{"@type":"ReadAction","target":["https:\/\/www.mascoteriagonzalito.cl\/index.php\/producto\/royal-canin-yorshire-terrier-adult-2-5-kg\/"]}]},{"@type":"ImageObject","inLanguage":"es","@id":"https:\/\/www.mascoteriagonzalito.cl\/index.php\/producto\/royal-canin-yorshire-terrier-adult-2-5-kg\/#primaryimage","url":"https:\/\/www.mascoteriagonzalito.cl\/wp-content\/uploads\/2025\/11\/royal-canin-yorkshire-terrier-3kg.jpg","contentUrl":"https:\/\/www.mascoteriagonzalito.cl\/wp-content\/uploads\/2025\/11\/royal-canin-yorkshire-terrier-3kg.jpg","width":455,"height":455},{"@type":"BreadcrumbList","@id":"https:\/\/www.mascoteriagonzalito.cl\/index.php\/producto\/royal-canin-yorshire-terrier-adult-2-5-kg\/#breadcrumb","itemListElement":[{"@type":"ListItem","position":1,"name":"Portada","item":"https:\/\/www.mascoteriagonzalito.cl\/"},{"@type":"ListItem","position":2,"name":"Tienda","item":"https:\/\/www.mascoteriagonzalito.cl\/index.php\/tienda\/"},{"@type":"ListItem","position":3,"name":"ROYAL CANIN YORSHIRE TERRIER ADULT 2,5 KG"}]},{"@type":"WebSite","@id":"https:\/\/www.mascoteriagonzalito.cl\/#website","url":"https:\/\/www.mascoteriagonzalito.cl\/","name":"Mascoter\u00eda Gonzalito","description":"Alimentos y accesorios para mascotas","publisher":{"@id":"https:\/\/www.mascoteriagonzalito.cl\/#organization"},"potentialAction":[{"@type":"SearchAction","target":{"@type":"EntryPoint","urlTemplate":"https:\/\/www.mascoteriagonzalito.cl\/?s={search_term_string}"},"query-input":{"@type":"PropertyValueSpecification","valueRequired":true,"valueName":"search_term_string"}}],"inLanguage":"es"},{"@type":"Organization","@id":"https:\/\/www.mascoteriagonzalito.cl\/#organization","name":"Mascoter\u00eda Gonzalito","url":"https:\/\/www.mascoteriagonzalito.cl\/","logo":{"@type":"ImageObject","inLanguage":"es","@id":"https:\/\/www.mascoteriagonzalito.cl\/#\/schema\/logo\/image\/","url":"https:\/\/www.mascoteriagonzalito.cl\/wp-content\/uploads\/2025\/01\/IMG-20250113-WA0002-copia.png","contentUrl":"https:\/\/www.mascoteriagonzalito.cl\/wp-content\/uploads\/2025\/01\/IMG-20250113-WA0002-copia.png","width":1600,"height":1600,"caption":"Mascoter\u00eda Gonzalito"},"image":{"@id":"https:\/\/www.mascoteriagonzalito.cl\/#\/schema\/logo\/image\/"},"sameAs":["https:\/\/www.facebook.com\/mascoteria.gonzalito\/"]}]}},"_links":{"self":[{"href":"https:\/\/www.mascoteriagonzalito.cl\/index.php\/wp-json\/wp\/v2\/product\/5124","targetHints":{"allow":["GET"]}}],"collection":[{"href":"https:\/\/www.mascoteriagonzalito.cl\/index.php\/wp-json\/wp\/v2\/product"}],"about":[{"href":"https:\/\/www.mascoteriagonzalito.cl\/index.php\/wp-json\/wp\/v2\/types\/product"}],"replies":[{"embeddable":true,"href":"https:\/\/www.mascoteriagonzalito.cl\/index.php\/wp-json\/wp\/v2\/comments?post=5124"}],"wp:featuredmedia":[{"embeddable":true,"href":"https:\/\/www.mascoteriagonzalito.cl\/index.php\/wp-json\/wp\/v2\/media\/5701"}],"wp:attachment":[{"href":"https:\/\/www.mascoteriagonzalito.cl\/index.php\/wp-json\/wp\/v2\/media?parent=5124"}],"wp:term":[{"taxonomy":"product_brand","embeddable":true,"href":"https:\/\/www.mascoteriagonzalito.cl\/index.php\/wp-json\/wp\/v2\/product_brand?post=5124"},{"taxonomy":"product_cat","embeddable":true,"href":"https:\/\/www.mascoteriagonzalito.cl\/index.php\/wp-json\/wp\/v2\/product_cat?post=5124"},{"taxonomy":"product_tag","embeddable":true,"href":"https:\/\/www.mascoteriagonzalito.cl\/index.php\/wp-json\/wp\/v2\/product_tag?post=5124"}],"curies":[{"name":"wp","href":"https:\/\/api.w.org\/{rel}","templated":true}]}}