{"id":4931,"date":"2025-10-07T13:58:51","date_gmt":"2025-10-07T13:58:51","guid":{"rendered":"https:\/\/www.mascoteriagonzalito.cl\/?post_type=product&#038;p=4931"},"modified":"2026-04-06T15:55:18","modified_gmt":"2026-04-06T15:55:18","slug":"amity-chicken-puppy-14-kg","status":"publish","type":"product","link":"https:\/\/www.mascoteriagonzalito.cl\/index.php\/producto\/amity-chicken-puppy-14-kg\/","title":{"rendered":"AMITY CHICKEN PUPPY 14 KG"},"content":{"rendered":"<p><b>Beneficios:<\/b><\/p>\n<ul class=\"bullet\">\n<li>Cuidado articular: Glucosamina + Clorhidrato.<\/li>\n<li>Confort intestinal: FOS + MOS + Fibras naturales + Algas.<\/li>\n<li>Optimizaci\u00f3n energ\u00e9tica: L-Carnitina.<\/li>\n<li>Control de olor fecal: Yucca.<\/li>\n<li>Confort cardiovascular: \u03a93 (EPA + DHA) + Taurina.<\/li>\n<li>Apoyo inmunol\u00f3gico: MOS + \u03b2-glucanos.<\/li>\n<li>Cuida la piel y el cabello: \u03a96 + \u03a93.<\/li>\n<\/ul>\n<p><b>Composici\u00f3n:<\/b><\/p>\n<p>Carne deshidratada 39% (pollo 14%), arroz 24% (arroz integral 14%), grasa de ave 13%, guisantes 10%, harina de algarroba 2%, prote\u00edna animal hidrolizada, pulpa de remolacha, vitaminas y minerales, levadura y extracto de levadura-Saccharomyces cerevisiae (Fuente de mananooligosac\u00e1ridos \u2013 MOS y \u03b2-glucanos), aceite de salm\u00f3n (Fuente de ac. grasos Omega-3), Inulina (Fibra soluble de achicoria, fuente fosfooligosac\u00e1ridos &#8211; FOS), salvia hisp\u00e1nica (fuente de ac. grasos Omega-3 y fibra diet\u00e9tica), algas (Ascophyllum nodosum), fibra diet\u00e9tica insoluble de guisante, fibra diet\u00e9tica soluble extra\u00edda de Plantago ovata, hidrolizado de crust\u00e1ceos (Fuente de Glucosamina), hidrolizado de cart\u00edlago (Fuente de Condroitina), aceites esenciales (or\u00e9gano, canela, clavo, tomillo, romero, hierbabuena, t\u00e9 verde), yucca.<\/p>\n<p><b>Componentes:<\/b><\/p>\n<p>Prote\u00edna bruta 30,00 %, Grasa bruta 18,00 %, Fibra bruta 2,30 %, Ceniza bruta 7,60 %, Calcio 1,60 %, F\u00f3sforo 1,00 %, Humedad 9,00 %, Glucosamina clorhidrato 380 mg\/kg, Condroit\u00edn sulfato 240 mg\/kg<\/p>\n<p><b>Aditivos nutricionales:<\/b><\/p>\n<p>Vitamina A 24.000 U.I\/Kg., Vitamina D-3 1.900 U.I\/ Kg., Vitamina E (Acetato de todo-rac-a-tocoferilo) 240 mg\/ Kg., Vitamina C 120 mg\/ Kg., L-Carnitina 46 mg\/ Kg., Taurina 600 mg\/Kg., Hierro (Sulfato de hierro II monohidratado) 90 mg\/Kg., Cobre (Sulfato de cobre II pentahidratado) 12 mg\/Kg., Manganeso (Sulfato manganoso monohidratado) 30 mg\/Kg., Zinc (Sulfato de zinc monohidratado) 130 mg\/Kg., Iodo (Yoduro de potasio) 2,4 mg\/Kg., Selenio (Selenito de sodio) 0,12 mg\/Kg.<\/p>\n","protected":false},"excerpt":{"rendered":"<p>Amity Low Grain Pollo es un alimento para cachorros de todas las razas y tama\u00f1os formulado con pollo, arroz integral y verduras. Alimento hipoalerg\u00e9nico y Libre de GMO.<\/p>\n","protected":false},"featured_media":4958,"comment_status":"open","ping_status":"closed","template":"","meta":[],"product_brand":[120],"product_cat":[34],"product_tag":[],"class_list":{"0":"post-4931","1":"product","2":"type-product","3":"status-publish","4":"has-post-thumbnail","6":"product_brand-amity","7":"product_cat-alimentos-perros","9":"first","10":"instock","11":"shipping-taxable","12":"purchasable","13":"product-type-simple"},"yoast_head":"<!-- This site is optimized with the Yoast SEO plugin v27.4 - https:\/\/yoast.com\/product\/yoast-seo-wordpress\/ -->\n<title>AMITY CHICKEN PUPPY 14 KG - Mascoter\u00eda Gonzalito<\/title>\n<meta name=\"robots\" content=\"index, follow, max-snippet:-1, max-image-preview:large, max-video-preview:-1\" \/>\n<link rel=\"canonical\" href=\"https:\/\/www.mascoteriagonzalito.cl\/index.php\/producto\/amity-chicken-puppy-14-kg\/\" \/>\n<meta property=\"og:locale\" content=\"es_ES\" \/>\n<meta property=\"og:type\" content=\"article\" \/>\n<meta property=\"og:title\" content=\"AMITY CHICKEN PUPPY 14 KG - Mascoter\u00eda Gonzalito\" \/>\n<meta property=\"og:description\" content=\"Amity Low Grain Pollo es un alimento para cachorros de todas las razas y tama\u00f1os formulado con pollo, arroz integral y verduras. Alimento hipoalerg\u00e9nico y Libre de GMO.\" \/>\n<meta property=\"og:url\" content=\"https:\/\/www.mascoteriagonzalito.cl\/index.php\/producto\/amity-chicken-puppy-14-kg\/\" \/>\n<meta property=\"og:site_name\" content=\"Mascoter\u00eda Gonzalito\" \/>\n<meta property=\"article:publisher\" content=\"https:\/\/www.facebook.com\/mascoteria.gonzalito\/\" \/>\n<meta property=\"article:modified_time\" content=\"2026-04-06T15:55:18+00:00\" \/>\n<meta property=\"og:image\" content=\"https:\/\/www.mascoteriagonzalito.cl\/wp-content\/uploads\/2025\/10\/AMITY-CHICKEN-PUPPY.jpg\" \/>\n\t<meta property=\"og:image:width\" content=\"700\" \/>\n\t<meta property=\"og:image:height\" content=\"700\" \/>\n\t<meta property=\"og:image:type\" content=\"image\/jpeg\" \/>\n<meta name=\"twitter:card\" content=\"summary_large_image\" \/>\n<meta name=\"twitter:label1\" content=\"Tiempo de lectura\" \/>\n\t<meta name=\"twitter:data1\" content=\"2 minutos\" \/>\n<script type=\"application\/ld+json\" class=\"yoast-schema-graph\">{\"@context\":\"https:\\\/\\\/schema.org\",\"@graph\":[{\"@type\":\"WebPage\",\"@id\":\"https:\\\/\\\/www.mascoteriagonzalito.cl\\\/index.php\\\/producto\\\/amity-chicken-puppy-14-kg\\\/\",\"url\":\"https:\\\/\\\/www.mascoteriagonzalito.cl\\\/index.php\\\/producto\\\/amity-chicken-puppy-14-kg\\\/\",\"name\":\"AMITY CHICKEN PUPPY 14 KG - Mascoter\u00eda Gonzalito\",\"isPartOf\":{\"@id\":\"https:\\\/\\\/www.mascoteriagonzalito.cl\\\/#website\"},\"primaryImageOfPage\":{\"@id\":\"https:\\\/\\\/www.mascoteriagonzalito.cl\\\/index.php\\\/producto\\\/amity-chicken-puppy-14-kg\\\/#primaryimage\"},\"image\":{\"@id\":\"https:\\\/\\\/www.mascoteriagonzalito.cl\\\/index.php\\\/producto\\\/amity-chicken-puppy-14-kg\\\/#primaryimage\"},\"thumbnailUrl\":\"https:\\\/\\\/www.mascoteriagonzalito.cl\\\/wp-content\\\/uploads\\\/2025\\\/10\\\/AMITY-CHICKEN-PUPPY.jpg\",\"datePublished\":\"2025-10-07T13:58:51+00:00\",\"dateModified\":\"2026-04-06T15:55:18+00:00\",\"breadcrumb\":{\"@id\":\"https:\\\/\\\/www.mascoteriagonzalito.cl\\\/index.php\\\/producto\\\/amity-chicken-puppy-14-kg\\\/#breadcrumb\"},\"inLanguage\":\"es\",\"potentialAction\":[{\"@type\":\"ReadAction\",\"target\":[\"https:\\\/\\\/www.mascoteriagonzalito.cl\\\/index.php\\\/producto\\\/amity-chicken-puppy-14-kg\\\/\"]}]},{\"@type\":\"ImageObject\",\"inLanguage\":\"es\",\"@id\":\"https:\\\/\\\/www.mascoteriagonzalito.cl\\\/index.php\\\/producto\\\/amity-chicken-puppy-14-kg\\\/#primaryimage\",\"url\":\"https:\\\/\\\/www.mascoteriagonzalito.cl\\\/wp-content\\\/uploads\\\/2025\\\/10\\\/AMITY-CHICKEN-PUPPY.jpg\",\"contentUrl\":\"https:\\\/\\\/www.mascoteriagonzalito.cl\\\/wp-content\\\/uploads\\\/2025\\\/10\\\/AMITY-CHICKEN-PUPPY.jpg\",\"width\":700,\"height\":700},{\"@type\":\"BreadcrumbList\",\"@id\":\"https:\\\/\\\/www.mascoteriagonzalito.cl\\\/index.php\\\/producto\\\/amity-chicken-puppy-14-kg\\\/#breadcrumb\",\"itemListElement\":[{\"@type\":\"ListItem\",\"position\":1,\"name\":\"Portada\",\"item\":\"https:\\\/\\\/www.mascoteriagonzalito.cl\\\/\"},{\"@type\":\"ListItem\",\"position\":2,\"name\":\"Tienda\",\"item\":\"https:\\\/\\\/www.mascoteriagonzalito.cl\\\/index.php\\\/tienda\\\/\"},{\"@type\":\"ListItem\",\"position\":3,\"name\":\"AMITY CHICKEN PUPPY 14 KG\"}]},{\"@type\":\"WebSite\",\"@id\":\"https:\\\/\\\/www.mascoteriagonzalito.cl\\\/#website\",\"url\":\"https:\\\/\\\/www.mascoteriagonzalito.cl\\\/\",\"name\":\"Mascoter\u00eda Gonzalito\",\"description\":\"Alimentos y accesorios para mascotas\",\"publisher\":{\"@id\":\"https:\\\/\\\/www.mascoteriagonzalito.cl\\\/#organization\"},\"potentialAction\":[{\"@type\":\"SearchAction\",\"target\":{\"@type\":\"EntryPoint\",\"urlTemplate\":\"https:\\\/\\\/www.mascoteriagonzalito.cl\\\/?s={search_term_string}\"},\"query-input\":{\"@type\":\"PropertyValueSpecification\",\"valueRequired\":true,\"valueName\":\"search_term_string\"}}],\"inLanguage\":\"es\"},{\"@type\":\"Organization\",\"@id\":\"https:\\\/\\\/www.mascoteriagonzalito.cl\\\/#organization\",\"name\":\"Mascoter\u00eda Gonzalito\",\"url\":\"https:\\\/\\\/www.mascoteriagonzalito.cl\\\/\",\"logo\":{\"@type\":\"ImageObject\",\"inLanguage\":\"es\",\"@id\":\"https:\\\/\\\/www.mascoteriagonzalito.cl\\\/#\\\/schema\\\/logo\\\/image\\\/\",\"url\":\"https:\\\/\\\/www.mascoteriagonzalito.cl\\\/wp-content\\\/uploads\\\/2025\\\/01\\\/IMG-20250113-WA0002-copia.png\",\"contentUrl\":\"https:\\\/\\\/www.mascoteriagonzalito.cl\\\/wp-content\\\/uploads\\\/2025\\\/01\\\/IMG-20250113-WA0002-copia.png\",\"width\":1600,\"height\":1600,\"caption\":\"Mascoter\u00eda Gonzalito\"},\"image\":{\"@id\":\"https:\\\/\\\/www.mascoteriagonzalito.cl\\\/#\\\/schema\\\/logo\\\/image\\\/\"},\"sameAs\":[\"https:\\\/\\\/www.facebook.com\\\/mascoteria.gonzalito\\\/\"]}]}<\/script>\n<!-- \/ Yoast SEO plugin. -->","yoast_head_json":{"title":"AMITY CHICKEN PUPPY 14 KG - Mascoter\u00eda Gonzalito","robots":{"index":"index","follow":"follow","max-snippet":"max-snippet:-1","max-image-preview":"max-image-preview:large","max-video-preview":"max-video-preview:-1"},"canonical":"https:\/\/www.mascoteriagonzalito.cl\/index.php\/producto\/amity-chicken-puppy-14-kg\/","og_locale":"es_ES","og_type":"article","og_title":"AMITY CHICKEN PUPPY 14 KG - Mascoter\u00eda Gonzalito","og_description":"Amity Low Grain Pollo es un alimento para cachorros de todas las razas y tama\u00f1os formulado con pollo, arroz integral y verduras. Alimento hipoalerg\u00e9nico y Libre de GMO.","og_url":"https:\/\/www.mascoteriagonzalito.cl\/index.php\/producto\/amity-chicken-puppy-14-kg\/","og_site_name":"Mascoter\u00eda Gonzalito","article_publisher":"https:\/\/www.facebook.com\/mascoteria.gonzalito\/","article_modified_time":"2026-04-06T15:55:18+00:00","og_image":[{"width":700,"height":700,"url":"https:\/\/www.mascoteriagonzalito.cl\/wp-content\/uploads\/2025\/10\/AMITY-CHICKEN-PUPPY.jpg","type":"image\/jpeg"}],"twitter_card":"summary_large_image","twitter_misc":{"Tiempo de lectura":"2 minutos"},"schema":{"@context":"https:\/\/schema.org","@graph":[{"@type":"WebPage","@id":"https:\/\/www.mascoteriagonzalito.cl\/index.php\/producto\/amity-chicken-puppy-14-kg\/","url":"https:\/\/www.mascoteriagonzalito.cl\/index.php\/producto\/amity-chicken-puppy-14-kg\/","name":"AMITY CHICKEN PUPPY 14 KG - Mascoter\u00eda Gonzalito","isPartOf":{"@id":"https:\/\/www.mascoteriagonzalito.cl\/#website"},"primaryImageOfPage":{"@id":"https:\/\/www.mascoteriagonzalito.cl\/index.php\/producto\/amity-chicken-puppy-14-kg\/#primaryimage"},"image":{"@id":"https:\/\/www.mascoteriagonzalito.cl\/index.php\/producto\/amity-chicken-puppy-14-kg\/#primaryimage"},"thumbnailUrl":"https:\/\/www.mascoteriagonzalito.cl\/wp-content\/uploads\/2025\/10\/AMITY-CHICKEN-PUPPY.jpg","datePublished":"2025-10-07T13:58:51+00:00","dateModified":"2026-04-06T15:55:18+00:00","breadcrumb":{"@id":"https:\/\/www.mascoteriagonzalito.cl\/index.php\/producto\/amity-chicken-puppy-14-kg\/#breadcrumb"},"inLanguage":"es","potentialAction":[{"@type":"ReadAction","target":["https:\/\/www.mascoteriagonzalito.cl\/index.php\/producto\/amity-chicken-puppy-14-kg\/"]}]},{"@type":"ImageObject","inLanguage":"es","@id":"https:\/\/www.mascoteriagonzalito.cl\/index.php\/producto\/amity-chicken-puppy-14-kg\/#primaryimage","url":"https:\/\/www.mascoteriagonzalito.cl\/wp-content\/uploads\/2025\/10\/AMITY-CHICKEN-PUPPY.jpg","contentUrl":"https:\/\/www.mascoteriagonzalito.cl\/wp-content\/uploads\/2025\/10\/AMITY-CHICKEN-PUPPY.jpg","width":700,"height":700},{"@type":"BreadcrumbList","@id":"https:\/\/www.mascoteriagonzalito.cl\/index.php\/producto\/amity-chicken-puppy-14-kg\/#breadcrumb","itemListElement":[{"@type":"ListItem","position":1,"name":"Portada","item":"https:\/\/www.mascoteriagonzalito.cl\/"},{"@type":"ListItem","position":2,"name":"Tienda","item":"https:\/\/www.mascoteriagonzalito.cl\/index.php\/tienda\/"},{"@type":"ListItem","position":3,"name":"AMITY CHICKEN PUPPY 14 KG"}]},{"@type":"WebSite","@id":"https:\/\/www.mascoteriagonzalito.cl\/#website","url":"https:\/\/www.mascoteriagonzalito.cl\/","name":"Mascoter\u00eda Gonzalito","description":"Alimentos y accesorios para mascotas","publisher":{"@id":"https:\/\/www.mascoteriagonzalito.cl\/#organization"},"potentialAction":[{"@type":"SearchAction","target":{"@type":"EntryPoint","urlTemplate":"https:\/\/www.mascoteriagonzalito.cl\/?s={search_term_string}"},"query-input":{"@type":"PropertyValueSpecification","valueRequired":true,"valueName":"search_term_string"}}],"inLanguage":"es"},{"@type":"Organization","@id":"https:\/\/www.mascoteriagonzalito.cl\/#organization","name":"Mascoter\u00eda Gonzalito","url":"https:\/\/www.mascoteriagonzalito.cl\/","logo":{"@type":"ImageObject","inLanguage":"es","@id":"https:\/\/www.mascoteriagonzalito.cl\/#\/schema\/logo\/image\/","url":"https:\/\/www.mascoteriagonzalito.cl\/wp-content\/uploads\/2025\/01\/IMG-20250113-WA0002-copia.png","contentUrl":"https:\/\/www.mascoteriagonzalito.cl\/wp-content\/uploads\/2025\/01\/IMG-20250113-WA0002-copia.png","width":1600,"height":1600,"caption":"Mascoter\u00eda Gonzalito"},"image":{"@id":"https:\/\/www.mascoteriagonzalito.cl\/#\/schema\/logo\/image\/"},"sameAs":["https:\/\/www.facebook.com\/mascoteria.gonzalito\/"]}]}},"_links":{"self":[{"href":"https:\/\/www.mascoteriagonzalito.cl\/index.php\/wp-json\/wp\/v2\/product\/4931","targetHints":{"allow":["GET"]}}],"collection":[{"href":"https:\/\/www.mascoteriagonzalito.cl\/index.php\/wp-json\/wp\/v2\/product"}],"about":[{"href":"https:\/\/www.mascoteriagonzalito.cl\/index.php\/wp-json\/wp\/v2\/types\/product"}],"replies":[{"embeddable":true,"href":"https:\/\/www.mascoteriagonzalito.cl\/index.php\/wp-json\/wp\/v2\/comments?post=4931"}],"wp:featuredmedia":[{"embeddable":true,"href":"https:\/\/www.mascoteriagonzalito.cl\/index.php\/wp-json\/wp\/v2\/media\/4958"}],"wp:attachment":[{"href":"https:\/\/www.mascoteriagonzalito.cl\/index.php\/wp-json\/wp\/v2\/media?parent=4931"}],"wp:term":[{"taxonomy":"product_brand","embeddable":true,"href":"https:\/\/www.mascoteriagonzalito.cl\/index.php\/wp-json\/wp\/v2\/product_brand?post=4931"},{"taxonomy":"product_cat","embeddable":true,"href":"https:\/\/www.mascoteriagonzalito.cl\/index.php\/wp-json\/wp\/v2\/product_cat?post=4931"},{"taxonomy":"product_tag","embeddable":true,"href":"https:\/\/www.mascoteriagonzalito.cl\/index.php\/wp-json\/wp\/v2\/product_tag?post=4931"}],"curies":[{"name":"wp","href":"https:\/\/api.w.org\/{rel}","templated":true}]}}