{"id":4920,"date":"2025-10-06T19:22:08","date_gmt":"2025-10-06T19:22:08","guid":{"rendered":"https:\/\/www.mascoteriagonzalito.cl\/?post_type=product&#038;p=4920"},"modified":"2026-02-12T15:25:21","modified_gmt":"2026-02-12T15:25:21","slug":"acana-dog-classics-prairie-poultry-9-5-kg","status":"publish","type":"product","link":"https:\/\/www.mascoteriagonzalito.cl\/index.php\/producto\/acana-dog-classics-prairie-poultry-9-5-kg\/","title":{"rendered":"ACANA DOG CLASSICS PRAIRIE POULTRY 9,7 KG"},"content":{"rendered":"<p><strong>DESCRIPCION\u00a0<\/strong><\/p>\n<p><strong>Acana Classic Prairie Poultry<\/strong>\u00a0es un alimento indicado para perros de todas las edades y razas. Elaborado con pollo y pavo criados en libertad adem\u00e1s de huevos, todo entregado FRESCO o CRUDO diariamente en proporciones de PresaEntera\u2122 para nutrir a tu perro por completo. Sin cereales de alto \u00edndice gluc\u00e9mico, ACANA est\u00e1 lleno de nutritivas prote\u00ednas animales y \u00e1cidos grasos omega-3 que le ayudan a estar en buena forma. Para favorecer niveles estables de az\u00facar en sangre y ayudar a reducir la acumulaci\u00f3n potencial de grasa, los ACANA Classics contienen avena de bajo \u00edndice gluc\u00e9mico.<\/p>\n<ul>\n<li><strong>INGREDIENTES\u00a0<\/strong><\/li>\n<li>Pollo deshidratado , avena cortada , pollo fresco , menudillos de pollo frescos (h\u00edgado, coraz\u00f3n, ri\u00f1\u00f3n) , lentejas rojas, guisantes verdes enteros, lentejas verdes, pavo fresco , huevo entero fresco , grasa de pollo, garbanzos enteros, guisantes amarillos enteros, avena entera, aceite de arenque , alfalfa curada al sol, fibra de lentejas, alga marr\u00f3n, calabac\u00edn fresco, calabaza butternut squash, chiriv\u00edas frescas, hojas de col rizada, espinacas frescas, zanahorias frescas, manzanas fresca red delicious, peras barlett frescas, h\u00edgado de pollo liofilizado, sal, ar\u00e1ndanos, ar\u00e1ndanos agriosra\u00edz de achicor\u00eda, curcuma, cardo mariano, raiz de bardana, lavanda, ra\u00edz de malvavisco, fruto de rosa.<\/li>\n<\/ul>\n","protected":false},"excerpt":{"rendered":"<p><strong>Acana Classic Prairie Poultry\u00a0es un alimento indicado para perros de todas las edades y razas. Elaborado con pollo y pavo criados en libertad adem\u00e1s de huevos, todo entregado FRESCO o CRUDO diariamente en proporciones de PresaEntera\u2122 para nutrir a tu perro por completo.<\/strong><\/p>\n","protected":false},"featured_media":4962,"comment_status":"open","ping_status":"closed","template":"","meta":[],"product_brand":[139],"product_cat":[34],"product_tag":[],"class_list":{"0":"post-4920","1":"product","2":"type-product","3":"status-publish","4":"has-post-thumbnail","6":"product_brand-acana","7":"product_cat-alimentos-perros","9":"first","10":"instock","11":"shipping-taxable","12":"purchasable","13":"product-type-simple"},"yoast_head":"<!-- This site is optimized with the Yoast SEO plugin v27.4 - https:\/\/yoast.com\/product\/yoast-seo-wordpress\/ -->\n<title>ACANA DOG CLASSICS PRAIRIE POULTRY 9,7 KG - Mascoter\u00eda Gonzalito<\/title>\n<meta name=\"robots\" content=\"index, follow, max-snippet:-1, max-image-preview:large, max-video-preview:-1\" \/>\n<link rel=\"canonical\" href=\"https:\/\/www.mascoteriagonzalito.cl\/index.php\/producto\/acana-dog-classics-prairie-poultry-9-5-kg\/\" \/>\n<meta property=\"og:locale\" content=\"es_ES\" \/>\n<meta property=\"og:type\" content=\"article\" \/>\n<meta property=\"og:title\" content=\"ACANA DOG CLASSICS PRAIRIE POULTRY 9,7 KG - Mascoter\u00eda Gonzalito\" \/>\n<meta property=\"og:description\" content=\"Acana Classic Prairie Poultry\u00a0es un alimento indicado para perros de todas las edades y razas. Elaborado con pollo y pavo criados en libertad adem\u00e1s de huevos, todo entregado FRESCO o CRUDO diariamente en proporciones de PresaEntera\u2122 para nutrir a tu perro por completo.\" \/>\n<meta property=\"og:url\" content=\"https:\/\/www.mascoteriagonzalito.cl\/index.php\/producto\/acana-dog-classics-prairie-poultry-9-5-kg\/\" \/>\n<meta property=\"og:site_name\" content=\"Mascoter\u00eda Gonzalito\" \/>\n<meta property=\"article:publisher\" content=\"https:\/\/www.facebook.com\/mascoteria.gonzalito\/\" \/>\n<meta property=\"article:modified_time\" content=\"2026-02-12T15:25:21+00:00\" \/>\n<meta property=\"og:image\" content=\"https:\/\/www.mascoteriagonzalito.cl\/wp-content\/uploads\/2025\/10\/ACANA.jpeg\" \/>\n\t<meta property=\"og:image:width\" content=\"600\" \/>\n\t<meta property=\"og:image:height\" content=\"600\" \/>\n\t<meta property=\"og:image:type\" content=\"image\/jpeg\" \/>\n<meta name=\"twitter:card\" content=\"summary_large_image\" \/>\n<meta name=\"twitter:label1\" content=\"Tiempo de lectura\" \/>\n\t<meta name=\"twitter:data1\" content=\"2 minutos\" \/>\n<script type=\"application\/ld+json\" class=\"yoast-schema-graph\">{\"@context\":\"https:\\\/\\\/schema.org\",\"@graph\":[{\"@type\":\"WebPage\",\"@id\":\"https:\\\/\\\/www.mascoteriagonzalito.cl\\\/index.php\\\/producto\\\/acana-dog-classics-prairie-poultry-9-5-kg\\\/\",\"url\":\"https:\\\/\\\/www.mascoteriagonzalito.cl\\\/index.php\\\/producto\\\/acana-dog-classics-prairie-poultry-9-5-kg\\\/\",\"name\":\"ACANA DOG CLASSICS PRAIRIE POULTRY 9,7 KG - Mascoter\u00eda Gonzalito\",\"isPartOf\":{\"@id\":\"https:\\\/\\\/www.mascoteriagonzalito.cl\\\/#website\"},\"primaryImageOfPage\":{\"@id\":\"https:\\\/\\\/www.mascoteriagonzalito.cl\\\/index.php\\\/producto\\\/acana-dog-classics-prairie-poultry-9-5-kg\\\/#primaryimage\"},\"image\":{\"@id\":\"https:\\\/\\\/www.mascoteriagonzalito.cl\\\/index.php\\\/producto\\\/acana-dog-classics-prairie-poultry-9-5-kg\\\/#primaryimage\"},\"thumbnailUrl\":\"https:\\\/\\\/www.mascoteriagonzalito.cl\\\/wp-content\\\/uploads\\\/2025\\\/10\\\/ACANA.jpeg\",\"datePublished\":\"2025-10-06T19:22:08+00:00\",\"dateModified\":\"2026-02-12T15:25:21+00:00\",\"breadcrumb\":{\"@id\":\"https:\\\/\\\/www.mascoteriagonzalito.cl\\\/index.php\\\/producto\\\/acana-dog-classics-prairie-poultry-9-5-kg\\\/#breadcrumb\"},\"inLanguage\":\"es\",\"potentialAction\":[{\"@type\":\"ReadAction\",\"target\":[\"https:\\\/\\\/www.mascoteriagonzalito.cl\\\/index.php\\\/producto\\\/acana-dog-classics-prairie-poultry-9-5-kg\\\/\"]}]},{\"@type\":\"ImageObject\",\"inLanguage\":\"es\",\"@id\":\"https:\\\/\\\/www.mascoteriagonzalito.cl\\\/index.php\\\/producto\\\/acana-dog-classics-prairie-poultry-9-5-kg\\\/#primaryimage\",\"url\":\"https:\\\/\\\/www.mascoteriagonzalito.cl\\\/wp-content\\\/uploads\\\/2025\\\/10\\\/ACANA.jpeg\",\"contentUrl\":\"https:\\\/\\\/www.mascoteriagonzalito.cl\\\/wp-content\\\/uploads\\\/2025\\\/10\\\/ACANA.jpeg\",\"width\":600,\"height\":600},{\"@type\":\"BreadcrumbList\",\"@id\":\"https:\\\/\\\/www.mascoteriagonzalito.cl\\\/index.php\\\/producto\\\/acana-dog-classics-prairie-poultry-9-5-kg\\\/#breadcrumb\",\"itemListElement\":[{\"@type\":\"ListItem\",\"position\":1,\"name\":\"Portada\",\"item\":\"https:\\\/\\\/www.mascoteriagonzalito.cl\\\/\"},{\"@type\":\"ListItem\",\"position\":2,\"name\":\"Tienda\",\"item\":\"https:\\\/\\\/www.mascoteriagonzalito.cl\\\/index.php\\\/tienda\\\/\"},{\"@type\":\"ListItem\",\"position\":3,\"name\":\"ACANA DOG CLASSICS PRAIRIE POULTRY 9,7 KG\"}]},{\"@type\":\"WebSite\",\"@id\":\"https:\\\/\\\/www.mascoteriagonzalito.cl\\\/#website\",\"url\":\"https:\\\/\\\/www.mascoteriagonzalito.cl\\\/\",\"name\":\"Mascoter\u00eda Gonzalito\",\"description\":\"Alimentos y accesorios para mascotas\",\"publisher\":{\"@id\":\"https:\\\/\\\/www.mascoteriagonzalito.cl\\\/#organization\"},\"potentialAction\":[{\"@type\":\"SearchAction\",\"target\":{\"@type\":\"EntryPoint\",\"urlTemplate\":\"https:\\\/\\\/www.mascoteriagonzalito.cl\\\/?s={search_term_string}\"},\"query-input\":{\"@type\":\"PropertyValueSpecification\",\"valueRequired\":true,\"valueName\":\"search_term_string\"}}],\"inLanguage\":\"es\"},{\"@type\":\"Organization\",\"@id\":\"https:\\\/\\\/www.mascoteriagonzalito.cl\\\/#organization\",\"name\":\"Mascoter\u00eda Gonzalito\",\"url\":\"https:\\\/\\\/www.mascoteriagonzalito.cl\\\/\",\"logo\":{\"@type\":\"ImageObject\",\"inLanguage\":\"es\",\"@id\":\"https:\\\/\\\/www.mascoteriagonzalito.cl\\\/#\\\/schema\\\/logo\\\/image\\\/\",\"url\":\"https:\\\/\\\/www.mascoteriagonzalito.cl\\\/wp-content\\\/uploads\\\/2025\\\/01\\\/IMG-20250113-WA0002-copia.png\",\"contentUrl\":\"https:\\\/\\\/www.mascoteriagonzalito.cl\\\/wp-content\\\/uploads\\\/2025\\\/01\\\/IMG-20250113-WA0002-copia.png\",\"width\":1600,\"height\":1600,\"caption\":\"Mascoter\u00eda Gonzalito\"},\"image\":{\"@id\":\"https:\\\/\\\/www.mascoteriagonzalito.cl\\\/#\\\/schema\\\/logo\\\/image\\\/\"},\"sameAs\":[\"https:\\\/\\\/www.facebook.com\\\/mascoteria.gonzalito\\\/\"]}]}<\/script>\n<!-- \/ Yoast SEO plugin. -->","yoast_head_json":{"title":"ACANA DOG CLASSICS PRAIRIE POULTRY 9,7 KG - Mascoter\u00eda Gonzalito","robots":{"index":"index","follow":"follow","max-snippet":"max-snippet:-1","max-image-preview":"max-image-preview:large","max-video-preview":"max-video-preview:-1"},"canonical":"https:\/\/www.mascoteriagonzalito.cl\/index.php\/producto\/acana-dog-classics-prairie-poultry-9-5-kg\/","og_locale":"es_ES","og_type":"article","og_title":"ACANA DOG CLASSICS PRAIRIE POULTRY 9,7 KG - Mascoter\u00eda Gonzalito","og_description":"Acana Classic Prairie Poultry\u00a0es un alimento indicado para perros de todas las edades y razas. Elaborado con pollo y pavo criados en libertad adem\u00e1s de huevos, todo entregado FRESCO o CRUDO diariamente en proporciones de PresaEntera\u2122 para nutrir a tu perro por completo.","og_url":"https:\/\/www.mascoteriagonzalito.cl\/index.php\/producto\/acana-dog-classics-prairie-poultry-9-5-kg\/","og_site_name":"Mascoter\u00eda Gonzalito","article_publisher":"https:\/\/www.facebook.com\/mascoteria.gonzalito\/","article_modified_time":"2026-02-12T15:25:21+00:00","og_image":[{"width":600,"height":600,"url":"https:\/\/www.mascoteriagonzalito.cl\/wp-content\/uploads\/2025\/10\/ACANA.jpeg","type":"image\/jpeg"}],"twitter_card":"summary_large_image","twitter_misc":{"Tiempo de lectura":"2 minutos"},"schema":{"@context":"https:\/\/schema.org","@graph":[{"@type":"WebPage","@id":"https:\/\/www.mascoteriagonzalito.cl\/index.php\/producto\/acana-dog-classics-prairie-poultry-9-5-kg\/","url":"https:\/\/www.mascoteriagonzalito.cl\/index.php\/producto\/acana-dog-classics-prairie-poultry-9-5-kg\/","name":"ACANA DOG CLASSICS PRAIRIE POULTRY 9,7 KG - Mascoter\u00eda Gonzalito","isPartOf":{"@id":"https:\/\/www.mascoteriagonzalito.cl\/#website"},"primaryImageOfPage":{"@id":"https:\/\/www.mascoteriagonzalito.cl\/index.php\/producto\/acana-dog-classics-prairie-poultry-9-5-kg\/#primaryimage"},"image":{"@id":"https:\/\/www.mascoteriagonzalito.cl\/index.php\/producto\/acana-dog-classics-prairie-poultry-9-5-kg\/#primaryimage"},"thumbnailUrl":"https:\/\/www.mascoteriagonzalito.cl\/wp-content\/uploads\/2025\/10\/ACANA.jpeg","datePublished":"2025-10-06T19:22:08+00:00","dateModified":"2026-02-12T15:25:21+00:00","breadcrumb":{"@id":"https:\/\/www.mascoteriagonzalito.cl\/index.php\/producto\/acana-dog-classics-prairie-poultry-9-5-kg\/#breadcrumb"},"inLanguage":"es","potentialAction":[{"@type":"ReadAction","target":["https:\/\/www.mascoteriagonzalito.cl\/index.php\/producto\/acana-dog-classics-prairie-poultry-9-5-kg\/"]}]},{"@type":"ImageObject","inLanguage":"es","@id":"https:\/\/www.mascoteriagonzalito.cl\/index.php\/producto\/acana-dog-classics-prairie-poultry-9-5-kg\/#primaryimage","url":"https:\/\/www.mascoteriagonzalito.cl\/wp-content\/uploads\/2025\/10\/ACANA.jpeg","contentUrl":"https:\/\/www.mascoteriagonzalito.cl\/wp-content\/uploads\/2025\/10\/ACANA.jpeg","width":600,"height":600},{"@type":"BreadcrumbList","@id":"https:\/\/www.mascoteriagonzalito.cl\/index.php\/producto\/acana-dog-classics-prairie-poultry-9-5-kg\/#breadcrumb","itemListElement":[{"@type":"ListItem","position":1,"name":"Portada","item":"https:\/\/www.mascoteriagonzalito.cl\/"},{"@type":"ListItem","position":2,"name":"Tienda","item":"https:\/\/www.mascoteriagonzalito.cl\/index.php\/tienda\/"},{"@type":"ListItem","position":3,"name":"ACANA DOG CLASSICS PRAIRIE POULTRY 9,7 KG"}]},{"@type":"WebSite","@id":"https:\/\/www.mascoteriagonzalito.cl\/#website","url":"https:\/\/www.mascoteriagonzalito.cl\/","name":"Mascoter\u00eda Gonzalito","description":"Alimentos y accesorios para mascotas","publisher":{"@id":"https:\/\/www.mascoteriagonzalito.cl\/#organization"},"potentialAction":[{"@type":"SearchAction","target":{"@type":"EntryPoint","urlTemplate":"https:\/\/www.mascoteriagonzalito.cl\/?s={search_term_string}"},"query-input":{"@type":"PropertyValueSpecification","valueRequired":true,"valueName":"search_term_string"}}],"inLanguage":"es"},{"@type":"Organization","@id":"https:\/\/www.mascoteriagonzalito.cl\/#organization","name":"Mascoter\u00eda Gonzalito","url":"https:\/\/www.mascoteriagonzalito.cl\/","logo":{"@type":"ImageObject","inLanguage":"es","@id":"https:\/\/www.mascoteriagonzalito.cl\/#\/schema\/logo\/image\/","url":"https:\/\/www.mascoteriagonzalito.cl\/wp-content\/uploads\/2025\/01\/IMG-20250113-WA0002-copia.png","contentUrl":"https:\/\/www.mascoteriagonzalito.cl\/wp-content\/uploads\/2025\/01\/IMG-20250113-WA0002-copia.png","width":1600,"height":1600,"caption":"Mascoter\u00eda Gonzalito"},"image":{"@id":"https:\/\/www.mascoteriagonzalito.cl\/#\/schema\/logo\/image\/"},"sameAs":["https:\/\/www.facebook.com\/mascoteria.gonzalito\/"]}]}},"_links":{"self":[{"href":"https:\/\/www.mascoteriagonzalito.cl\/index.php\/wp-json\/wp\/v2\/product\/4920","targetHints":{"allow":["GET"]}}],"collection":[{"href":"https:\/\/www.mascoteriagonzalito.cl\/index.php\/wp-json\/wp\/v2\/product"}],"about":[{"href":"https:\/\/www.mascoteriagonzalito.cl\/index.php\/wp-json\/wp\/v2\/types\/product"}],"replies":[{"embeddable":true,"href":"https:\/\/www.mascoteriagonzalito.cl\/index.php\/wp-json\/wp\/v2\/comments?post=4920"}],"wp:featuredmedia":[{"embeddable":true,"href":"https:\/\/www.mascoteriagonzalito.cl\/index.php\/wp-json\/wp\/v2\/media\/4962"}],"wp:attachment":[{"href":"https:\/\/www.mascoteriagonzalito.cl\/index.php\/wp-json\/wp\/v2\/media?parent=4920"}],"wp:term":[{"taxonomy":"product_brand","embeddable":true,"href":"https:\/\/www.mascoteriagonzalito.cl\/index.php\/wp-json\/wp\/v2\/product_brand?post=4920"},{"taxonomy":"product_cat","embeddable":true,"href":"https:\/\/www.mascoteriagonzalito.cl\/index.php\/wp-json\/wp\/v2\/product_cat?post=4920"},{"taxonomy":"product_tag","embeddable":true,"href":"https:\/\/www.mascoteriagonzalito.cl\/index.php\/wp-json\/wp\/v2\/product_tag?post=4920"}],"curies":[{"name":"wp","href":"https:\/\/api.w.org\/{rel}","templated":true}]}}