{"id":4823,"date":"2025-09-16T13:49:16","date_gmt":"2025-09-16T13:49:16","guid":{"rendered":"https:\/\/www.mascoteriagonzalito.cl\/?post_type=product&#038;p=4823"},"modified":"2026-03-06T20:12:45","modified_gmt":"2026-03-06T20:12:45","slug":"perfume-para-perritas-y-gatitas-207-ml","status":"publish","type":"product","link":"https:\/\/www.mascoteriagonzalito.cl\/index.php\/producto\/perfume-para-perritas-y-gatitas-207-ml\/","title":{"rendered":"LOVE LITTER PERFUME PARA PERRITAS Y GATITAS 207 ML"},"content":{"rendered":"<ul class=\"KsbFXc U6u95\" data-complete=\"true\" data-processed=\"true\">\n<li data-hveid=\"CAEIBBAA\" data-complete=\"true\" data-sae=\"\"><span class=\"T286Pc\" data-sfc-cp=\"\" data-complete=\"true\"><strong class=\"Yjhzub\" data-complete=\"true\">Efecto Desodorante Enzim\u00e1tico<\/strong>: A diferencia de los productos que solo cubren el olor, este espray contiene enzimas desodorizantes naturales que\u00a0<strong class=\"Yjhzub\" data-complete=\"true\">descomponen y eliminan las mol\u00e9culas que generan el mal olor<\/strong>\u00a0en segundos, dejando una fragancia delicada y duradera.<\/span><\/li>\n<li data-hveid=\"CAEIBBAB\" data-complete=\"true\" data-sae=\"\"><span class=\"T286Pc\" data-sfc-cp=\"\" data-complete=\"true\"><strong class=\"Yjhzub\" data-complete=\"true\">Ingredientes Seguros<\/strong>: Formulado con extractos naturales y agentes activos, el producto es suave y no irritante para la piel y el pelaje de las mascotas. Es seguro para perros y gatos si se usa seg\u00fan las indicaciones.<\/span><\/li>\n<li data-hveid=\"CAEIBBAC\" data-complete=\"true\" data-sae=\"\"><span class=\"T286Pc\" data-sfc-cp=\"\" data-complete=\"true\"><strong class=\"Yjhzub\" data-complete=\"true\">Uso Vers\u00e1til<\/strong>: Se puede aplicar directamente sobre el pelaje de la mascota, pero tambi\u00e9n es eficaz para refrescar su entorno, como la ropa de cama, juguetes y otras \u00e1reas de la casa donde permanecen.<\/span><\/li>\n<li data-hveid=\"CAEIBBAD\" data-complete=\"true\" data-sae=\"\"><span class=\"T286Pc\" data-sfc-cp=\"\" data-complete=\"true\"><strong class=\"Yjhzub\" data-complete=\"true\">Aroma Agradable<\/strong>: El aroma \u00abLove Letter\u00bb es una fragancia fresca y elegante dise\u00f1ada para ser agradable tanto para las mascotas como para sus due\u00f1os.<\/span><span class=\"uJ19be notranslate\" data-wiz-uids=\"Hwbtzb_15,Hwbtzb_16\" data-complete=\"true\"><span class=\"vKEkVd\" data-animation-atomic=\"\" data-wiz-attrbind=\"class=Hwbtzb_14\/TKHnVd\" data-sae=\"\"><span aria-hidden=\"true\">\u00a0<\/span><button class=\"rBl3me\" data-amic=\"true\" data-icl-uuid=\"d6320538-1029-4581-b856-96efd0633718\" aria-label=\"Ver v\u00ednculos relacionados\" data-wiz-attrbind=\"disabled=Hwbtzb_14\/C5gNJc;aria-label=Hwbtzb_14\/bOjMyf;class=Hwbtzb_14\/UpSNec\" data-ved=\"2ahUKEwiDj5_N3uCSAxVWpJUCHS3pAhIQye0OegYIAQgEEAU\"><\/button><\/span><\/span><\/li>\n<\/ul>\n<div class=\"Fsg96\" data-sfc-cp=\"\" data-complete=\"true\" data-processed=\"true\"><\/div>\n<div class=\"otQkpb\" role=\"heading\" data-animation-nesting=\"\" data-sfc-cp=\"\" data-complete=\"true\" data-processed=\"true\" data-sae=\"\">Modo de Uso<button class=\"rBl3me\" data-amic=\"true\" data-icl-uuid=\"f5f9db8b-4ddb-47f1-9857-cd3de30f3ef6\" aria-label=\"Ver v\u00ednculos relacionados\" data-wiz-attrbind=\"disabled=Hwbtzb_1g\/C5gNJc;aria-label=Hwbtzb_1g\/bOjMyf;class=Hwbtzb_1g\/UpSNec\" data-ved=\"2ahUKEwiDj5_N3uCSAxVWpJUCHS3pAhIQye0OegYIAQgFEAA\"><\/button><\/div>\n<div class=\"Y3BBE\" data-sfc-cp=\"\" data-hveid=\"CAEIBhAA\" data-complete=\"true\" data-processed=\"true\">Para garantizar su eficacia y la seguridad de tu mascota, sigue estos pasos recomendados por los fabricantes y expertos:<span class=\"uJ19be notranslate\" data-wiz-uids=\"Hwbtzb_1l,Hwbtzb_1m\" data-complete=\"true\"><span class=\"vKEkVd\" data-animation-atomic=\"\" data-wiz-attrbind=\"class=Hwbtzb_1k\/TKHnVd\" data-sae=\"\"><span aria-hidden=\"true\">\u00a0<\/span><button class=\"rBl3me\" data-amic=\"true\" data-icl-uuid=\"148ffd31-3746-45bf-88a0-5e7996af6184\" aria-label=\"Ver v\u00ednculos relacionados\" data-wiz-attrbind=\"disabled=Hwbtzb_1k\/C5gNJc;aria-label=Hwbtzb_1k\/bOjMyf;class=Hwbtzb_1k\/UpSNec\" data-ved=\"2ahUKEwiDj5_N3uCSAxVWpJUCHS3pAhIQye0OegYIAQgGEAE\"><\/button><\/span><\/span><\/div>\n<ul class=\"KsbFXc U6u95\" data-complete=\"true\" data-processed=\"true\">\n<li data-hveid=\"CAEIBxAA\" data-complete=\"true\" data-sae=\"\"><span class=\"T286Pc\" data-sfc-cp=\"\" data-complete=\"true\"><strong class=\"Yjhzub\" data-complete=\"true\">Agitar bien<\/strong>\u00a0el envase antes de cada uso.<\/span><\/li>\n<li data-hveid=\"CAEIBxAB\" data-complete=\"true\" data-sae=\"\"><span class=\"T286Pc\" data-sfc-cp=\"\" data-complete=\"true\">Mant\u00e9n el frasco a una\u00a0<strong class=\"Yjhzub\" data-complete=\"true\">distancia segura (aprox. 15-30 cm)<\/strong> del pelaje de la mascota al aplicar.<\/span><\/li>\n<li data-hveid=\"CAEIBxAC\" data-complete=\"true\" data-sae=\"\"><span class=\"T286Pc\" data-sfc-cp=\"\" data-complete=\"true\"><strong class=\"Yjhzub\" data-complete=\"true\">Evita rociar directamente en los ojos, o\u00eddos, nariz, boca <\/strong>\u00a0de la mascota.<\/span><\/li>\n<li data-hveid=\"CAEIBxAD\" data-complete=\"true\" data-sae=\"\"><span class=\"T286Pc\" data-sfc-cp=\"\" data-complete=\"true\">Se puede aplicar sobre el pelaje seco o en el ambiente y la ropa de cama de la mascota.<\/span><\/li>\n<li data-hveid=\"CAEIBxAE\" data-complete=\"true\" data-sae=\"\"><span class=\"T286Pc\" data-sfc-cp=\"\" data-complete=\"true\">Vuelve a aplicar seg\u00fan sea necesario para mantener un aroma fresco.<\/span><span class=\"uJ19be notranslate\" data-wiz-uids=\"Hwbtzb_24,Hwbtzb_25\" data-complete=\"true\"><span class=\"vKEkVd\" data-animation-atomic=\"\" data-wiz-attrbind=\"class=Hwbtzb_23\/TKHnVd\" data-sae=\"\"><span aria-hidden=\"true\">\u00a0<\/span><button class=\"rBl3me\" data-amic=\"true\" data-icl-uuid=\"0f95d904-e6fa-410a-ad06-3075295938d6\" aria-label=\"Ver v\u00ednculos relacionados\" data-wiz-attrbind=\"disabled=Hwbtzb_23\/C5gNJc;aria-label=Hwbtzb_23\/bOjMyf;class=Hwbtzb_23\/UpSNec\" data-ved=\"2ahUKEwiDj5_N3uCSAxVWpJUCHS3pAhIQye0OegYIAQgHEAU\"><\/button><\/span><\/span><\/li>\n<\/ul>\n<div class=\"Y3BBE\" data-sfc-cp=\"\" data-hveid=\"CAEICBAA\" data-complete=\"true\" data-processed=\"true\">Para una distribuci\u00f3n m\u00e1s uniforme en el pelaje, puedes cepillar a tu mascota despu\u00e9s de la aplicaci\u00f3n. Es un producto para uso externo solamente.<\/div>\n","protected":false},"excerpt":{"rendered":"<p>El\u00a0<strong class=\"Yjhzub\" data-complete=\"true\">Perfume Desodorante Love Letter de Bioline<\/strong> es un espray refrescante dise\u00f1ado para eliminar los malos olores de mascotas (perros y gatos) y su entorno, utilizando\u00a0 ingredientes naturales.<span class=\"uJ19be notranslate\" data-wiz-uids=\"Hwbtzb_e,Hwbtzb_f\" data-complete=\"true\"><span class=\"vKEkVd\" data-animation-atomic=\"\" data-wiz-attrbind=\"class=Hwbtzb_d\/TKHnVd\" data-sae=\"\"><span aria-hidden=\"true\">\u00a0<\/span><\/span><\/span><\/p>\n","protected":false},"featured_media":5929,"comment_status":"open","ping_status":"closed","template":"","meta":[],"product_brand":[165],"product_cat":[37,36],"product_tag":[],"class_list":{"0":"post-4823","1":"product","2":"type-product","3":"status-publish","4":"has-post-thumbnail","6":"product_brand-bioline","7":"product_cat-linea-higiene-gato","8":"product_cat-linea-higiene-perro","10":"first","11":"instock","12":"shipping-taxable","13":"purchasable","14":"product-type-simple"},"yoast_head":"<!-- This site is optimized with the Yoast SEO plugin v27.4 - https:\/\/yoast.com\/product\/yoast-seo-wordpress\/ -->\n<title>LOVE LITTER PERFUME PARA PERRITAS Y GATITAS 207 ML - Mascoter\u00eda Gonzalito<\/title>\n<meta name=\"robots\" content=\"index, follow, max-snippet:-1, max-image-preview:large, max-video-preview:-1\" \/>\n<link rel=\"canonical\" href=\"https:\/\/www.mascoteriagonzalito.cl\/index.php\/producto\/perfume-para-perritas-y-gatitas-207-ml\/\" \/>\n<meta property=\"og:locale\" content=\"es_ES\" \/>\n<meta property=\"og:type\" content=\"article\" \/>\n<meta property=\"og:title\" content=\"LOVE LITTER PERFUME PARA PERRITAS Y GATITAS 207 ML - Mascoter\u00eda Gonzalito\" \/>\n<meta property=\"og:description\" content=\"El\u00a0Perfume Desodorante Love Letter de Bioline es un espray refrescante dise\u00f1ado para eliminar los malos olores de mascotas (perros y gatos) y su entorno, utilizando\u00a0 ingredientes naturales.\u00a0\" \/>\n<meta property=\"og:url\" content=\"https:\/\/www.mascoteriagonzalito.cl\/index.php\/producto\/perfume-para-perritas-y-gatitas-207-ml\/\" \/>\n<meta property=\"og:site_name\" content=\"Mascoter\u00eda Gonzalito\" \/>\n<meta property=\"article:publisher\" content=\"https:\/\/www.facebook.com\/mascoteria.gonzalito\/\" \/>\n<meta property=\"article:modified_time\" content=\"2026-03-06T20:12:45+00:00\" \/>\n<meta property=\"og:image\" content=\"https:\/\/www.mascoteriagonzalito.cl\/wp-content\/uploads\/2025\/09\/desodorante-hembra.jpg\" \/>\n\t<meta property=\"og:image:width\" content=\"582\" \/>\n\t<meta property=\"og:image:height\" content=\"571\" \/>\n\t<meta property=\"og:image:type\" content=\"image\/jpeg\" \/>\n<meta name=\"twitter:card\" content=\"summary_large_image\" \/>\n<meta name=\"twitter:label1\" content=\"Tiempo de lectura\" \/>\n\t<meta name=\"twitter:data1\" content=\"2 minutos\" \/>\n<script type=\"application\/ld+json\" class=\"yoast-schema-graph\">{\"@context\":\"https:\\\/\\\/schema.org\",\"@graph\":[{\"@type\":\"WebPage\",\"@id\":\"https:\\\/\\\/www.mascoteriagonzalito.cl\\\/index.php\\\/producto\\\/perfume-para-perritas-y-gatitas-207-ml\\\/\",\"url\":\"https:\\\/\\\/www.mascoteriagonzalito.cl\\\/index.php\\\/producto\\\/perfume-para-perritas-y-gatitas-207-ml\\\/\",\"name\":\"LOVE LITTER PERFUME PARA PERRITAS Y GATITAS 207 ML - Mascoter\u00eda Gonzalito\",\"isPartOf\":{\"@id\":\"https:\\\/\\\/www.mascoteriagonzalito.cl\\\/#website\"},\"primaryImageOfPage\":{\"@id\":\"https:\\\/\\\/www.mascoteriagonzalito.cl\\\/index.php\\\/producto\\\/perfume-para-perritas-y-gatitas-207-ml\\\/#primaryimage\"},\"image\":{\"@id\":\"https:\\\/\\\/www.mascoteriagonzalito.cl\\\/index.php\\\/producto\\\/perfume-para-perritas-y-gatitas-207-ml\\\/#primaryimage\"},\"thumbnailUrl\":\"https:\\\/\\\/www.mascoteriagonzalito.cl\\\/wp-content\\\/uploads\\\/2025\\\/09\\\/desodorante-hembra.jpg\",\"datePublished\":\"2025-09-16T13:49:16+00:00\",\"dateModified\":\"2026-03-06T20:12:45+00:00\",\"breadcrumb\":{\"@id\":\"https:\\\/\\\/www.mascoteriagonzalito.cl\\\/index.php\\\/producto\\\/perfume-para-perritas-y-gatitas-207-ml\\\/#breadcrumb\"},\"inLanguage\":\"es\",\"potentialAction\":[{\"@type\":\"ReadAction\",\"target\":[\"https:\\\/\\\/www.mascoteriagonzalito.cl\\\/index.php\\\/producto\\\/perfume-para-perritas-y-gatitas-207-ml\\\/\"]}]},{\"@type\":\"ImageObject\",\"inLanguage\":\"es\",\"@id\":\"https:\\\/\\\/www.mascoteriagonzalito.cl\\\/index.php\\\/producto\\\/perfume-para-perritas-y-gatitas-207-ml\\\/#primaryimage\",\"url\":\"https:\\\/\\\/www.mascoteriagonzalito.cl\\\/wp-content\\\/uploads\\\/2025\\\/09\\\/desodorante-hembra.jpg\",\"contentUrl\":\"https:\\\/\\\/www.mascoteriagonzalito.cl\\\/wp-content\\\/uploads\\\/2025\\\/09\\\/desodorante-hembra.jpg\",\"width\":582,\"height\":571},{\"@type\":\"BreadcrumbList\",\"@id\":\"https:\\\/\\\/www.mascoteriagonzalito.cl\\\/index.php\\\/producto\\\/perfume-para-perritas-y-gatitas-207-ml\\\/#breadcrumb\",\"itemListElement\":[{\"@type\":\"ListItem\",\"position\":1,\"name\":\"Portada\",\"item\":\"https:\\\/\\\/www.mascoteriagonzalito.cl\\\/\"},{\"@type\":\"ListItem\",\"position\":2,\"name\":\"Tienda\",\"item\":\"https:\\\/\\\/www.mascoteriagonzalito.cl\\\/index.php\\\/tienda\\\/\"},{\"@type\":\"ListItem\",\"position\":3,\"name\":\"LOVE LITTER PERFUME PARA PERRITAS Y GATITAS 207 ML\"}]},{\"@type\":\"WebSite\",\"@id\":\"https:\\\/\\\/www.mascoteriagonzalito.cl\\\/#website\",\"url\":\"https:\\\/\\\/www.mascoteriagonzalito.cl\\\/\",\"name\":\"Mascoter\u00eda Gonzalito\",\"description\":\"Alimentos y accesorios para mascotas\",\"publisher\":{\"@id\":\"https:\\\/\\\/www.mascoteriagonzalito.cl\\\/#organization\"},\"potentialAction\":[{\"@type\":\"SearchAction\",\"target\":{\"@type\":\"EntryPoint\",\"urlTemplate\":\"https:\\\/\\\/www.mascoteriagonzalito.cl\\\/?s={search_term_string}\"},\"query-input\":{\"@type\":\"PropertyValueSpecification\",\"valueRequired\":true,\"valueName\":\"search_term_string\"}}],\"inLanguage\":\"es\"},{\"@type\":\"Organization\",\"@id\":\"https:\\\/\\\/www.mascoteriagonzalito.cl\\\/#organization\",\"name\":\"Mascoter\u00eda Gonzalito\",\"url\":\"https:\\\/\\\/www.mascoteriagonzalito.cl\\\/\",\"logo\":{\"@type\":\"ImageObject\",\"inLanguage\":\"es\",\"@id\":\"https:\\\/\\\/www.mascoteriagonzalito.cl\\\/#\\\/schema\\\/logo\\\/image\\\/\",\"url\":\"https:\\\/\\\/www.mascoteriagonzalito.cl\\\/wp-content\\\/uploads\\\/2025\\\/01\\\/IMG-20250113-WA0002-copia.png\",\"contentUrl\":\"https:\\\/\\\/www.mascoteriagonzalito.cl\\\/wp-content\\\/uploads\\\/2025\\\/01\\\/IMG-20250113-WA0002-copia.png\",\"width\":1600,\"height\":1600,\"caption\":\"Mascoter\u00eda Gonzalito\"},\"image\":{\"@id\":\"https:\\\/\\\/www.mascoteriagonzalito.cl\\\/#\\\/schema\\\/logo\\\/image\\\/\"},\"sameAs\":[\"https:\\\/\\\/www.facebook.com\\\/mascoteria.gonzalito\\\/\"]}]}<\/script>\n<!-- \/ Yoast SEO plugin. -->","yoast_head_json":{"title":"LOVE LITTER PERFUME PARA PERRITAS Y GATITAS 207 ML - Mascoter\u00eda Gonzalito","robots":{"index":"index","follow":"follow","max-snippet":"max-snippet:-1","max-image-preview":"max-image-preview:large","max-video-preview":"max-video-preview:-1"},"canonical":"https:\/\/www.mascoteriagonzalito.cl\/index.php\/producto\/perfume-para-perritas-y-gatitas-207-ml\/","og_locale":"es_ES","og_type":"article","og_title":"LOVE LITTER PERFUME PARA PERRITAS Y GATITAS 207 ML - Mascoter\u00eda Gonzalito","og_description":"El\u00a0Perfume Desodorante Love Letter de Bioline es un espray refrescante dise\u00f1ado para eliminar los malos olores de mascotas (perros y gatos) y su entorno, utilizando\u00a0 ingredientes naturales.\u00a0","og_url":"https:\/\/www.mascoteriagonzalito.cl\/index.php\/producto\/perfume-para-perritas-y-gatitas-207-ml\/","og_site_name":"Mascoter\u00eda Gonzalito","article_publisher":"https:\/\/www.facebook.com\/mascoteria.gonzalito\/","article_modified_time":"2026-03-06T20:12:45+00:00","og_image":[{"width":582,"height":571,"url":"https:\/\/www.mascoteriagonzalito.cl\/wp-content\/uploads\/2025\/09\/desodorante-hembra.jpg","type":"image\/jpeg"}],"twitter_card":"summary_large_image","twitter_misc":{"Tiempo de lectura":"2 minutos"},"schema":{"@context":"https:\/\/schema.org","@graph":[{"@type":"WebPage","@id":"https:\/\/www.mascoteriagonzalito.cl\/index.php\/producto\/perfume-para-perritas-y-gatitas-207-ml\/","url":"https:\/\/www.mascoteriagonzalito.cl\/index.php\/producto\/perfume-para-perritas-y-gatitas-207-ml\/","name":"LOVE LITTER PERFUME PARA PERRITAS Y GATITAS 207 ML - Mascoter\u00eda Gonzalito","isPartOf":{"@id":"https:\/\/www.mascoteriagonzalito.cl\/#website"},"primaryImageOfPage":{"@id":"https:\/\/www.mascoteriagonzalito.cl\/index.php\/producto\/perfume-para-perritas-y-gatitas-207-ml\/#primaryimage"},"image":{"@id":"https:\/\/www.mascoteriagonzalito.cl\/index.php\/producto\/perfume-para-perritas-y-gatitas-207-ml\/#primaryimage"},"thumbnailUrl":"https:\/\/www.mascoteriagonzalito.cl\/wp-content\/uploads\/2025\/09\/desodorante-hembra.jpg","datePublished":"2025-09-16T13:49:16+00:00","dateModified":"2026-03-06T20:12:45+00:00","breadcrumb":{"@id":"https:\/\/www.mascoteriagonzalito.cl\/index.php\/producto\/perfume-para-perritas-y-gatitas-207-ml\/#breadcrumb"},"inLanguage":"es","potentialAction":[{"@type":"ReadAction","target":["https:\/\/www.mascoteriagonzalito.cl\/index.php\/producto\/perfume-para-perritas-y-gatitas-207-ml\/"]}]},{"@type":"ImageObject","inLanguage":"es","@id":"https:\/\/www.mascoteriagonzalito.cl\/index.php\/producto\/perfume-para-perritas-y-gatitas-207-ml\/#primaryimage","url":"https:\/\/www.mascoteriagonzalito.cl\/wp-content\/uploads\/2025\/09\/desodorante-hembra.jpg","contentUrl":"https:\/\/www.mascoteriagonzalito.cl\/wp-content\/uploads\/2025\/09\/desodorante-hembra.jpg","width":582,"height":571},{"@type":"BreadcrumbList","@id":"https:\/\/www.mascoteriagonzalito.cl\/index.php\/producto\/perfume-para-perritas-y-gatitas-207-ml\/#breadcrumb","itemListElement":[{"@type":"ListItem","position":1,"name":"Portada","item":"https:\/\/www.mascoteriagonzalito.cl\/"},{"@type":"ListItem","position":2,"name":"Tienda","item":"https:\/\/www.mascoteriagonzalito.cl\/index.php\/tienda\/"},{"@type":"ListItem","position":3,"name":"LOVE LITTER PERFUME PARA PERRITAS Y GATITAS 207 ML"}]},{"@type":"WebSite","@id":"https:\/\/www.mascoteriagonzalito.cl\/#website","url":"https:\/\/www.mascoteriagonzalito.cl\/","name":"Mascoter\u00eda Gonzalito","description":"Alimentos y accesorios para mascotas","publisher":{"@id":"https:\/\/www.mascoteriagonzalito.cl\/#organization"},"potentialAction":[{"@type":"SearchAction","target":{"@type":"EntryPoint","urlTemplate":"https:\/\/www.mascoteriagonzalito.cl\/?s={search_term_string}"},"query-input":{"@type":"PropertyValueSpecification","valueRequired":true,"valueName":"search_term_string"}}],"inLanguage":"es"},{"@type":"Organization","@id":"https:\/\/www.mascoteriagonzalito.cl\/#organization","name":"Mascoter\u00eda Gonzalito","url":"https:\/\/www.mascoteriagonzalito.cl\/","logo":{"@type":"ImageObject","inLanguage":"es","@id":"https:\/\/www.mascoteriagonzalito.cl\/#\/schema\/logo\/image\/","url":"https:\/\/www.mascoteriagonzalito.cl\/wp-content\/uploads\/2025\/01\/IMG-20250113-WA0002-copia.png","contentUrl":"https:\/\/www.mascoteriagonzalito.cl\/wp-content\/uploads\/2025\/01\/IMG-20250113-WA0002-copia.png","width":1600,"height":1600,"caption":"Mascoter\u00eda Gonzalito"},"image":{"@id":"https:\/\/www.mascoteriagonzalito.cl\/#\/schema\/logo\/image\/"},"sameAs":["https:\/\/www.facebook.com\/mascoteria.gonzalito\/"]}]}},"_links":{"self":[{"href":"https:\/\/www.mascoteriagonzalito.cl\/index.php\/wp-json\/wp\/v2\/product\/4823","targetHints":{"allow":["GET"]}}],"collection":[{"href":"https:\/\/www.mascoteriagonzalito.cl\/index.php\/wp-json\/wp\/v2\/product"}],"about":[{"href":"https:\/\/www.mascoteriagonzalito.cl\/index.php\/wp-json\/wp\/v2\/types\/product"}],"replies":[{"embeddable":true,"href":"https:\/\/www.mascoteriagonzalito.cl\/index.php\/wp-json\/wp\/v2\/comments?post=4823"}],"wp:featuredmedia":[{"embeddable":true,"href":"https:\/\/www.mascoteriagonzalito.cl\/index.php\/wp-json\/wp\/v2\/media\/5929"}],"wp:attachment":[{"href":"https:\/\/www.mascoteriagonzalito.cl\/index.php\/wp-json\/wp\/v2\/media?parent=4823"}],"wp:term":[{"taxonomy":"product_brand","embeddable":true,"href":"https:\/\/www.mascoteriagonzalito.cl\/index.php\/wp-json\/wp\/v2\/product_brand?post=4823"},{"taxonomy":"product_cat","embeddable":true,"href":"https:\/\/www.mascoteriagonzalito.cl\/index.php\/wp-json\/wp\/v2\/product_cat?post=4823"},{"taxonomy":"product_tag","embeddable":true,"href":"https:\/\/www.mascoteriagonzalito.cl\/index.php\/wp-json\/wp\/v2\/product_tag?post=4823"}],"curies":[{"name":"wp","href":"https:\/\/api.w.org\/{rel}","templated":true}]}}