{"id":4730,"date":"2025-08-26T19:41:13","date_gmt":"2025-08-26T19:41:13","guid":{"rendered":"https:\/\/www.mascoteriagonzalito.cl\/?post_type=product&#038;p=4730"},"modified":"2026-04-17T21:31:39","modified_gmt":"2026-04-17T21:31:39","slug":"antiparasitario-revolution-plus-gatos-1-25-2-5-kg","status":"publish","type":"product","link":"https:\/\/www.mascoteriagonzalito.cl\/index.php\/producto\/antiparasitario-revolution-plus-gatos-1-25-2-5-kg\/","title":{"rendered":"ANTIPARASITARIO REVOLUTION PLUS GATOS 1,25 &#8211; 2,5 KG"},"content":{"rendered":"<h4 class=\"station-tabs-tabtitle\"><span id=\"station-tabs-tab_ht-i0-t10\" class=\"station-tabs-tab is-active\" tabindex=\"0\" role=\"button\" aria-controls=\"station-tabs-tabpanel_ht-i0-t10\" data-slug=\"composicion\" aria-expanded=\"true\"><span class=\"station-tabs-tabtext\">Composici\u00f3n:<\/span><\/span><\/h4>\n<div id=\"station-tabs-tabpanel_ht-i0-t10\" class=\"station-tabs-tabpanel is-active\" role=\"region\" aria-labelledby=\"station-tabs-tab_ht-i0-t10\" aria-hidden=\"false\">\n<div class=\"station-tabs-tabcontent rte prose\">\n<ul>\n<li>Selamectina 60mg.<\/li>\n<li>Sarolaner 10mg.<\/li>\n<li>Excipientes 1ml<\/li>\n<\/ul>\n<p><strong>Dosis:<\/strong>Presentaci\u00f3n para 1,25 &#8211; 2,5 kg: 1 tubo unidosis con 0,25 mL (15 mg selamectina \/ 2,5 mg saroloner).<\/p>\n<h4 class=\"station-tabs-tabtitle\"><span id=\"station-tabs-tab_ht-i0-t14\" class=\"station-tabs-tab is-active\" tabindex=\"0\" role=\"button\" aria-controls=\"station-tabs-tabpanel_ht-i0-t14\" data-slug=\"administracion\" aria-expanded=\"true\"><span class=\"station-tabs-tabtext\">Administraci\u00f3n:<\/span><\/span><\/h4>\n<div id=\"station-tabs-tabpanel_ht-i0-t14\" class=\"station-tabs-tabpanel is-active\" role=\"region\" aria-labelledby=\"station-tabs-tab_ht-i0-t14\" aria-hidden=\"false\">\n<div class=\"station-tabs-tabcontent rte prose\">\n<p>T\u00f3pica<\/p>\n<p><strong>Indicaciones de Uso:<\/strong><\/p>\n<ul>\n<li><span class=\"ms-summarystandardbody\">Presione con fuerza la tapa hacia abajo, para romper el sello del tubo, se escuchar\u00e1 un \u00abCLICK\u00bb, confirmando que la tapa rompi\u00f3 el sello. Retire la tapa y revise que la punta del tubo est\u00e9 abierta. Para administrar el producto, separe el pelo del lomo del animal en la base del cuello, frente a las esc\u00e1pulas, hasta que la piel sea visible. Coloque la punta del tubo en la piel y apriete el tubo 3 o 4 veces para vaciar todo el contenido directamente en un sitio. Mantenga el tubo apretado y arr\u00e1strelo para alejarlo del l\u00edquido, levante el tubo para retirarlo. Revise que el tubo est\u00e9 vac\u00edo.<\/span><\/li>\n<li><span class=\"ms-summarystandardbody\">No masajee el producto en la piel. Debido al contenido del alcohol isoprop\u00edlico, no se debe aplicar sobre piel abierta o heridas. Evite el contacto del producto con los dedos. No aplique el producto si el pelo del animal est\u00e1 mojado. En algunos gatos se puede observar pelo tieso, pegado o descolorido, o incluso un residuo como polvo en el sitio de aplicaci\u00f3n. Estos efectos son temporales y no afectan la seguridad ni la efectividad del producto.<\/span><\/li>\n<\/ul>\n<\/div>\n<\/div>\n<\/div>\n<\/div>\n","protected":false},"excerpt":{"rendered":"<h4 class=\"station-tabs-tabtitle\"><span id=\"station-tabs-tab_ht-i0-t6\" class=\"station-tabs-tab station-tabs-default-tab mod-first is-active\" tabindex=\"0\" role=\"button\" aria-controls=\"station-tabs-tabpanel_ht-i0-t6\" data-slug=\"descripcion\" aria-expanded=\"true\"><span class=\"station-tabs-tabtext\">Descripci\u00f3n<\/span><\/span><\/h4>\n<div id=\"station-tabs-tabpanel_ht-i0-t6\" class=\"station-tabs-tabpanel station-tabs-default-tabpanel is-active\" role=\"region\" aria-labelledby=\"station-tabs-tab_ht-i0-t6\" aria-hidden=\"false\">\n<div class=\"station-tabs-tabcontent rte prose\">\n<p>Revolution Plus\u00ae es un antiparasitario tanto<\/p>\n<p><strong>interno <\/strong>como <strong>externo<\/strong>que protege eficazmente a gatos y gatitos de mas de 8 semanas. Aplica una dosis de forma t\u00f3pica contra pulgas, garrapatas, piojos masticadores, \u00e1caros del o\u00eddo, nematodos, anquilostomas y dirofilarias.<\/div>\n<\/div>\n","protected":false},"featured_media":4868,"comment_status":"open","ping_status":"closed","template":"","meta":[],"product_brand":[],"product_cat":[40],"product_tag":[],"class_list":{"0":"post-4730","1":"product","2":"type-product","3":"status-publish","4":"has-post-thumbnail","6":"product_cat-antiparasitario-gato","8":"first","9":"instock","10":"shipping-taxable","11":"purchasable","12":"product-type-simple"},"yoast_head":"<!-- This site is optimized with the Yoast SEO plugin v27.4 - https:\/\/yoast.com\/product\/yoast-seo-wordpress\/ -->\n<title>ANTIPARASITARIO REVOLUTION PLUS GATOS 1,25 - 2,5 KG - Mascoter\u00eda Gonzalito<\/title>\n<meta name=\"robots\" content=\"index, follow, max-snippet:-1, max-image-preview:large, max-video-preview:-1\" \/>\n<link rel=\"canonical\" href=\"https:\/\/www.mascoteriagonzalito.cl\/index.php\/producto\/antiparasitario-revolution-plus-gatos-1-25-2-5-kg\/\" \/>\n<meta property=\"og:locale\" content=\"es_ES\" \/>\n<meta property=\"og:type\" content=\"article\" \/>\n<meta property=\"og:title\" content=\"ANTIPARASITARIO REVOLUTION PLUS GATOS 1,25 - 2,5 KG - Mascoter\u00eda Gonzalito\" \/>\n<meta property=\"og:description\" content=\"Descripci\u00f3n    Revolution Plus\u00ae es un antiparasitario tanto  interno como externoque protege eficazmente a gatos y gatitos de mas de 8 semanas. Aplica una dosis de forma t\u00f3pica contra pulgas, garrapatas, piojos masticadores, \u00e1caros del o\u00eddo, nematodos, anquilostomas y dirofilarias.\" \/>\n<meta property=\"og:url\" content=\"https:\/\/www.mascoteriagonzalito.cl\/index.php\/producto\/antiparasitario-revolution-plus-gatos-1-25-2-5-kg\/\" \/>\n<meta property=\"og:site_name\" content=\"Mascoter\u00eda Gonzalito\" \/>\n<meta property=\"article:publisher\" content=\"https:\/\/www.facebook.com\/mascoteria.gonzalito\/\" \/>\n<meta property=\"article:modified_time\" content=\"2026-04-17T21:31:39+00:00\" \/>\n<meta property=\"og:image\" content=\"https:\/\/www.mascoteriagonzalito.cl\/wp-content\/uploads\/2025\/08\/revolution-plus-gatos-125-25-kg-025-ml.webp\" \/>\n\t<meta property=\"og:image:width\" content=\"901\" \/>\n\t<meta property=\"og:image:height\" content=\"901\" \/>\n\t<meta property=\"og:image:type\" content=\"image\/webp\" \/>\n<meta name=\"twitter:card\" content=\"summary_large_image\" \/>\n<meta name=\"twitter:label1\" content=\"Tiempo de lectura\" \/>\n\t<meta name=\"twitter:data1\" content=\"1 minuto\" \/>\n<script type=\"application\/ld+json\" class=\"yoast-schema-graph\">{\"@context\":\"https:\\\/\\\/schema.org\",\"@graph\":[{\"@type\":\"WebPage\",\"@id\":\"https:\\\/\\\/www.mascoteriagonzalito.cl\\\/index.php\\\/producto\\\/antiparasitario-revolution-plus-gatos-1-25-2-5-kg\\\/\",\"url\":\"https:\\\/\\\/www.mascoteriagonzalito.cl\\\/index.php\\\/producto\\\/antiparasitario-revolution-plus-gatos-1-25-2-5-kg\\\/\",\"name\":\"ANTIPARASITARIO REVOLUTION PLUS GATOS 1,25 - 2,5 KG - Mascoter\u00eda Gonzalito\",\"isPartOf\":{\"@id\":\"https:\\\/\\\/www.mascoteriagonzalito.cl\\\/#website\"},\"primaryImageOfPage\":{\"@id\":\"https:\\\/\\\/www.mascoteriagonzalito.cl\\\/index.php\\\/producto\\\/antiparasitario-revolution-plus-gatos-1-25-2-5-kg\\\/#primaryimage\"},\"image\":{\"@id\":\"https:\\\/\\\/www.mascoteriagonzalito.cl\\\/index.php\\\/producto\\\/antiparasitario-revolution-plus-gatos-1-25-2-5-kg\\\/#primaryimage\"},\"thumbnailUrl\":\"https:\\\/\\\/www.mascoteriagonzalito.cl\\\/wp-content\\\/uploads\\\/2025\\\/08\\\/revolution-plus-gatos-125-25-kg-025-ml.webp\",\"datePublished\":\"2025-08-26T19:41:13+00:00\",\"dateModified\":\"2026-04-17T21:31:39+00:00\",\"breadcrumb\":{\"@id\":\"https:\\\/\\\/www.mascoteriagonzalito.cl\\\/index.php\\\/producto\\\/antiparasitario-revolution-plus-gatos-1-25-2-5-kg\\\/#breadcrumb\"},\"inLanguage\":\"es\",\"potentialAction\":[{\"@type\":\"ReadAction\",\"target\":[\"https:\\\/\\\/www.mascoteriagonzalito.cl\\\/index.php\\\/producto\\\/antiparasitario-revolution-plus-gatos-1-25-2-5-kg\\\/\"]}]},{\"@type\":\"ImageObject\",\"inLanguage\":\"es\",\"@id\":\"https:\\\/\\\/www.mascoteriagonzalito.cl\\\/index.php\\\/producto\\\/antiparasitario-revolution-plus-gatos-1-25-2-5-kg\\\/#primaryimage\",\"url\":\"https:\\\/\\\/www.mascoteriagonzalito.cl\\\/wp-content\\\/uploads\\\/2025\\\/08\\\/revolution-plus-gatos-125-25-kg-025-ml.webp\",\"contentUrl\":\"https:\\\/\\\/www.mascoteriagonzalito.cl\\\/wp-content\\\/uploads\\\/2025\\\/08\\\/revolution-plus-gatos-125-25-kg-025-ml.webp\",\"width\":901,\"height\":901},{\"@type\":\"BreadcrumbList\",\"@id\":\"https:\\\/\\\/www.mascoteriagonzalito.cl\\\/index.php\\\/producto\\\/antiparasitario-revolution-plus-gatos-1-25-2-5-kg\\\/#breadcrumb\",\"itemListElement\":[{\"@type\":\"ListItem\",\"position\":1,\"name\":\"Portada\",\"item\":\"https:\\\/\\\/www.mascoteriagonzalito.cl\\\/\"},{\"@type\":\"ListItem\",\"position\":2,\"name\":\"Tienda\",\"item\":\"https:\\\/\\\/www.mascoteriagonzalito.cl\\\/index.php\\\/tienda\\\/\"},{\"@type\":\"ListItem\",\"position\":3,\"name\":\"ANTIPARASITARIO REVOLUTION PLUS GATOS 1,25 &#8211; 2,5 KG\"}]},{\"@type\":\"WebSite\",\"@id\":\"https:\\\/\\\/www.mascoteriagonzalito.cl\\\/#website\",\"url\":\"https:\\\/\\\/www.mascoteriagonzalito.cl\\\/\",\"name\":\"Mascoter\u00eda Gonzalito\",\"description\":\"Alimentos y accesorios para mascotas\",\"publisher\":{\"@id\":\"https:\\\/\\\/www.mascoteriagonzalito.cl\\\/#organization\"},\"potentialAction\":[{\"@type\":\"SearchAction\",\"target\":{\"@type\":\"EntryPoint\",\"urlTemplate\":\"https:\\\/\\\/www.mascoteriagonzalito.cl\\\/?s={search_term_string}\"},\"query-input\":{\"@type\":\"PropertyValueSpecification\",\"valueRequired\":true,\"valueName\":\"search_term_string\"}}],\"inLanguage\":\"es\"},{\"@type\":\"Organization\",\"@id\":\"https:\\\/\\\/www.mascoteriagonzalito.cl\\\/#organization\",\"name\":\"Mascoter\u00eda Gonzalito\",\"url\":\"https:\\\/\\\/www.mascoteriagonzalito.cl\\\/\",\"logo\":{\"@type\":\"ImageObject\",\"inLanguage\":\"es\",\"@id\":\"https:\\\/\\\/www.mascoteriagonzalito.cl\\\/#\\\/schema\\\/logo\\\/image\\\/\",\"url\":\"https:\\\/\\\/www.mascoteriagonzalito.cl\\\/wp-content\\\/uploads\\\/2025\\\/01\\\/IMG-20250113-WA0002-copia.png\",\"contentUrl\":\"https:\\\/\\\/www.mascoteriagonzalito.cl\\\/wp-content\\\/uploads\\\/2025\\\/01\\\/IMG-20250113-WA0002-copia.png\",\"width\":1600,\"height\":1600,\"caption\":\"Mascoter\u00eda Gonzalito\"},\"image\":{\"@id\":\"https:\\\/\\\/www.mascoteriagonzalito.cl\\\/#\\\/schema\\\/logo\\\/image\\\/\"},\"sameAs\":[\"https:\\\/\\\/www.facebook.com\\\/mascoteria.gonzalito\\\/\"]}]}<\/script>\n<!-- \/ Yoast SEO plugin. -->","yoast_head_json":{"title":"ANTIPARASITARIO REVOLUTION PLUS GATOS 1,25 - 2,5 KG - Mascoter\u00eda Gonzalito","robots":{"index":"index","follow":"follow","max-snippet":"max-snippet:-1","max-image-preview":"max-image-preview:large","max-video-preview":"max-video-preview:-1"},"canonical":"https:\/\/www.mascoteriagonzalito.cl\/index.php\/producto\/antiparasitario-revolution-plus-gatos-1-25-2-5-kg\/","og_locale":"es_ES","og_type":"article","og_title":"ANTIPARASITARIO REVOLUTION PLUS GATOS 1,25 - 2,5 KG - Mascoter\u00eda Gonzalito","og_description":"Descripci\u00f3n    Revolution Plus\u00ae es un antiparasitario tanto  interno como externoque protege eficazmente a gatos y gatitos de mas de 8 semanas. Aplica una dosis de forma t\u00f3pica contra pulgas, garrapatas, piojos masticadores, \u00e1caros del o\u00eddo, nematodos, anquilostomas y dirofilarias.","og_url":"https:\/\/www.mascoteriagonzalito.cl\/index.php\/producto\/antiparasitario-revolution-plus-gatos-1-25-2-5-kg\/","og_site_name":"Mascoter\u00eda Gonzalito","article_publisher":"https:\/\/www.facebook.com\/mascoteria.gonzalito\/","article_modified_time":"2026-04-17T21:31:39+00:00","og_image":[{"width":901,"height":901,"url":"https:\/\/www.mascoteriagonzalito.cl\/wp-content\/uploads\/2025\/08\/revolution-plus-gatos-125-25-kg-025-ml.webp","type":"image\/webp"}],"twitter_card":"summary_large_image","twitter_misc":{"Tiempo de lectura":"1 minuto"},"schema":{"@context":"https:\/\/schema.org","@graph":[{"@type":"WebPage","@id":"https:\/\/www.mascoteriagonzalito.cl\/index.php\/producto\/antiparasitario-revolution-plus-gatos-1-25-2-5-kg\/","url":"https:\/\/www.mascoteriagonzalito.cl\/index.php\/producto\/antiparasitario-revolution-plus-gatos-1-25-2-5-kg\/","name":"ANTIPARASITARIO REVOLUTION PLUS GATOS 1,25 - 2,5 KG - Mascoter\u00eda Gonzalito","isPartOf":{"@id":"https:\/\/www.mascoteriagonzalito.cl\/#website"},"primaryImageOfPage":{"@id":"https:\/\/www.mascoteriagonzalito.cl\/index.php\/producto\/antiparasitario-revolution-plus-gatos-1-25-2-5-kg\/#primaryimage"},"image":{"@id":"https:\/\/www.mascoteriagonzalito.cl\/index.php\/producto\/antiparasitario-revolution-plus-gatos-1-25-2-5-kg\/#primaryimage"},"thumbnailUrl":"https:\/\/www.mascoteriagonzalito.cl\/wp-content\/uploads\/2025\/08\/revolution-plus-gatos-125-25-kg-025-ml.webp","datePublished":"2025-08-26T19:41:13+00:00","dateModified":"2026-04-17T21:31:39+00:00","breadcrumb":{"@id":"https:\/\/www.mascoteriagonzalito.cl\/index.php\/producto\/antiparasitario-revolution-plus-gatos-1-25-2-5-kg\/#breadcrumb"},"inLanguage":"es","potentialAction":[{"@type":"ReadAction","target":["https:\/\/www.mascoteriagonzalito.cl\/index.php\/producto\/antiparasitario-revolution-plus-gatos-1-25-2-5-kg\/"]}]},{"@type":"ImageObject","inLanguage":"es","@id":"https:\/\/www.mascoteriagonzalito.cl\/index.php\/producto\/antiparasitario-revolution-plus-gatos-1-25-2-5-kg\/#primaryimage","url":"https:\/\/www.mascoteriagonzalito.cl\/wp-content\/uploads\/2025\/08\/revolution-plus-gatos-125-25-kg-025-ml.webp","contentUrl":"https:\/\/www.mascoteriagonzalito.cl\/wp-content\/uploads\/2025\/08\/revolution-plus-gatos-125-25-kg-025-ml.webp","width":901,"height":901},{"@type":"BreadcrumbList","@id":"https:\/\/www.mascoteriagonzalito.cl\/index.php\/producto\/antiparasitario-revolution-plus-gatos-1-25-2-5-kg\/#breadcrumb","itemListElement":[{"@type":"ListItem","position":1,"name":"Portada","item":"https:\/\/www.mascoteriagonzalito.cl\/"},{"@type":"ListItem","position":2,"name":"Tienda","item":"https:\/\/www.mascoteriagonzalito.cl\/index.php\/tienda\/"},{"@type":"ListItem","position":3,"name":"ANTIPARASITARIO REVOLUTION PLUS GATOS 1,25 &#8211; 2,5 KG"}]},{"@type":"WebSite","@id":"https:\/\/www.mascoteriagonzalito.cl\/#website","url":"https:\/\/www.mascoteriagonzalito.cl\/","name":"Mascoter\u00eda Gonzalito","description":"Alimentos y accesorios para mascotas","publisher":{"@id":"https:\/\/www.mascoteriagonzalito.cl\/#organization"},"potentialAction":[{"@type":"SearchAction","target":{"@type":"EntryPoint","urlTemplate":"https:\/\/www.mascoteriagonzalito.cl\/?s={search_term_string}"},"query-input":{"@type":"PropertyValueSpecification","valueRequired":true,"valueName":"search_term_string"}}],"inLanguage":"es"},{"@type":"Organization","@id":"https:\/\/www.mascoteriagonzalito.cl\/#organization","name":"Mascoter\u00eda Gonzalito","url":"https:\/\/www.mascoteriagonzalito.cl\/","logo":{"@type":"ImageObject","inLanguage":"es","@id":"https:\/\/www.mascoteriagonzalito.cl\/#\/schema\/logo\/image\/","url":"https:\/\/www.mascoteriagonzalito.cl\/wp-content\/uploads\/2025\/01\/IMG-20250113-WA0002-copia.png","contentUrl":"https:\/\/www.mascoteriagonzalito.cl\/wp-content\/uploads\/2025\/01\/IMG-20250113-WA0002-copia.png","width":1600,"height":1600,"caption":"Mascoter\u00eda Gonzalito"},"image":{"@id":"https:\/\/www.mascoteriagonzalito.cl\/#\/schema\/logo\/image\/"},"sameAs":["https:\/\/www.facebook.com\/mascoteria.gonzalito\/"]}]}},"_links":{"self":[{"href":"https:\/\/www.mascoteriagonzalito.cl\/index.php\/wp-json\/wp\/v2\/product\/4730","targetHints":{"allow":["GET"]}}],"collection":[{"href":"https:\/\/www.mascoteriagonzalito.cl\/index.php\/wp-json\/wp\/v2\/product"}],"about":[{"href":"https:\/\/www.mascoteriagonzalito.cl\/index.php\/wp-json\/wp\/v2\/types\/product"}],"replies":[{"embeddable":true,"href":"https:\/\/www.mascoteriagonzalito.cl\/index.php\/wp-json\/wp\/v2\/comments?post=4730"}],"wp:featuredmedia":[{"embeddable":true,"href":"https:\/\/www.mascoteriagonzalito.cl\/index.php\/wp-json\/wp\/v2\/media\/4868"}],"wp:attachment":[{"href":"https:\/\/www.mascoteriagonzalito.cl\/index.php\/wp-json\/wp\/v2\/media?parent=4730"}],"wp:term":[{"taxonomy":"product_brand","embeddable":true,"href":"https:\/\/www.mascoteriagonzalito.cl\/index.php\/wp-json\/wp\/v2\/product_brand?post=4730"},{"taxonomy":"product_cat","embeddable":true,"href":"https:\/\/www.mascoteriagonzalito.cl\/index.php\/wp-json\/wp\/v2\/product_cat?post=4730"},{"taxonomy":"product_tag","embeddable":true,"href":"https:\/\/www.mascoteriagonzalito.cl\/index.php\/wp-json\/wp\/v2\/product_tag?post=4730"}],"curies":[{"name":"wp","href":"https:\/\/api.w.org\/{rel}","templated":true}]}}