{"id":4389,"date":"2025-06-16T15:47:11","date_gmt":"2025-06-16T15:47:11","guid":{"rendered":"https:\/\/www.mascoteriagonzalito.cl\/?post_type=product&#038;p=4389"},"modified":"2026-02-19T19:59:27","modified_gmt":"2026-02-19T19:59:27","slug":"acana-kitten-first-feast-1-8-kg","status":"publish","type":"product","link":"https:\/\/www.mascoteriagonzalito.cl\/index.php\/producto\/acana-kitten-first-feast-1-8-kg\/","title":{"rendered":"ACANA KITTEN FIRST FEAST 1.8 KG"},"content":{"rendered":"<p><strong>CARACTERISTICAS\u00a0<\/strong><\/p>\n<p><span>Especialmente dise\u00f1ada para tu gatito, nuestra Receta ACANA\u2122 First Feast ayuda a su crecimiento y desarrollo. Enriquecida con un 70 % de ingredientes animales de calidad,\u00a0<\/span><sup><span>incluyendo<\/span><\/sup><span>\u00a0pollo fresco o crudo de corral y arenque entero, First Feast aporta la prote\u00edna animal que tu gatito necesita para crecer fuerte. Esta receta rica\u00a0<\/span><sup><span>en<\/span><\/sup><span>\u00a0nutrientes tambi\u00e9n contribuye a mejorar los beneficios clave para la salud de tu gatito, como una piel y un pelaje sanos, m\u00fasculos y huesos sanos, y un desarrollo ocular y cerebral \u00f3ptimo. \u00a1Nutre a tu gatito con una receta dise\u00f1ada para que crezca sano y feliz con ACANA First Feast!<\/span><\/p>\n<p>&nbsp;<\/p>\n<ul>\n<li><span>Rico con un 70% de ingredientes animales de calidad\u00a0<\/span><sup><span>1<\/span><\/sup><span>\u00a0como pollo y pavo de corral\u00a0<\/span><sup><span>2<\/span><\/sup><span>\u00a0y arenque entero.<\/span><\/li>\n<li><span>Los \u00e1cidos grasos Omega-3 y Omega-6 equilibrados favorecen una piel sana y un pelaje brillante.<\/span><\/li>\n<li><span>La prote\u00edna de alta calidad procedente de ingredientes animales favorece el crecimiento y desarrollo de los m\u00fasculos y los huesos de tu gatito.<\/span><\/li>\n<li><span>La taurina, el EPA y el DHA son importantes para el crecimiento y el desarrollo de la funci\u00f3n cognitiva y retiniana saludables de su gatito.<\/span><\/li>\n<li><span>Elaborado en EE. UU. con los mejores ingredientes del mundo.<\/span><\/li>\n<\/ul>\n<h2><span>Ingredientes<\/span><\/h2>\n<p><span>Pollo, harina de pollo, harina de arenque, avena mondada, guisantes enteros, grasa de pollo, harina de pavo, lentejas verdes enteras, garbanzos enteros, arenque entero, huevos, aceite de pescado, sabor natural a pollo, fibra de lentejas, codorniz, h\u00edgado de pollo, coraz\u00f3n de pollo, ar\u00e1ndanos rojos enteros, algas marinas secas, cloruro de colina, proteinato de zinc, tocoferoles mixtos (conservante), suplemento de vitamina E, taurina, suplemento de vitamina D3, acetato de vitamina A, proteinato de cobre, biotina, DL-metionina, niacina, mononitrato de tiamina, riboflavina, pantotenato de calcio, clorhidrato de piridoxina, \u00e1cido f\u00f3lico, suplemento de vitamina B12, \u00e1cido asc\u00f3rbico (vitamina C), \u00e1cido c\u00edtrico (conservante), extracto de romero, producto de fermentaci\u00f3n de Lactobacillus acidophilus seco, producto de fermentaci\u00f3n de Bifidobacterium animalis seco, producto de fermentaci\u00f3n de Lactobacillus casei seco<\/span><\/p>\n<p><span>ENERG\u00cdA METABOLIZABLE: 3850 kcal\/kg (439 kcal por taza de 8 fl. oz), con 37% de prote\u00ednas, 23% de carbohidratos y 40% de grasas.<\/span><\/p>\n<p><span>El alimento para gatitos ACANA\u2122 First Feast est\u00e1 formulado para cumplir con los niveles nutricionales establecidos por los perfiles de nutrientes de alimentos para gatos de la AAFCO para el crecimiento y la reproducci\u00f3n.<\/span><\/p>\n","protected":false},"excerpt":{"rendered":"<p>Especialmente dise\u00f1ada para tu gatito, nuestra Receta ACANA\u2122 First Feast ayuda a su crecimiento y desarrollo.<\/p>\n","protected":false},"featured_media":4396,"comment_status":"open","ping_status":"closed","template":"","meta":[],"product_brand":[139],"product_cat":[33],"product_tag":[],"class_list":{"0":"post-4389","1":"product","2":"type-product","3":"status-publish","4":"has-post-thumbnail","6":"product_brand-acana","7":"product_cat-alimentos-gatos","9":"first","10":"instock","11":"shipping-taxable","12":"purchasable","13":"product-type-simple"},"yoast_head":"<!-- This site is optimized with the Yoast SEO plugin v27.4 - https:\/\/yoast.com\/product\/yoast-seo-wordpress\/ -->\n<title>ACANA KITTEN FIRST FEAST 1.8 KG - Mascoter\u00eda Gonzalito<\/title>\n<meta name=\"robots\" content=\"index, follow, max-snippet:-1, max-image-preview:large, max-video-preview:-1\" \/>\n<link rel=\"canonical\" href=\"https:\/\/www.mascoteriagonzalito.cl\/index.php\/producto\/acana-kitten-first-feast-1-8-kg\/\" \/>\n<meta property=\"og:locale\" content=\"es_ES\" \/>\n<meta property=\"og:type\" content=\"article\" \/>\n<meta property=\"og:title\" content=\"ACANA KITTEN FIRST FEAST 1.8 KG - Mascoter\u00eda Gonzalito\" \/>\n<meta property=\"og:description\" content=\"Especialmente dise\u00f1ada para tu gatito, nuestra Receta ACANA\u2122 First Feast ayuda a su crecimiento y desarrollo.\" \/>\n<meta property=\"og:url\" content=\"https:\/\/www.mascoteriagonzalito.cl\/index.php\/producto\/acana-kitten-first-feast-1-8-kg\/\" \/>\n<meta property=\"og:site_name\" content=\"Mascoter\u00eda Gonzalito\" \/>\n<meta property=\"article:publisher\" content=\"https:\/\/www.facebook.com\/mascoteria.gonzalito\/\" \/>\n<meta property=\"article:modified_time\" content=\"2026-02-19T19:59:27+00:00\" \/>\n<meta property=\"og:image\" content=\"https:\/\/www.mascoteriagonzalito.cl\/wp-content\/uploads\/2025\/06\/ACANA-KITTEN.webp\" \/>\n\t<meta property=\"og:image:width\" content=\"450\" \/>\n\t<meta property=\"og:image:height\" content=\"450\" \/>\n\t<meta property=\"og:image:type\" content=\"image\/webp\" \/>\n<meta name=\"twitter:card\" content=\"summary_large_image\" \/>\n<meta name=\"twitter:label1\" content=\"Tiempo de lectura\" \/>\n\t<meta name=\"twitter:data1\" content=\"2 minutos\" \/>\n<script type=\"application\/ld+json\" class=\"yoast-schema-graph\">{\"@context\":\"https:\\\/\\\/schema.org\",\"@graph\":[{\"@type\":\"WebPage\",\"@id\":\"https:\\\/\\\/www.mascoteriagonzalito.cl\\\/index.php\\\/producto\\\/acana-kitten-first-feast-1-8-kg\\\/\",\"url\":\"https:\\\/\\\/www.mascoteriagonzalito.cl\\\/index.php\\\/producto\\\/acana-kitten-first-feast-1-8-kg\\\/\",\"name\":\"ACANA KITTEN FIRST FEAST 1.8 KG - Mascoter\u00eda Gonzalito\",\"isPartOf\":{\"@id\":\"https:\\\/\\\/www.mascoteriagonzalito.cl\\\/#website\"},\"primaryImageOfPage\":{\"@id\":\"https:\\\/\\\/www.mascoteriagonzalito.cl\\\/index.php\\\/producto\\\/acana-kitten-first-feast-1-8-kg\\\/#primaryimage\"},\"image\":{\"@id\":\"https:\\\/\\\/www.mascoteriagonzalito.cl\\\/index.php\\\/producto\\\/acana-kitten-first-feast-1-8-kg\\\/#primaryimage\"},\"thumbnailUrl\":\"https:\\\/\\\/www.mascoteriagonzalito.cl\\\/wp-content\\\/uploads\\\/2025\\\/06\\\/ACANA-KITTEN.webp\",\"datePublished\":\"2025-06-16T15:47:11+00:00\",\"dateModified\":\"2026-02-19T19:59:27+00:00\",\"breadcrumb\":{\"@id\":\"https:\\\/\\\/www.mascoteriagonzalito.cl\\\/index.php\\\/producto\\\/acana-kitten-first-feast-1-8-kg\\\/#breadcrumb\"},\"inLanguage\":\"es\",\"potentialAction\":[{\"@type\":\"ReadAction\",\"target\":[\"https:\\\/\\\/www.mascoteriagonzalito.cl\\\/index.php\\\/producto\\\/acana-kitten-first-feast-1-8-kg\\\/\"]}]},{\"@type\":\"ImageObject\",\"inLanguage\":\"es\",\"@id\":\"https:\\\/\\\/www.mascoteriagonzalito.cl\\\/index.php\\\/producto\\\/acana-kitten-first-feast-1-8-kg\\\/#primaryimage\",\"url\":\"https:\\\/\\\/www.mascoteriagonzalito.cl\\\/wp-content\\\/uploads\\\/2025\\\/06\\\/ACANA-KITTEN.webp\",\"contentUrl\":\"https:\\\/\\\/www.mascoteriagonzalito.cl\\\/wp-content\\\/uploads\\\/2025\\\/06\\\/ACANA-KITTEN.webp\",\"width\":450,\"height\":450},{\"@type\":\"BreadcrumbList\",\"@id\":\"https:\\\/\\\/www.mascoteriagonzalito.cl\\\/index.php\\\/producto\\\/acana-kitten-first-feast-1-8-kg\\\/#breadcrumb\",\"itemListElement\":[{\"@type\":\"ListItem\",\"position\":1,\"name\":\"Portada\",\"item\":\"https:\\\/\\\/www.mascoteriagonzalito.cl\\\/\"},{\"@type\":\"ListItem\",\"position\":2,\"name\":\"Tienda\",\"item\":\"https:\\\/\\\/www.mascoteriagonzalito.cl\\\/index.php\\\/tienda\\\/\"},{\"@type\":\"ListItem\",\"position\":3,\"name\":\"ACANA KITTEN FIRST FEAST 1.8 KG\"}]},{\"@type\":\"WebSite\",\"@id\":\"https:\\\/\\\/www.mascoteriagonzalito.cl\\\/#website\",\"url\":\"https:\\\/\\\/www.mascoteriagonzalito.cl\\\/\",\"name\":\"Mascoter\u00eda Gonzalito\",\"description\":\"Alimentos y accesorios para mascotas\",\"publisher\":{\"@id\":\"https:\\\/\\\/www.mascoteriagonzalito.cl\\\/#organization\"},\"potentialAction\":[{\"@type\":\"SearchAction\",\"target\":{\"@type\":\"EntryPoint\",\"urlTemplate\":\"https:\\\/\\\/www.mascoteriagonzalito.cl\\\/?s={search_term_string}\"},\"query-input\":{\"@type\":\"PropertyValueSpecification\",\"valueRequired\":true,\"valueName\":\"search_term_string\"}}],\"inLanguage\":\"es\"},{\"@type\":\"Organization\",\"@id\":\"https:\\\/\\\/www.mascoteriagonzalito.cl\\\/#organization\",\"name\":\"Mascoter\u00eda Gonzalito\",\"url\":\"https:\\\/\\\/www.mascoteriagonzalito.cl\\\/\",\"logo\":{\"@type\":\"ImageObject\",\"inLanguage\":\"es\",\"@id\":\"https:\\\/\\\/www.mascoteriagonzalito.cl\\\/#\\\/schema\\\/logo\\\/image\\\/\",\"url\":\"https:\\\/\\\/www.mascoteriagonzalito.cl\\\/wp-content\\\/uploads\\\/2025\\\/01\\\/IMG-20250113-WA0002-copia.png\",\"contentUrl\":\"https:\\\/\\\/www.mascoteriagonzalito.cl\\\/wp-content\\\/uploads\\\/2025\\\/01\\\/IMG-20250113-WA0002-copia.png\",\"width\":1600,\"height\":1600,\"caption\":\"Mascoter\u00eda Gonzalito\"},\"image\":{\"@id\":\"https:\\\/\\\/www.mascoteriagonzalito.cl\\\/#\\\/schema\\\/logo\\\/image\\\/\"},\"sameAs\":[\"https:\\\/\\\/www.facebook.com\\\/mascoteria.gonzalito\\\/\"]}]}<\/script>\n<!-- \/ Yoast SEO plugin. -->","yoast_head_json":{"title":"ACANA KITTEN FIRST FEAST 1.8 KG - Mascoter\u00eda Gonzalito","robots":{"index":"index","follow":"follow","max-snippet":"max-snippet:-1","max-image-preview":"max-image-preview:large","max-video-preview":"max-video-preview:-1"},"canonical":"https:\/\/www.mascoteriagonzalito.cl\/index.php\/producto\/acana-kitten-first-feast-1-8-kg\/","og_locale":"es_ES","og_type":"article","og_title":"ACANA KITTEN FIRST FEAST 1.8 KG - Mascoter\u00eda Gonzalito","og_description":"Especialmente dise\u00f1ada para tu gatito, nuestra Receta ACANA\u2122 First Feast ayuda a su crecimiento y desarrollo.","og_url":"https:\/\/www.mascoteriagonzalito.cl\/index.php\/producto\/acana-kitten-first-feast-1-8-kg\/","og_site_name":"Mascoter\u00eda Gonzalito","article_publisher":"https:\/\/www.facebook.com\/mascoteria.gonzalito\/","article_modified_time":"2026-02-19T19:59:27+00:00","og_image":[{"width":450,"height":450,"url":"https:\/\/www.mascoteriagonzalito.cl\/wp-content\/uploads\/2025\/06\/ACANA-KITTEN.webp","type":"image\/webp"}],"twitter_card":"summary_large_image","twitter_misc":{"Tiempo de lectura":"2 minutos"},"schema":{"@context":"https:\/\/schema.org","@graph":[{"@type":"WebPage","@id":"https:\/\/www.mascoteriagonzalito.cl\/index.php\/producto\/acana-kitten-first-feast-1-8-kg\/","url":"https:\/\/www.mascoteriagonzalito.cl\/index.php\/producto\/acana-kitten-first-feast-1-8-kg\/","name":"ACANA KITTEN FIRST FEAST 1.8 KG - Mascoter\u00eda Gonzalito","isPartOf":{"@id":"https:\/\/www.mascoteriagonzalito.cl\/#website"},"primaryImageOfPage":{"@id":"https:\/\/www.mascoteriagonzalito.cl\/index.php\/producto\/acana-kitten-first-feast-1-8-kg\/#primaryimage"},"image":{"@id":"https:\/\/www.mascoteriagonzalito.cl\/index.php\/producto\/acana-kitten-first-feast-1-8-kg\/#primaryimage"},"thumbnailUrl":"https:\/\/www.mascoteriagonzalito.cl\/wp-content\/uploads\/2025\/06\/ACANA-KITTEN.webp","datePublished":"2025-06-16T15:47:11+00:00","dateModified":"2026-02-19T19:59:27+00:00","breadcrumb":{"@id":"https:\/\/www.mascoteriagonzalito.cl\/index.php\/producto\/acana-kitten-first-feast-1-8-kg\/#breadcrumb"},"inLanguage":"es","potentialAction":[{"@type":"ReadAction","target":["https:\/\/www.mascoteriagonzalito.cl\/index.php\/producto\/acana-kitten-first-feast-1-8-kg\/"]}]},{"@type":"ImageObject","inLanguage":"es","@id":"https:\/\/www.mascoteriagonzalito.cl\/index.php\/producto\/acana-kitten-first-feast-1-8-kg\/#primaryimage","url":"https:\/\/www.mascoteriagonzalito.cl\/wp-content\/uploads\/2025\/06\/ACANA-KITTEN.webp","contentUrl":"https:\/\/www.mascoteriagonzalito.cl\/wp-content\/uploads\/2025\/06\/ACANA-KITTEN.webp","width":450,"height":450},{"@type":"BreadcrumbList","@id":"https:\/\/www.mascoteriagonzalito.cl\/index.php\/producto\/acana-kitten-first-feast-1-8-kg\/#breadcrumb","itemListElement":[{"@type":"ListItem","position":1,"name":"Portada","item":"https:\/\/www.mascoteriagonzalito.cl\/"},{"@type":"ListItem","position":2,"name":"Tienda","item":"https:\/\/www.mascoteriagonzalito.cl\/index.php\/tienda\/"},{"@type":"ListItem","position":3,"name":"ACANA KITTEN FIRST FEAST 1.8 KG"}]},{"@type":"WebSite","@id":"https:\/\/www.mascoteriagonzalito.cl\/#website","url":"https:\/\/www.mascoteriagonzalito.cl\/","name":"Mascoter\u00eda Gonzalito","description":"Alimentos y accesorios para mascotas","publisher":{"@id":"https:\/\/www.mascoteriagonzalito.cl\/#organization"},"potentialAction":[{"@type":"SearchAction","target":{"@type":"EntryPoint","urlTemplate":"https:\/\/www.mascoteriagonzalito.cl\/?s={search_term_string}"},"query-input":{"@type":"PropertyValueSpecification","valueRequired":true,"valueName":"search_term_string"}}],"inLanguage":"es"},{"@type":"Organization","@id":"https:\/\/www.mascoteriagonzalito.cl\/#organization","name":"Mascoter\u00eda Gonzalito","url":"https:\/\/www.mascoteriagonzalito.cl\/","logo":{"@type":"ImageObject","inLanguage":"es","@id":"https:\/\/www.mascoteriagonzalito.cl\/#\/schema\/logo\/image\/","url":"https:\/\/www.mascoteriagonzalito.cl\/wp-content\/uploads\/2025\/01\/IMG-20250113-WA0002-copia.png","contentUrl":"https:\/\/www.mascoteriagonzalito.cl\/wp-content\/uploads\/2025\/01\/IMG-20250113-WA0002-copia.png","width":1600,"height":1600,"caption":"Mascoter\u00eda Gonzalito"},"image":{"@id":"https:\/\/www.mascoteriagonzalito.cl\/#\/schema\/logo\/image\/"},"sameAs":["https:\/\/www.facebook.com\/mascoteria.gonzalito\/"]}]}},"_links":{"self":[{"href":"https:\/\/www.mascoteriagonzalito.cl\/index.php\/wp-json\/wp\/v2\/product\/4389","targetHints":{"allow":["GET"]}}],"collection":[{"href":"https:\/\/www.mascoteriagonzalito.cl\/index.php\/wp-json\/wp\/v2\/product"}],"about":[{"href":"https:\/\/www.mascoteriagonzalito.cl\/index.php\/wp-json\/wp\/v2\/types\/product"}],"replies":[{"embeddable":true,"href":"https:\/\/www.mascoteriagonzalito.cl\/index.php\/wp-json\/wp\/v2\/comments?post=4389"}],"wp:featuredmedia":[{"embeddable":true,"href":"https:\/\/www.mascoteriagonzalito.cl\/index.php\/wp-json\/wp\/v2\/media\/4396"}],"wp:attachment":[{"href":"https:\/\/www.mascoteriagonzalito.cl\/index.php\/wp-json\/wp\/v2\/media?parent=4389"}],"wp:term":[{"taxonomy":"product_brand","embeddable":true,"href":"https:\/\/www.mascoteriagonzalito.cl\/index.php\/wp-json\/wp\/v2\/product_brand?post=4389"},{"taxonomy":"product_cat","embeddable":true,"href":"https:\/\/www.mascoteriagonzalito.cl\/index.php\/wp-json\/wp\/v2\/product_cat?post=4389"},{"taxonomy":"product_tag","embeddable":true,"href":"https:\/\/www.mascoteriagonzalito.cl\/index.php\/wp-json\/wp\/v2\/product_tag?post=4389"}],"curies":[{"name":"wp","href":"https:\/\/api.w.org\/{rel}","templated":true}]}}