{"id":3590,"date":"2025-04-03T14:13:50","date_gmt":"2025-04-03T14:13:50","guid":{"rendered":"https:\/\/www.mascoteriagonzalito.cl\/?post_type=product&#038;p=3590"},"modified":"2026-04-18T21:51:16","modified_gmt":"2026-04-18T21:51:16","slug":"n-d-feline-adulto-pumpkin-1-5-kg","status":"publish","type":"product","link":"https:\/\/www.mascoteriagonzalito.cl\/index.php\/producto\/n-d-feline-adulto-pumpkin-1-5-kg\/","title":{"rendered":"N&amp;D FELINE ADULTO PATO, CALABAZA Y MELON PUMPKIN 1.5 KG"},"content":{"rendered":"<h3><strong>COMPOSICI\u00d3N<\/strong><\/h3>\n<p>Carne de pato, harina de v\u00edsceras de aves de corral (pato y pollo) (min 10%), calabaza deshidratada (m\u00edn. 2,5%), huevo deshidratado, harina de v\u00edsceras de pollo, harina de crepitaci\u00f3n (prote\u00edna aislada de cerdo), harina de pescado, almid\u00f3n de patata, aceite de pescado, aceite de pollo, pulpa de remolacha, fibra de guisante, alfalfa deshidratada, lignocelulosa, psyllium, levadura de cerveza, zanahoria deshidratada, espinaca deshidratada, mel\u00f3n deshidratado (min. 0,1%), naranja deshidratado, manzana deshidratada, Extracto de t\u00e9 verde, extracto de aloe vera, extracto de c\u00farcuma, beta caroteno, lute\u00edna, fructo-oligosac\u00e1ridos, mannan-oligosac\u00e1ridos, DL-metionina, taurina, sulfato de condroitina, sulfato de glucosamina, extracto de yuca, zeolita, hidrolisado hep\u00e1tico de pollo y\/o cerdo, vitaminas (A, D3, E, K3, B1, B2, B6, B12, C, biotina, niacina, \u00e1cido pantot\u00e9nico, \u00e1cido f\u00f3lico, cloruro de colina), cloruro de potasio, \u00e1cido fosf\u00f3rico, hierro org\u00e1nico, cobre org\u00e1nico, zinc org\u00e1nico, manganeso org\u00e1nico, selenio org\u00e1nico, iolato de calcio, propionato de calcio, antioxidante natural (concentrado de tocoferol).<br \/>\nPosible sustituto: prote\u00edna de pescado hidrolizada<\/p>\n<h3><strong>ENRIQUECIMIENTO M\u00cdNIMO POR KG<\/strong><\/h3>\n<p>Vitamina A 18,700 UI; vitamina D3 1.250UI; vitamina E 510UI; vitamina K3 1.25mg; vitamina B1 8.4mg; vitamina B2 17mg; vitamina B6 6.5mg; vitamina B12 80mcg; vitamina C 255mg; biotina 1,25mg; niacina 127mg; \u00e1cido pantot\u00e9nico 42mg; \u00e1cido f\u00f3lico 1.25mg; colina 2,400mg; 80mg de hierro; cobre 13mg; zinc 145mg; manganeso 48mg; selenio 0.15mg; 1.5mg de yodo.<\/p>\n<h4><strong>NIVELES DE GARANT\u00cdA<\/strong><\/h4>\n<p>Humedad (m\u00e1x.) 90g\/kg (9%); Prote\u00edna bruta (m\u00edn.) 440g\/kg (44%); Extracto et\u00e9reo (m\u00edn.) 200g\/kg (20%); Materia fibrosa (m\u00e1x.) 22g\/kg (2,2%); Materia mineral (m\u00e1x.) 85g\/kg (8,5%); Calcio (m\u00edn.) 8.000mg\/kg (0,8%); Calcio (m\u00e1x.) 15g\/kg (1,5%); F\u00f3sforo (m\u00edn.) 8.000mg\/kg (0,8%); Sodio (m\u00edn.) 2.000mg\/kg; Potasio (m\u00edn.) 5.000mg\/kg; Magnesio (m\u00edn.) 900mg\/kg; Omega 6 (m\u00edn.) 25g\/kg; Omega 3 (m\u00edn.) 3.000mg\/kg; DHA (m\u00edn.) 900mg\/kg; EPA (m\u00edn.) 700mg\/kg; Beta caroteno (m\u00edn.) 1,5 mg\/kg; Lute\u00edna (m\u00edn.) 5mg\/kg; Fructo-Oligosac\u00e1ridos (m\u00edn.) 3,500mg\/kg; Mannan-Oligosac\u00e1ridos (m\u00edn.) 300mg\/kg; DL-metionina (m\u00edn.) 4.000mg\/kg; Taurina (m\u00edn.) 2.000mg\/kg; Sulfato de condroitina (m\u00edn.) 900mg\/kg; Sulfato de glucosamina (m\u00edn.) 1.200mg\/kg.<\/p>\n<h4><strong>VALOR ENERG\u00c9TICO<\/strong><\/h4>\n<p>EM Kcal\/Kg 4380 &#8211; Mj\/Kg 18,32<\/p>\n<h4><strong>PRESENTACI\u00d3N<\/strong><\/h4>\n<p>1,5 kg &#8211; 7,5 kg<\/p>\n","protected":false},"excerpt":{"rendered":"<p><strong>N&amp;D Pumpkin Feline Pato y Mel\u00f3n\u00a0<\/strong>es una alimento completo y balanceado para gatos adultos. Hecho con carne de pato y calabaza (fuente natural de fibra y beta caroteno). Est\u00e1 enriquecido con frutas y verduras, con una adici\u00f3n de esencias bot\u00e1nicas.<\/p>\n","protected":false},"featured_media":4909,"comment_status":"open","ping_status":"closed","template":"","meta":[],"product_brand":[103],"product_cat":[34],"product_tag":[],"class_list":{"0":"post-3590","1":"product","2":"type-product","3":"status-publish","4":"has-post-thumbnail","6":"product_brand-farmina","7":"product_cat-alimentos-perros","9":"first","10":"instock","11":"shipping-taxable","12":"purchasable","13":"product-type-simple"},"yoast_head":"<!-- This site is optimized with the Yoast SEO plugin v27.4 - https:\/\/yoast.com\/product\/yoast-seo-wordpress\/ -->\n<title>N&amp;D FELINE ADULTO PATO, CALABAZA Y MELON PUMPKIN 1.5 KG - Mascoter\u00eda Gonzalito<\/title>\n<meta name=\"robots\" content=\"index, follow, max-snippet:-1, max-image-preview:large, max-video-preview:-1\" \/>\n<link rel=\"canonical\" href=\"https:\/\/www.mascoteriagonzalito.cl\/index.php\/producto\/n-d-feline-adulto-pumpkin-1-5-kg\/\" \/>\n<meta property=\"og:locale\" content=\"es_ES\" \/>\n<meta property=\"og:type\" content=\"article\" \/>\n<meta property=\"og:title\" content=\"N&amp;D FELINE ADULTO PATO, CALABAZA Y MELON PUMPKIN 1.5 KG - Mascoter\u00eda Gonzalito\" \/>\n<meta property=\"og:description\" content=\"N&amp;D Pumpkin Feline Pato y Mel\u00f3n\u00a0es una alimento completo y balanceado para gatos adultos. Hecho con carne de pato y calabaza (fuente natural de fibra y beta caroteno). Est\u00e1 enriquecido con frutas y verduras, con una adici\u00f3n de esencias bot\u00e1nicas.\" \/>\n<meta property=\"og:url\" content=\"https:\/\/www.mascoteriagonzalito.cl\/index.php\/producto\/n-d-feline-adulto-pumpkin-1-5-kg\/\" \/>\n<meta property=\"og:site_name\" content=\"Mascoter\u00eda Gonzalito\" \/>\n<meta property=\"article:publisher\" content=\"https:\/\/www.facebook.com\/mascoteria.gonzalito\/\" \/>\n<meta property=\"article:modified_time\" content=\"2026-04-18T21:51:16+00:00\" \/>\n<meta property=\"og:image\" content=\"https:\/\/www.mascoteriagonzalito.cl\/wp-content\/uploads\/2025\/04\/nd-pumpkin-feline-pato-y-melon.jpg\" \/>\n\t<meta property=\"og:image:width\" content=\"800\" \/>\n\t<meta property=\"og:image:height\" content=\"800\" \/>\n\t<meta property=\"og:image:type\" content=\"image\/jpeg\" \/>\n<meta name=\"twitter:card\" content=\"summary_large_image\" \/>\n<meta name=\"twitter:label1\" content=\"Tiempo de lectura\" \/>\n\t<meta name=\"twitter:data1\" content=\"2 minutos\" \/>\n<script type=\"application\/ld+json\" class=\"yoast-schema-graph\">{\"@context\":\"https:\\\/\\\/schema.org\",\"@graph\":[{\"@type\":\"WebPage\",\"@id\":\"https:\\\/\\\/www.mascoteriagonzalito.cl\\\/index.php\\\/producto\\\/n-d-feline-adulto-pumpkin-1-5-kg\\\/\",\"url\":\"https:\\\/\\\/www.mascoteriagonzalito.cl\\\/index.php\\\/producto\\\/n-d-feline-adulto-pumpkin-1-5-kg\\\/\",\"name\":\"N&amp;D FELINE ADULTO PATO, CALABAZA Y MELON PUMPKIN 1.5 KG - Mascoter\u00eda Gonzalito\",\"isPartOf\":{\"@id\":\"https:\\\/\\\/www.mascoteriagonzalito.cl\\\/#website\"},\"primaryImageOfPage\":{\"@id\":\"https:\\\/\\\/www.mascoteriagonzalito.cl\\\/index.php\\\/producto\\\/n-d-feline-adulto-pumpkin-1-5-kg\\\/#primaryimage\"},\"image\":{\"@id\":\"https:\\\/\\\/www.mascoteriagonzalito.cl\\\/index.php\\\/producto\\\/n-d-feline-adulto-pumpkin-1-5-kg\\\/#primaryimage\"},\"thumbnailUrl\":\"https:\\\/\\\/www.mascoteriagonzalito.cl\\\/wp-content\\\/uploads\\\/2025\\\/04\\\/nd-pumpkin-feline-pato-y-melon.jpg\",\"datePublished\":\"2025-04-03T14:13:50+00:00\",\"dateModified\":\"2026-04-18T21:51:16+00:00\",\"breadcrumb\":{\"@id\":\"https:\\\/\\\/www.mascoteriagonzalito.cl\\\/index.php\\\/producto\\\/n-d-feline-adulto-pumpkin-1-5-kg\\\/#breadcrumb\"},\"inLanguage\":\"es\",\"potentialAction\":[{\"@type\":\"ReadAction\",\"target\":[\"https:\\\/\\\/www.mascoteriagonzalito.cl\\\/index.php\\\/producto\\\/n-d-feline-adulto-pumpkin-1-5-kg\\\/\"]}]},{\"@type\":\"ImageObject\",\"inLanguage\":\"es\",\"@id\":\"https:\\\/\\\/www.mascoteriagonzalito.cl\\\/index.php\\\/producto\\\/n-d-feline-adulto-pumpkin-1-5-kg\\\/#primaryimage\",\"url\":\"https:\\\/\\\/www.mascoteriagonzalito.cl\\\/wp-content\\\/uploads\\\/2025\\\/04\\\/nd-pumpkin-feline-pato-y-melon.jpg\",\"contentUrl\":\"https:\\\/\\\/www.mascoteriagonzalito.cl\\\/wp-content\\\/uploads\\\/2025\\\/04\\\/nd-pumpkin-feline-pato-y-melon.jpg\",\"width\":800,\"height\":800},{\"@type\":\"BreadcrumbList\",\"@id\":\"https:\\\/\\\/www.mascoteriagonzalito.cl\\\/index.php\\\/producto\\\/n-d-feline-adulto-pumpkin-1-5-kg\\\/#breadcrumb\",\"itemListElement\":[{\"@type\":\"ListItem\",\"position\":1,\"name\":\"Portada\",\"item\":\"https:\\\/\\\/www.mascoteriagonzalito.cl\\\/\"},{\"@type\":\"ListItem\",\"position\":2,\"name\":\"Tienda\",\"item\":\"https:\\\/\\\/www.mascoteriagonzalito.cl\\\/index.php\\\/tienda\\\/\"},{\"@type\":\"ListItem\",\"position\":3,\"name\":\"N&amp;D FELINE ADULTO PATO, CALABAZA Y MELON PUMPKIN 1.5 KG\"}]},{\"@type\":\"WebSite\",\"@id\":\"https:\\\/\\\/www.mascoteriagonzalito.cl\\\/#website\",\"url\":\"https:\\\/\\\/www.mascoteriagonzalito.cl\\\/\",\"name\":\"Mascoter\u00eda Gonzalito\",\"description\":\"Alimentos y accesorios para mascotas\",\"publisher\":{\"@id\":\"https:\\\/\\\/www.mascoteriagonzalito.cl\\\/#organization\"},\"potentialAction\":[{\"@type\":\"SearchAction\",\"target\":{\"@type\":\"EntryPoint\",\"urlTemplate\":\"https:\\\/\\\/www.mascoteriagonzalito.cl\\\/?s={search_term_string}\"},\"query-input\":{\"@type\":\"PropertyValueSpecification\",\"valueRequired\":true,\"valueName\":\"search_term_string\"}}],\"inLanguage\":\"es\"},{\"@type\":\"Organization\",\"@id\":\"https:\\\/\\\/www.mascoteriagonzalito.cl\\\/#organization\",\"name\":\"Mascoter\u00eda Gonzalito\",\"url\":\"https:\\\/\\\/www.mascoteriagonzalito.cl\\\/\",\"logo\":{\"@type\":\"ImageObject\",\"inLanguage\":\"es\",\"@id\":\"https:\\\/\\\/www.mascoteriagonzalito.cl\\\/#\\\/schema\\\/logo\\\/image\\\/\",\"url\":\"https:\\\/\\\/www.mascoteriagonzalito.cl\\\/wp-content\\\/uploads\\\/2025\\\/01\\\/IMG-20250113-WA0002-copia.png\",\"contentUrl\":\"https:\\\/\\\/www.mascoteriagonzalito.cl\\\/wp-content\\\/uploads\\\/2025\\\/01\\\/IMG-20250113-WA0002-copia.png\",\"width\":1600,\"height\":1600,\"caption\":\"Mascoter\u00eda Gonzalito\"},\"image\":{\"@id\":\"https:\\\/\\\/www.mascoteriagonzalito.cl\\\/#\\\/schema\\\/logo\\\/image\\\/\"},\"sameAs\":[\"https:\\\/\\\/www.facebook.com\\\/mascoteria.gonzalito\\\/\"]}]}<\/script>\n<!-- \/ Yoast SEO plugin. -->","yoast_head_json":{"title":"N&amp;D FELINE ADULTO PATO, CALABAZA Y MELON PUMPKIN 1.5 KG - Mascoter\u00eda Gonzalito","robots":{"index":"index","follow":"follow","max-snippet":"max-snippet:-1","max-image-preview":"max-image-preview:large","max-video-preview":"max-video-preview:-1"},"canonical":"https:\/\/www.mascoteriagonzalito.cl\/index.php\/producto\/n-d-feline-adulto-pumpkin-1-5-kg\/","og_locale":"es_ES","og_type":"article","og_title":"N&amp;D FELINE ADULTO PATO, CALABAZA Y MELON PUMPKIN 1.5 KG - Mascoter\u00eda Gonzalito","og_description":"N&amp;D Pumpkin Feline Pato y Mel\u00f3n\u00a0es una alimento completo y balanceado para gatos adultos. Hecho con carne de pato y calabaza (fuente natural de fibra y beta caroteno). Est\u00e1 enriquecido con frutas y verduras, con una adici\u00f3n de esencias bot\u00e1nicas.","og_url":"https:\/\/www.mascoteriagonzalito.cl\/index.php\/producto\/n-d-feline-adulto-pumpkin-1-5-kg\/","og_site_name":"Mascoter\u00eda Gonzalito","article_publisher":"https:\/\/www.facebook.com\/mascoteria.gonzalito\/","article_modified_time":"2026-04-18T21:51:16+00:00","og_image":[{"width":800,"height":800,"url":"https:\/\/www.mascoteriagonzalito.cl\/wp-content\/uploads\/2025\/04\/nd-pumpkin-feline-pato-y-melon.jpg","type":"image\/jpeg"}],"twitter_card":"summary_large_image","twitter_misc":{"Tiempo de lectura":"2 minutos"},"schema":{"@context":"https:\/\/schema.org","@graph":[{"@type":"WebPage","@id":"https:\/\/www.mascoteriagonzalito.cl\/index.php\/producto\/n-d-feline-adulto-pumpkin-1-5-kg\/","url":"https:\/\/www.mascoteriagonzalito.cl\/index.php\/producto\/n-d-feline-adulto-pumpkin-1-5-kg\/","name":"N&amp;D FELINE ADULTO PATO, CALABAZA Y MELON PUMPKIN 1.5 KG - Mascoter\u00eda Gonzalito","isPartOf":{"@id":"https:\/\/www.mascoteriagonzalito.cl\/#website"},"primaryImageOfPage":{"@id":"https:\/\/www.mascoteriagonzalito.cl\/index.php\/producto\/n-d-feline-adulto-pumpkin-1-5-kg\/#primaryimage"},"image":{"@id":"https:\/\/www.mascoteriagonzalito.cl\/index.php\/producto\/n-d-feline-adulto-pumpkin-1-5-kg\/#primaryimage"},"thumbnailUrl":"https:\/\/www.mascoteriagonzalito.cl\/wp-content\/uploads\/2025\/04\/nd-pumpkin-feline-pato-y-melon.jpg","datePublished":"2025-04-03T14:13:50+00:00","dateModified":"2026-04-18T21:51:16+00:00","breadcrumb":{"@id":"https:\/\/www.mascoteriagonzalito.cl\/index.php\/producto\/n-d-feline-adulto-pumpkin-1-5-kg\/#breadcrumb"},"inLanguage":"es","potentialAction":[{"@type":"ReadAction","target":["https:\/\/www.mascoteriagonzalito.cl\/index.php\/producto\/n-d-feline-adulto-pumpkin-1-5-kg\/"]}]},{"@type":"ImageObject","inLanguage":"es","@id":"https:\/\/www.mascoteriagonzalito.cl\/index.php\/producto\/n-d-feline-adulto-pumpkin-1-5-kg\/#primaryimage","url":"https:\/\/www.mascoteriagonzalito.cl\/wp-content\/uploads\/2025\/04\/nd-pumpkin-feline-pato-y-melon.jpg","contentUrl":"https:\/\/www.mascoteriagonzalito.cl\/wp-content\/uploads\/2025\/04\/nd-pumpkin-feline-pato-y-melon.jpg","width":800,"height":800},{"@type":"BreadcrumbList","@id":"https:\/\/www.mascoteriagonzalito.cl\/index.php\/producto\/n-d-feline-adulto-pumpkin-1-5-kg\/#breadcrumb","itemListElement":[{"@type":"ListItem","position":1,"name":"Portada","item":"https:\/\/www.mascoteriagonzalito.cl\/"},{"@type":"ListItem","position":2,"name":"Tienda","item":"https:\/\/www.mascoteriagonzalito.cl\/index.php\/tienda\/"},{"@type":"ListItem","position":3,"name":"N&amp;D FELINE ADULTO PATO, CALABAZA Y MELON PUMPKIN 1.5 KG"}]},{"@type":"WebSite","@id":"https:\/\/www.mascoteriagonzalito.cl\/#website","url":"https:\/\/www.mascoteriagonzalito.cl\/","name":"Mascoter\u00eda Gonzalito","description":"Alimentos y accesorios para mascotas","publisher":{"@id":"https:\/\/www.mascoteriagonzalito.cl\/#organization"},"potentialAction":[{"@type":"SearchAction","target":{"@type":"EntryPoint","urlTemplate":"https:\/\/www.mascoteriagonzalito.cl\/?s={search_term_string}"},"query-input":{"@type":"PropertyValueSpecification","valueRequired":true,"valueName":"search_term_string"}}],"inLanguage":"es"},{"@type":"Organization","@id":"https:\/\/www.mascoteriagonzalito.cl\/#organization","name":"Mascoter\u00eda Gonzalito","url":"https:\/\/www.mascoteriagonzalito.cl\/","logo":{"@type":"ImageObject","inLanguage":"es","@id":"https:\/\/www.mascoteriagonzalito.cl\/#\/schema\/logo\/image\/","url":"https:\/\/www.mascoteriagonzalito.cl\/wp-content\/uploads\/2025\/01\/IMG-20250113-WA0002-copia.png","contentUrl":"https:\/\/www.mascoteriagonzalito.cl\/wp-content\/uploads\/2025\/01\/IMG-20250113-WA0002-copia.png","width":1600,"height":1600,"caption":"Mascoter\u00eda Gonzalito"},"image":{"@id":"https:\/\/www.mascoteriagonzalito.cl\/#\/schema\/logo\/image\/"},"sameAs":["https:\/\/www.facebook.com\/mascoteria.gonzalito\/"]}]}},"_links":{"self":[{"href":"https:\/\/www.mascoteriagonzalito.cl\/index.php\/wp-json\/wp\/v2\/product\/3590","targetHints":{"allow":["GET"]}}],"collection":[{"href":"https:\/\/www.mascoteriagonzalito.cl\/index.php\/wp-json\/wp\/v2\/product"}],"about":[{"href":"https:\/\/www.mascoteriagonzalito.cl\/index.php\/wp-json\/wp\/v2\/types\/product"}],"replies":[{"embeddable":true,"href":"https:\/\/www.mascoteriagonzalito.cl\/index.php\/wp-json\/wp\/v2\/comments?post=3590"}],"wp:featuredmedia":[{"embeddable":true,"href":"https:\/\/www.mascoteriagonzalito.cl\/index.php\/wp-json\/wp\/v2\/media\/4909"}],"wp:attachment":[{"href":"https:\/\/www.mascoteriagonzalito.cl\/index.php\/wp-json\/wp\/v2\/media?parent=3590"}],"wp:term":[{"taxonomy":"product_brand","embeddable":true,"href":"https:\/\/www.mascoteriagonzalito.cl\/index.php\/wp-json\/wp\/v2\/product_brand?post=3590"},{"taxonomy":"product_cat","embeddable":true,"href":"https:\/\/www.mascoteriagonzalito.cl\/index.php\/wp-json\/wp\/v2\/product_cat?post=3590"},{"taxonomy":"product_tag","embeddable":true,"href":"https:\/\/www.mascoteriagonzalito.cl\/index.php\/wp-json\/wp\/v2\/product_tag?post=3590"}],"curies":[{"name":"wp","href":"https:\/\/api.w.org\/{rel}","templated":true}]}}