{"id":3459,"date":"2025-03-12T02:00:32","date_gmt":"2025-03-12T02:00:32","guid":{"rendered":"https:\/\/www.mascoteriagonzalito.cl\/?post_type=product&#038;p=3459"},"modified":"2026-04-18T19:46:30","modified_gmt":"2026-04-18T19:46:30","slug":"fit-formula-gato","status":"publish","type":"product","link":"https:\/\/www.mascoteriagonzalito.cl\/index.php\/producto\/fit-formula-gato\/","title":{"rendered":"FIT FORMULA GATO"},"content":{"rendered":"<h1>ALIMENTO COMPLETO<br \/>\nPARA GATOS ADULTOS<\/h1>\n<p><strong>FIT FORMULA\u00ae\u00a0Gato Adulto<\/strong>, es un alimento completo y balanceado desarrollado con ingredientes de alta digestibilidad, satisfaciendo todos los requerimientos nutricionales de su gato desde el a\u00f1o de vida.<\/p>\n<p><strong>Formulado con:<\/strong><\/p>\n<ul>\n<li>Cuatro fuentes proteicas (carne, pollo, salm\u00f3n y huevo), que aseguran la presencia de todos los amino\u00e1cidos esenciales para un mejor desarrollo.<\/li>\n<li>Un aporte balanceado de minerales, que reduce el riesgo de formaci\u00f3n de c\u00e1lculos renales.<\/li>\n<li>\u00c1cidos grasos esenciales, Omega 3 y 6, que ayudan al desarrollo neuronal y al cuidado de su piel y pelaje.<\/li>\n<li>Prebi\u00f3ticos, Manano Oligosac\u00e1ridos (MOS), que mantienen la salud intestinal, reducen la poblaci\u00f3n de bacterias da\u00f1inas y ayudan a fortalecer el sistema inmune.<\/li>\n<li>Extracto de\u00a0<em>Yucca schidigera<\/em>, que mejora la consistencia de las deposiciones, dej\u00e1ndolas m\u00e1s firmes, mejor conformadas y disminuyendo su olor de manera natural.<\/li>\n<\/ul>\n","protected":false},"excerpt":{"rendered":"<div class=\"productEntry\">\n<p>&nbsp;<\/p>\n<\/div>\n<div class=\"productPerks\">\n<ul>\n<li class=\"d-flex align-items-center\"><img decoding=\"async\" class=\"attachment-full \" src=\"https:\/\/fitformula.cl\/wp-content\/uploads\/2022\/08\/gato_ico_01-min.png\" sizes=\"(max-width: 644px) 100vw, 644px\" srcset=\"https:\/\/fitformula.cl\/wp-content\/uploads\/2022\/08\/gato_ico_01-min.png 644w, https:\/\/fitformula.cl\/wp-content\/uploads\/2022\/08\/gato_ico_01-min-298x300.png 298w, https:\/\/fitformula.cl\/wp-content\/uploads\/2022\/08\/gato_ico_01-min-150x150.png 150w\" alt=\"\" width=\"60\" height=\"61\" \/>Regula pH urinario<\/li>\n<li class=\"d-flex align-items-center\"><img decoding=\"async\" class=\"attachment-full \" src=\"https:\/\/fitformula.cl\/wp-content\/uploads\/2022\/08\/gato_ico_02-min.png\" sizes=\"(max-width: 644px) 100vw, 644px\" srcset=\"https:\/\/fitformula.cl\/wp-content\/uploads\/2022\/08\/gato_ico_02-min.png 644w, https:\/\/fitformula.cl\/wp-content\/uploads\/2022\/08\/gato_ico_02-min-298x300.png 298w, https:\/\/fitformula.cl\/wp-content\/uploads\/2022\/08\/gato_ico_02-min-150x150.png 150w\" alt=\"\" width=\"60\" height=\"61\" \/>Coraz\u00f3n fuerte y saludable<\/li>\n<li class=\"d-flex align-items-center\"><img decoding=\"async\" class=\"attachment-full \" src=\"https:\/\/fitformula.cl\/wp-content\/uploads\/2022\/08\/gato_ico_03-min.png\" sizes=\"auto, (max-width: 644px) 100vw, 644px\" srcset=\"https:\/\/fitformula.cl\/wp-content\/uploads\/2022\/08\/gato_ico_03-min.png 644w, https:\/\/fitformula.cl\/wp-content\/uploads\/2022\/08\/gato_ico_03-min-298x300.png 298w, https:\/\/fitformula.cl\/wp-content\/uploads\/2022\/08\/gato_ico_03-min-150x150.png 150w\" alt=\"\" width=\"60\" height=\"61\" \/>Control sarro<\/li>\n<li class=\"d-flex align-items-center\"><img decoding=\"async\" class=\"attachment-full \" src=\"https:\/\/fitformula.cl\/wp-content\/uploads\/2022\/08\/gato_ico_04-min.png\" sizes=\"auto, (max-width: 644px) 100vw, 644px\" srcset=\"https:\/\/fitformula.cl\/wp-content\/uploads\/2022\/08\/gato_ico_04-min.png 644w, https:\/\/fitformula.cl\/wp-content\/uploads\/2022\/08\/gato_ico_04-min-298x300.png 298w, https:\/\/fitformula.cl\/wp-content\/uploads\/2022\/08\/gato_ico_04-min-150x150.png 150w\" alt=\"\" width=\"60\" height=\"61\" \/>Piel sana y pelaje brillante<\/li>\n<li class=\"d-flex align-items-center\"><img decoding=\"async\" class=\"attachment-full \" src=\"https:\/\/fitformula.cl\/wp-content\/uploads\/2022\/08\/gato_ico_05-min.png\" sizes=\"auto, (max-width: 644px) 100vw, 644px\" srcset=\"https:\/\/fitformula.cl\/wp-content\/uploads\/2022\/08\/gato_ico_05-min.png 644w, https:\/\/fitformula.cl\/wp-content\/uploads\/2022\/08\/gato_ico_05-min-298x300.png 298w, https:\/\/fitformula.cl\/wp-content\/uploads\/2022\/08\/gato_ico_05-min-150x150.png 150w\" alt=\"\" width=\"60\" height=\"61\" \/>Disminuye olor de heces<\/li>\n<\/ul>\n<\/div>\n","protected":false},"featured_media":3462,"comment_status":"open","ping_status":"closed","template":"","meta":[],"product_brand":[98],"product_cat":[34],"product_tag":[],"class_list":{"0":"post-3459","1":"product","2":"type-product","3":"status-publish","4":"has-post-thumbnail","6":"product_brand-fit-formula","7":"product_cat-alimentos-perros","9":"first","10":"instock","11":"shipping-taxable","12":"purchasable","13":"product-type-variable"},"yoast_head":"<!-- This site is optimized with the Yoast SEO plugin v27.4 - https:\/\/yoast.com\/product\/yoast-seo-wordpress\/ -->\n<title>FIT FORMULA GATO - Mascoter\u00eda Gonzalito<\/title>\n<meta name=\"robots\" content=\"index, follow, max-snippet:-1, max-image-preview:large, max-video-preview:-1\" \/>\n<link rel=\"canonical\" href=\"https:\/\/www.mascoteriagonzalito.cl\/index.php\/producto\/fit-formula-gato\/\" \/>\n<meta property=\"og:locale\" content=\"es_ES\" \/>\n<meta property=\"og:type\" content=\"article\" \/>\n<meta property=\"og:title\" content=\"FIT FORMULA GATO - Mascoter\u00eda Gonzalito\" \/>\n<meta property=\"og:description\" content=\"&nbsp;      Regula pH urinario  Coraz\u00f3n fuerte y saludable  Control sarro  Piel sana y pelaje brillante  Disminuye olor de heces\" \/>\n<meta property=\"og:url\" content=\"https:\/\/www.mascoteriagonzalito.cl\/index.php\/producto\/fit-formula-gato\/\" \/>\n<meta property=\"og:site_name\" content=\"Mascoter\u00eda Gonzalito\" \/>\n<meta property=\"article:publisher\" content=\"https:\/\/www.facebook.com\/mascoteria.gonzalito\/\" \/>\n<meta property=\"article:modified_time\" content=\"2026-04-18T19:46:30+00:00\" \/>\n<meta property=\"og:image\" content=\"https:\/\/www.mascoteriagonzalito.cl\/wp-content\/uploads\/2025\/03\/FIT-GATO.png\" \/>\n\t<meta property=\"og:image:width\" content=\"518\" \/>\n\t<meta property=\"og:image:height\" content=\"1000\" \/>\n\t<meta property=\"og:image:type\" content=\"image\/png\" \/>\n<meta name=\"twitter:card\" content=\"summary_large_image\" \/>\n<meta name=\"twitter:label1\" content=\"Tiempo de lectura\" \/>\n\t<meta name=\"twitter:data1\" content=\"1 minuto\" \/>\n<script type=\"application\/ld+json\" class=\"yoast-schema-graph\">{\"@context\":\"https:\\\/\\\/schema.org\",\"@graph\":[{\"@type\":\"WebPage\",\"@id\":\"https:\\\/\\\/www.mascoteriagonzalito.cl\\\/index.php\\\/producto\\\/fit-formula-gato\\\/\",\"url\":\"https:\\\/\\\/www.mascoteriagonzalito.cl\\\/index.php\\\/producto\\\/fit-formula-gato\\\/\",\"name\":\"FIT FORMULA GATO - Mascoter\u00eda Gonzalito\",\"isPartOf\":{\"@id\":\"https:\\\/\\\/www.mascoteriagonzalito.cl\\\/#website\"},\"primaryImageOfPage\":{\"@id\":\"https:\\\/\\\/www.mascoteriagonzalito.cl\\\/index.php\\\/producto\\\/fit-formula-gato\\\/#primaryimage\"},\"image\":{\"@id\":\"https:\\\/\\\/www.mascoteriagonzalito.cl\\\/index.php\\\/producto\\\/fit-formula-gato\\\/#primaryimage\"},\"thumbnailUrl\":\"https:\\\/\\\/www.mascoteriagonzalito.cl\\\/wp-content\\\/uploads\\\/2025\\\/03\\\/FIT-GATO.png\",\"datePublished\":\"2025-03-12T02:00:32+00:00\",\"dateModified\":\"2026-04-18T19:46:30+00:00\",\"breadcrumb\":{\"@id\":\"https:\\\/\\\/www.mascoteriagonzalito.cl\\\/index.php\\\/producto\\\/fit-formula-gato\\\/#breadcrumb\"},\"inLanguage\":\"es\",\"potentialAction\":[{\"@type\":\"ReadAction\",\"target\":[\"https:\\\/\\\/www.mascoteriagonzalito.cl\\\/index.php\\\/producto\\\/fit-formula-gato\\\/\"]}]},{\"@type\":\"ImageObject\",\"inLanguage\":\"es\",\"@id\":\"https:\\\/\\\/www.mascoteriagonzalito.cl\\\/index.php\\\/producto\\\/fit-formula-gato\\\/#primaryimage\",\"url\":\"https:\\\/\\\/www.mascoteriagonzalito.cl\\\/wp-content\\\/uploads\\\/2025\\\/03\\\/FIT-GATO.png\",\"contentUrl\":\"https:\\\/\\\/www.mascoteriagonzalito.cl\\\/wp-content\\\/uploads\\\/2025\\\/03\\\/FIT-GATO.png\",\"width\":518,\"height\":1000},{\"@type\":\"BreadcrumbList\",\"@id\":\"https:\\\/\\\/www.mascoteriagonzalito.cl\\\/index.php\\\/producto\\\/fit-formula-gato\\\/#breadcrumb\",\"itemListElement\":[{\"@type\":\"ListItem\",\"position\":1,\"name\":\"Portada\",\"item\":\"https:\\\/\\\/www.mascoteriagonzalito.cl\\\/\"},{\"@type\":\"ListItem\",\"position\":2,\"name\":\"Tienda\",\"item\":\"https:\\\/\\\/www.mascoteriagonzalito.cl\\\/index.php\\\/tienda\\\/\"},{\"@type\":\"ListItem\",\"position\":3,\"name\":\"FIT FORMULA GATO\"}]},{\"@type\":\"WebSite\",\"@id\":\"https:\\\/\\\/www.mascoteriagonzalito.cl\\\/#website\",\"url\":\"https:\\\/\\\/www.mascoteriagonzalito.cl\\\/\",\"name\":\"Mascoter\u00eda Gonzalito\",\"description\":\"Alimentos y accesorios para mascotas\",\"publisher\":{\"@id\":\"https:\\\/\\\/www.mascoteriagonzalito.cl\\\/#organization\"},\"potentialAction\":[{\"@type\":\"SearchAction\",\"target\":{\"@type\":\"EntryPoint\",\"urlTemplate\":\"https:\\\/\\\/www.mascoteriagonzalito.cl\\\/?s={search_term_string}\"},\"query-input\":{\"@type\":\"PropertyValueSpecification\",\"valueRequired\":true,\"valueName\":\"search_term_string\"}}],\"inLanguage\":\"es\"},{\"@type\":\"Organization\",\"@id\":\"https:\\\/\\\/www.mascoteriagonzalito.cl\\\/#organization\",\"name\":\"Mascoter\u00eda Gonzalito\",\"url\":\"https:\\\/\\\/www.mascoteriagonzalito.cl\\\/\",\"logo\":{\"@type\":\"ImageObject\",\"inLanguage\":\"es\",\"@id\":\"https:\\\/\\\/www.mascoteriagonzalito.cl\\\/#\\\/schema\\\/logo\\\/image\\\/\",\"url\":\"https:\\\/\\\/www.mascoteriagonzalito.cl\\\/wp-content\\\/uploads\\\/2025\\\/01\\\/IMG-20250113-WA0002-copia.png\",\"contentUrl\":\"https:\\\/\\\/www.mascoteriagonzalito.cl\\\/wp-content\\\/uploads\\\/2025\\\/01\\\/IMG-20250113-WA0002-copia.png\",\"width\":1600,\"height\":1600,\"caption\":\"Mascoter\u00eda Gonzalito\"},\"image\":{\"@id\":\"https:\\\/\\\/www.mascoteriagonzalito.cl\\\/#\\\/schema\\\/logo\\\/image\\\/\"},\"sameAs\":[\"https:\\\/\\\/www.facebook.com\\\/mascoteria.gonzalito\\\/\"]}]}<\/script>\n<!-- \/ Yoast SEO plugin. -->","yoast_head_json":{"title":"FIT FORMULA GATO - Mascoter\u00eda Gonzalito","robots":{"index":"index","follow":"follow","max-snippet":"max-snippet:-1","max-image-preview":"max-image-preview:large","max-video-preview":"max-video-preview:-1"},"canonical":"https:\/\/www.mascoteriagonzalito.cl\/index.php\/producto\/fit-formula-gato\/","og_locale":"es_ES","og_type":"article","og_title":"FIT FORMULA GATO - Mascoter\u00eda Gonzalito","og_description":"&nbsp;      Regula pH urinario  Coraz\u00f3n fuerte y saludable  Control sarro  Piel sana y pelaje brillante  Disminuye olor de heces","og_url":"https:\/\/www.mascoteriagonzalito.cl\/index.php\/producto\/fit-formula-gato\/","og_site_name":"Mascoter\u00eda Gonzalito","article_publisher":"https:\/\/www.facebook.com\/mascoteria.gonzalito\/","article_modified_time":"2026-04-18T19:46:30+00:00","og_image":[{"width":518,"height":1000,"url":"https:\/\/www.mascoteriagonzalito.cl\/wp-content\/uploads\/2025\/03\/FIT-GATO.png","type":"image\/png"}],"twitter_card":"summary_large_image","twitter_misc":{"Tiempo de lectura":"1 minuto"},"schema":{"@context":"https:\/\/schema.org","@graph":[{"@type":"WebPage","@id":"https:\/\/www.mascoteriagonzalito.cl\/index.php\/producto\/fit-formula-gato\/","url":"https:\/\/www.mascoteriagonzalito.cl\/index.php\/producto\/fit-formula-gato\/","name":"FIT FORMULA GATO - Mascoter\u00eda Gonzalito","isPartOf":{"@id":"https:\/\/www.mascoteriagonzalito.cl\/#website"},"primaryImageOfPage":{"@id":"https:\/\/www.mascoteriagonzalito.cl\/index.php\/producto\/fit-formula-gato\/#primaryimage"},"image":{"@id":"https:\/\/www.mascoteriagonzalito.cl\/index.php\/producto\/fit-formula-gato\/#primaryimage"},"thumbnailUrl":"https:\/\/www.mascoteriagonzalito.cl\/wp-content\/uploads\/2025\/03\/FIT-GATO.png","datePublished":"2025-03-12T02:00:32+00:00","dateModified":"2026-04-18T19:46:30+00:00","breadcrumb":{"@id":"https:\/\/www.mascoteriagonzalito.cl\/index.php\/producto\/fit-formula-gato\/#breadcrumb"},"inLanguage":"es","potentialAction":[{"@type":"ReadAction","target":["https:\/\/www.mascoteriagonzalito.cl\/index.php\/producto\/fit-formula-gato\/"]}]},{"@type":"ImageObject","inLanguage":"es","@id":"https:\/\/www.mascoteriagonzalito.cl\/index.php\/producto\/fit-formula-gato\/#primaryimage","url":"https:\/\/www.mascoteriagonzalito.cl\/wp-content\/uploads\/2025\/03\/FIT-GATO.png","contentUrl":"https:\/\/www.mascoteriagonzalito.cl\/wp-content\/uploads\/2025\/03\/FIT-GATO.png","width":518,"height":1000},{"@type":"BreadcrumbList","@id":"https:\/\/www.mascoteriagonzalito.cl\/index.php\/producto\/fit-formula-gato\/#breadcrumb","itemListElement":[{"@type":"ListItem","position":1,"name":"Portada","item":"https:\/\/www.mascoteriagonzalito.cl\/"},{"@type":"ListItem","position":2,"name":"Tienda","item":"https:\/\/www.mascoteriagonzalito.cl\/index.php\/tienda\/"},{"@type":"ListItem","position":3,"name":"FIT FORMULA GATO"}]},{"@type":"WebSite","@id":"https:\/\/www.mascoteriagonzalito.cl\/#website","url":"https:\/\/www.mascoteriagonzalito.cl\/","name":"Mascoter\u00eda Gonzalito","description":"Alimentos y accesorios para mascotas","publisher":{"@id":"https:\/\/www.mascoteriagonzalito.cl\/#organization"},"potentialAction":[{"@type":"SearchAction","target":{"@type":"EntryPoint","urlTemplate":"https:\/\/www.mascoteriagonzalito.cl\/?s={search_term_string}"},"query-input":{"@type":"PropertyValueSpecification","valueRequired":true,"valueName":"search_term_string"}}],"inLanguage":"es"},{"@type":"Organization","@id":"https:\/\/www.mascoteriagonzalito.cl\/#organization","name":"Mascoter\u00eda Gonzalito","url":"https:\/\/www.mascoteriagonzalito.cl\/","logo":{"@type":"ImageObject","inLanguage":"es","@id":"https:\/\/www.mascoteriagonzalito.cl\/#\/schema\/logo\/image\/","url":"https:\/\/www.mascoteriagonzalito.cl\/wp-content\/uploads\/2025\/01\/IMG-20250113-WA0002-copia.png","contentUrl":"https:\/\/www.mascoteriagonzalito.cl\/wp-content\/uploads\/2025\/01\/IMG-20250113-WA0002-copia.png","width":1600,"height":1600,"caption":"Mascoter\u00eda Gonzalito"},"image":{"@id":"https:\/\/www.mascoteriagonzalito.cl\/#\/schema\/logo\/image\/"},"sameAs":["https:\/\/www.facebook.com\/mascoteria.gonzalito\/"]}]}},"_links":{"self":[{"href":"https:\/\/www.mascoteriagonzalito.cl\/index.php\/wp-json\/wp\/v2\/product\/3459","targetHints":{"allow":["GET"]}}],"collection":[{"href":"https:\/\/www.mascoteriagonzalito.cl\/index.php\/wp-json\/wp\/v2\/product"}],"about":[{"href":"https:\/\/www.mascoteriagonzalito.cl\/index.php\/wp-json\/wp\/v2\/types\/product"}],"replies":[{"embeddable":true,"href":"https:\/\/www.mascoteriagonzalito.cl\/index.php\/wp-json\/wp\/v2\/comments?post=3459"}],"wp:featuredmedia":[{"embeddable":true,"href":"https:\/\/www.mascoteriagonzalito.cl\/index.php\/wp-json\/wp\/v2\/media\/3462"}],"wp:attachment":[{"href":"https:\/\/www.mascoteriagonzalito.cl\/index.php\/wp-json\/wp\/v2\/media?parent=3459"}],"wp:term":[{"taxonomy":"product_brand","embeddable":true,"href":"https:\/\/www.mascoteriagonzalito.cl\/index.php\/wp-json\/wp\/v2\/product_brand?post=3459"},{"taxonomy":"product_cat","embeddable":true,"href":"https:\/\/www.mascoteriagonzalito.cl\/index.php\/wp-json\/wp\/v2\/product_cat?post=3459"},{"taxonomy":"product_tag","embeddable":true,"href":"https:\/\/www.mascoteriagonzalito.cl\/index.php\/wp-json\/wp\/v2\/product_tag?post=3459"}],"curies":[{"name":"wp","href":"https:\/\/api.w.org\/{rel}","templated":true}]}}