{"id":15,"date":"2025-02-03T02:57:25","date_gmt":"2025-02-03T02:57:25","guid":{"rendered":"https:\/\/mascoteriagonzalito.cl\/?page_id=15"},"modified":"2025-02-03T02:57:25","modified_gmt":"2025-02-03T02:57:25","slug":"reembolso_devoluciones","status":"publish","type":"page","link":"https:\/\/www.mascoteriagonzalito.cl\/index.php\/reembolso_devoluciones\/","title":{"rendered":"Pol\u00edtica de devoluciones y reembolsos"},"content":{"rendered":"<p>Si el producto comprado no le satisface este puede ser cambiado o devuelto en los plazos y condiciones que se detallan en el apartado \u00abPOSIBLES CASOS DE DEVOLUCI\u00d3N\u00bb, en la tienda. Los gastos del transporte de retiro del producto son gratuitos salvo en el caso de devoluci\u00f3n por desistimiento.<\/p>\n<p>Para poder hacer cambio o devoluci\u00f3n es necesario que el producto no haya sido utilizado, que se encuentre en su embalaje original y que cuente con todos sus accesorios. Esto aplica tanto para compras efectuadas online como para compras efectuadas en la tienda f\u00edsica.<\/p>\n<p>Para cambio o devoluci\u00f3n deber\u00e1 presentarse la boleta, gu\u00eda de despacho, ticket de cambio u otro comprobante de compra.<\/p>\n<p>Para solicitar la devoluci\u00f3n de un producto deber\u00e1 realizar una solicitud a trav\u00e9s de nuestro Call Center (+56 9 63081548) o en nuestra tienda. Nuestro equipo de Atenci\u00f3n al Cliente analizar\u00e1 la solicitud de devoluci\u00f3n y, una vez aprobada, coordinar\u00e1 la fecha y hora para su retiro.<\/p>\n<p>&nbsp;<\/p>\n<p>POSIBLES CASOS DE DEVOLUCI\u00d3N:<\/p>\n<p>EL PRODUCTO TIENE UN DEFECTO O HA SIDO DA\u00d1ADO DURANTE EL TRANSPORTE. En este caso puede devolver el producto en su presentaci\u00f3n y embalaje original, en perfectas condiciones y con todas sus piezas y accesorios. Cuando el producto se ha da\u00f1ado durante el transporte es imprescindible que lo comunique telef\u00f3nicamente el mismo d\u00eda de su recepci\u00f3n y que anote la incidencia en el albar\u00e1n de entrega del transportista. El plazo para solicitar la devoluci\u00f3n de un producto defectuoso o da\u00f1ado es de 5 d\u00edas h\u00e1biles desde el momento de su recepci\u00f3n en el domicilio indicado. Mascoteria Gonzalito realizar\u00e1 la devoluci\u00f3n del importe del producto en el plazo de 2 a 5 d\u00edas h\u00e1biles desde la recepci\u00f3n del mismo, en la cuenta bancaria que usted nos indique. En caso de que el producto devuelto este incompleto, sucio o da\u00f1ado, Mascoteria Gonzalito\u00a0 se reserva el derecho de devolver solo una parte del importe pagado por el producto.<\/p>\n<p>DESISTIMIENTO O ANULACI\u00d3N. Devoluci\u00f3n del producto porque no se ajusta a sus expectativas o no cubre sus necesidades. La solicitud de esta devoluci\u00f3n deber\u00e1 realizarse en el plazo m\u00e1ximo de 5 d\u00edas h\u00e1biles desde su recepci\u00f3n en el domicilio indicado. Para poder realizar esta devoluci\u00f3n el producto debe estar en perfectas condiciones y conservar el embalaje as\u00ed como todas sus piezas o accesorios. De no ser as\u00ed, Mascoteria Gonzalito se reserva el derecho de devolver solo una parte del importe pagado por el producto. Una vez aceptada la devoluci\u00f3n, Mascoteria Gonzalito\u00a0 realizar\u00e1 la devoluci\u00f3n del importe del producto en el plazo de 2 a 5 d\u00edas h\u00e1biles desde la recepci\u00f3n del mismo, en la cuenta bancaria que usted nos indique.<\/p>\n","protected":false},"excerpt":{"rendered":"<p>Si el producto comprado no le satisface este puede ser  [&#8230;]<\/p>\n","protected":false},"author":1,"featured_media":0,"parent":0,"menu_order":0,"comment_status":"closed","ping_status":"closed","template":"","meta":{"footnotes":""},"class_list":["post-15","page","type-page","status-publish","hentry"],"yoast_head":"<!-- This site is optimized with the Yoast SEO plugin v27.4 - https:\/\/yoast.com\/product\/yoast-seo-wordpress\/ -->\n<title>Pol\u00edtica de devoluciones y reembolsos - Mascoter\u00eda Gonzalito<\/title>\n<meta name=\"robots\" content=\"index, follow, max-snippet:-1, max-image-preview:large, max-video-preview:-1\" \/>\n<link rel=\"canonical\" href=\"https:\/\/www.mascoteriagonzalito.cl\/index.php\/reembolso_devoluciones\/\" \/>\n<meta property=\"og:locale\" content=\"es_ES\" \/>\n<meta property=\"og:type\" content=\"article\" \/>\n<meta property=\"og:title\" content=\"Pol\u00edtica de devoluciones y reembolsos - Mascoter\u00eda Gonzalito\" \/>\n<meta property=\"og:description\" content=\"Si el producto comprado no le satisface este puede ser [...]\" \/>\n<meta property=\"og:url\" content=\"https:\/\/www.mascoteriagonzalito.cl\/index.php\/reembolso_devoluciones\/\" \/>\n<meta property=\"og:site_name\" content=\"Mascoter\u00eda Gonzalito\" \/>\n<meta property=\"article:publisher\" content=\"https:\/\/www.facebook.com\/mascoteria.gonzalito\/\" \/>\n<meta name=\"twitter:card\" content=\"summary_large_image\" \/>\n<meta name=\"twitter:label1\" content=\"Tiempo de lectura\" \/>\n\t<meta name=\"twitter:data1\" content=\"2 minutos\" \/>\n<script type=\"application\/ld+json\" class=\"yoast-schema-graph\">{\"@context\":\"https:\\\/\\\/schema.org\",\"@graph\":[{\"@type\":\"WebPage\",\"@id\":\"https:\\\/\\\/www.mascoteriagonzalito.cl\\\/index.php\\\/reembolso_devoluciones\\\/\",\"url\":\"https:\\\/\\\/www.mascoteriagonzalito.cl\\\/index.php\\\/reembolso_devoluciones\\\/\",\"name\":\"Pol\u00edtica de devoluciones y reembolsos - Mascoter\u00eda Gonzalito\",\"isPartOf\":{\"@id\":\"https:\\\/\\\/www.mascoteriagonzalito.cl\\\/#website\"},\"datePublished\":\"2025-02-03T02:57:25+00:00\",\"breadcrumb\":{\"@id\":\"https:\\\/\\\/www.mascoteriagonzalito.cl\\\/index.php\\\/reembolso_devoluciones\\\/#breadcrumb\"},\"inLanguage\":\"es\",\"potentialAction\":[{\"@type\":\"ReadAction\",\"target\":[\"https:\\\/\\\/www.mascoteriagonzalito.cl\\\/index.php\\\/reembolso_devoluciones\\\/\"]}]},{\"@type\":\"BreadcrumbList\",\"@id\":\"https:\\\/\\\/www.mascoteriagonzalito.cl\\\/index.php\\\/reembolso_devoluciones\\\/#breadcrumb\",\"itemListElement\":[{\"@type\":\"ListItem\",\"position\":1,\"name\":\"Portada\",\"item\":\"https:\\\/\\\/www.mascoteriagonzalito.cl\\\/\"},{\"@type\":\"ListItem\",\"position\":2,\"name\":\"Pol\u00edtica de devoluciones y reembolsos\"}]},{\"@type\":\"WebSite\",\"@id\":\"https:\\\/\\\/www.mascoteriagonzalito.cl\\\/#website\",\"url\":\"https:\\\/\\\/www.mascoteriagonzalito.cl\\\/\",\"name\":\"Mascoter\u00eda Gonzalito\",\"description\":\"Alimentos y accesorios para mascotas\",\"publisher\":{\"@id\":\"https:\\\/\\\/www.mascoteriagonzalito.cl\\\/#organization\"},\"potentialAction\":[{\"@type\":\"SearchAction\",\"target\":{\"@type\":\"EntryPoint\",\"urlTemplate\":\"https:\\\/\\\/www.mascoteriagonzalito.cl\\\/?s={search_term_string}\"},\"query-input\":{\"@type\":\"PropertyValueSpecification\",\"valueRequired\":true,\"valueName\":\"search_term_string\"}}],\"inLanguage\":\"es\"},{\"@type\":\"Organization\",\"@id\":\"https:\\\/\\\/www.mascoteriagonzalito.cl\\\/#organization\",\"name\":\"Mascoter\u00eda Gonzalito\",\"url\":\"https:\\\/\\\/www.mascoteriagonzalito.cl\\\/\",\"logo\":{\"@type\":\"ImageObject\",\"inLanguage\":\"es\",\"@id\":\"https:\\\/\\\/www.mascoteriagonzalito.cl\\\/#\\\/schema\\\/logo\\\/image\\\/\",\"url\":\"https:\\\/\\\/www.mascoteriagonzalito.cl\\\/wp-content\\\/uploads\\\/2025\\\/01\\\/IMG-20250113-WA0002-copia.png\",\"contentUrl\":\"https:\\\/\\\/www.mascoteriagonzalito.cl\\\/wp-content\\\/uploads\\\/2025\\\/01\\\/IMG-20250113-WA0002-copia.png\",\"width\":1600,\"height\":1600,\"caption\":\"Mascoter\u00eda Gonzalito\"},\"image\":{\"@id\":\"https:\\\/\\\/www.mascoteriagonzalito.cl\\\/#\\\/schema\\\/logo\\\/image\\\/\"},\"sameAs\":[\"https:\\\/\\\/www.facebook.com\\\/mascoteria.gonzalito\\\/\"]}]}<\/script>\n<!-- \/ Yoast SEO plugin. -->","yoast_head_json":{"title":"Pol\u00edtica de devoluciones y reembolsos - Mascoter\u00eda Gonzalito","robots":{"index":"index","follow":"follow","max-snippet":"max-snippet:-1","max-image-preview":"max-image-preview:large","max-video-preview":"max-video-preview:-1"},"canonical":"https:\/\/www.mascoteriagonzalito.cl\/index.php\/reembolso_devoluciones\/","og_locale":"es_ES","og_type":"article","og_title":"Pol\u00edtica de devoluciones y reembolsos - Mascoter\u00eda Gonzalito","og_description":"Si el producto comprado no le satisface este puede ser [...]","og_url":"https:\/\/www.mascoteriagonzalito.cl\/index.php\/reembolso_devoluciones\/","og_site_name":"Mascoter\u00eda Gonzalito","article_publisher":"https:\/\/www.facebook.com\/mascoteria.gonzalito\/","twitter_card":"summary_large_image","twitter_misc":{"Tiempo de lectura":"2 minutos"},"schema":{"@context":"https:\/\/schema.org","@graph":[{"@type":"WebPage","@id":"https:\/\/www.mascoteriagonzalito.cl\/index.php\/reembolso_devoluciones\/","url":"https:\/\/www.mascoteriagonzalito.cl\/index.php\/reembolso_devoluciones\/","name":"Pol\u00edtica de devoluciones y reembolsos - Mascoter\u00eda Gonzalito","isPartOf":{"@id":"https:\/\/www.mascoteriagonzalito.cl\/#website"},"datePublished":"2025-02-03T02:57:25+00:00","breadcrumb":{"@id":"https:\/\/www.mascoteriagonzalito.cl\/index.php\/reembolso_devoluciones\/#breadcrumb"},"inLanguage":"es","potentialAction":[{"@type":"ReadAction","target":["https:\/\/www.mascoteriagonzalito.cl\/index.php\/reembolso_devoluciones\/"]}]},{"@type":"BreadcrumbList","@id":"https:\/\/www.mascoteriagonzalito.cl\/index.php\/reembolso_devoluciones\/#breadcrumb","itemListElement":[{"@type":"ListItem","position":1,"name":"Portada","item":"https:\/\/www.mascoteriagonzalito.cl\/"},{"@type":"ListItem","position":2,"name":"Pol\u00edtica de devoluciones y reembolsos"}]},{"@type":"WebSite","@id":"https:\/\/www.mascoteriagonzalito.cl\/#website","url":"https:\/\/www.mascoteriagonzalito.cl\/","name":"Mascoter\u00eda Gonzalito","description":"Alimentos y accesorios para mascotas","publisher":{"@id":"https:\/\/www.mascoteriagonzalito.cl\/#organization"},"potentialAction":[{"@type":"SearchAction","target":{"@type":"EntryPoint","urlTemplate":"https:\/\/www.mascoteriagonzalito.cl\/?s={search_term_string}"},"query-input":{"@type":"PropertyValueSpecification","valueRequired":true,"valueName":"search_term_string"}}],"inLanguage":"es"},{"@type":"Organization","@id":"https:\/\/www.mascoteriagonzalito.cl\/#organization","name":"Mascoter\u00eda Gonzalito","url":"https:\/\/www.mascoteriagonzalito.cl\/","logo":{"@type":"ImageObject","inLanguage":"es","@id":"https:\/\/www.mascoteriagonzalito.cl\/#\/schema\/logo\/image\/","url":"https:\/\/www.mascoteriagonzalito.cl\/wp-content\/uploads\/2025\/01\/IMG-20250113-WA0002-copia.png","contentUrl":"https:\/\/www.mascoteriagonzalito.cl\/wp-content\/uploads\/2025\/01\/IMG-20250113-WA0002-copia.png","width":1600,"height":1600,"caption":"Mascoter\u00eda Gonzalito"},"image":{"@id":"https:\/\/www.mascoteriagonzalito.cl\/#\/schema\/logo\/image\/"},"sameAs":["https:\/\/www.facebook.com\/mascoteria.gonzalito\/"]}]}},"_links":{"self":[{"href":"https:\/\/www.mascoteriagonzalito.cl\/index.php\/wp-json\/wp\/v2\/pages\/15","targetHints":{"allow":["GET"]}}],"collection":[{"href":"https:\/\/www.mascoteriagonzalito.cl\/index.php\/wp-json\/wp\/v2\/pages"}],"about":[{"href":"https:\/\/www.mascoteriagonzalito.cl\/index.php\/wp-json\/wp\/v2\/types\/page"}],"author":[{"embeddable":true,"href":"https:\/\/www.mascoteriagonzalito.cl\/index.php\/wp-json\/wp\/v2\/users\/1"}],"replies":[{"embeddable":true,"href":"https:\/\/www.mascoteriagonzalito.cl\/index.php\/wp-json\/wp\/v2\/comments?post=15"}],"version-history":[{"count":1,"href":"https:\/\/www.mascoteriagonzalito.cl\/index.php\/wp-json\/wp\/v2\/pages\/15\/revisions"}],"predecessor-version":[{"id":2656,"href":"https:\/\/www.mascoteriagonzalito.cl\/index.php\/wp-json\/wp\/v2\/pages\/15\/revisions\/2656"}],"wp:attachment":[{"href":"https:\/\/www.mascoteriagonzalito.cl\/index.php\/wp-json\/wp\/v2\/media?parent=15"}],"curies":[{"name":"wp","href":"https:\/\/api.w.org\/{rel}","templated":true}]}}